000
CXUS56 KEKA 241630
CF6EKA
PRELIMINARY LOCAL CLIMATOLOGICAL DATA (WS FORM: F-6)

                                          STATION:   EUREKA CA
                                          MONTH:     APRIL
                                          YEAR:      2018
                                          LATITUDE:   40 47 N
                                          LONGITUDE: 124 10 W

  TEMPERATURE IN F:       :PCPN:    SNOW:  WIND      :SUNSHINE: SKY     :PK WND
================================================================================
1   2   3   4   5  6A  6B    7    8   9   10  11  12  13   14  15   16   17  18
                                     12Z  AVG MX 2MIN
DY MAX MIN AVG DEP HDD CDD  WTR  SNW DPTH SPD SPD DIR MIN PSBL S-S WX    SPD DR
================================================================================

 1  56  44  50   0  15   0 0.00  0.0    0  4.4  9  10   M    M   5        13  M
 2  55  41  48  -2  17   0 0.05    M    0  8.9 17 360   M    M   1        30 340
 3  56  37  47  -3  18   0 0.00  0.0    0  3.5  9 350   M    M   6        12  M
 4  58  47  53   3  12   0 0.00  0.0    0  2.3  9 270   M    M  10        12  M
 5  56  46  51   1  14   0 0.52  0.0    0  5.7 12 180   M    M  10 1      20  M
 6  66  54  60  10   5   0 1.31  0.0    0  5.6 12 180   M    M  10 1      21 180
 7  61  51  56   6   9   0 0.17  0.0    0 10.5 17 200   M    M   6 8      31 210
 8  58  45  52   2  13   0 0.06    M    0  5.2 14 270   M    M   6        14 270
 9  64  40  52   2  13   0 0.00  0.0    0  3.6 10 260   M    M   4        10  M
10  62  45  54   4  11   0 0.17    M    0  7.2 15 170   M    M   8 1      14  M
11  58  44  51   0  14   0 0.92    M    0  6.6 15 290   M    M  10        36 180
12  55  41  48  -3  17   0 0.04    M    0  4.0 12 260   M    M   5        14  M
13  58  44  51   0  14   0 0.00  0.0    0  2.9 12 320   M    M   8 18     12  M
14  62  43  53   2  12   0 0.00  0.0    0  2.5  8 280   M    M   5 2      12  M
15  55  42  49  -2  16   0 0.43    M    0  6.5 14 280   M    M  10        25 150
16  53  41  47  -4  18   0 0.11  0.0    0  4.3 10 300   M    M   6        16  M
17  55  37  46  -5  19   0 0.00  0.0    0  3.5 10 290   M    M   4        13  M
18  55  42  49  -2  16   0 0.00  0.0    0  4.8 12 350   M    M   4        12  M
19  58  42  50  -1  15   0 0.00  0.0    0  4.8 12 330   M    M   1 1      18 320
20  58  42  50  -1  15   0 0.00  0.0    0  5.5 12 340   M    M   4        14  M
21  58  41  50  -1  15   0 0.00  0.0    0  6.9 17 360   M    M   0 8      23 360
22  59  46  53   2  12   0 0.00  0.0    0  5.9 17 360   M    M   4        23 340
23  68  44  56   5   9   0 0.00  0.0    0  3.8 10 270   M    M   1 8      14 270
================================================================================
SM 1344  999       319   0  3.78     0.0 118.9          M      128
================================================================================
AV 58.4 43.4                               5.2 FASTST   M    M   6    MAX(MPH)
                                 MISC ---->  # 17 360               # 36  180
================================================================================
NOTES:
# LAST OF SEVERAL OCCURRENCES

COLUMN 17 PEAK WIND IN M.P.H.

PRELIMINARY LOCAL CLIMATOLOGICAL DATA (WS FORM: F-6) , PAGE 2

                                          STATION:  EUREKA CA
                                          MONTH:    APRIL
                                          YEAR:     2018
                                          LATITUDE:   40 47 N
                                          LONGITUDE: 124 10 W

[TEMPERATURE DATA]      [PRECIPITATION DATA]       SYMBOLS USED IN COLUMN 16

AVERAGE MONTHLY: 50.9   TOTAL FOR MONTH:   3.78    1 = FOG OR MIST
DPTR FM NORMAL:   0.4   DPTR FM NORMAL:    1.07    2 = FOG REDUCING VISIBILITY
HIGHEST:    68 ON 23    GRTST 24HR  1.31 ON  6- 6      TO 1/4 MILE OR LESS
LOWEST:     37 ON 17, 3                            3 = THUNDER
                        SNOW, ICE PELLETS, HAIL    4 = ICE PELLETS
                        TOTAL MONTH:   0.0 INCH    5 = HAIL
                        GRTST 24HR     0.0         6 = FREEZING RAIN OR DRIZZLE
                        GRTST DEPTH:   0           7 = DUSTSTORM OR SANDSTORM:
                                                       VSBY 1/2 MILE OR LESS
                                                   8 = SMOKE OR HAZE
[NO. OF DAYS WITH]      [WEATHER - DAYS WITH]      9 = BLOWING SNOW
                                                   X = TORNADO
MAX 32 OR BELOW:   0    0.01 INCH OR MORE:  10
MAX 90 OR ABOVE:   0    0.10 INCH OR MORE:   7
MIN 32 OR BELOW:   0    0.50 INCH OR MORE:   3
MIN  0 OR BELOW:   0    1.00 INCH OR MORE:   1

[HDD (BASE 65) ]
TOTAL THIS MO.   319    CLEAR  (SCALE 0-3)   4
DPTR FM NORMAL   -14    PTCLDY (SCALE 4-7)  14
TOTAL FM JUL 1  3630    CLOUDY (SCALE 8-10)  5
DPTR FM NORMAL  -101

[CDD (BASE 65) ]
TOTAL THIS MO.     0
DPTR FM NORMAL     0    [PRESSURE DATA]
TOTAL FM JAN 1     0    HIGHEST SLP M ON M
DPTR FM NORMAL     0    LOWEST  SLP M ON M

[REMARKS]
