000
CXUS56 KFGZ 250900
CF6FLG
PRELIMINARY LOCAL CLIMATOLOGICAL DATA (WS FORM: F-6)

                                          STATION:   FLAGSTAFF AZ AIRPORT
                                          MONTH:     APRIL
                                          YEAR:      2018
                                          LATITUDE:   35  7 N
                                          LONGITUDE: 111 40 W

  TEMPERATURE IN F:       :PCPN:    SNOW:  WIND      :SUNSHINE: SKY     :PK WND
================================================================================
1   2   3   4   5  6A  6B    7    8   9   10  11  12  13   14  15   16   17  18
                                     12Z  AVG MX 2MIN
DY MAX MIN AVG DEP HDD CDD  WTR  SNW DPTH SPD SPD DIR MIN PSBL S-S WX    SPD DR
================================================================================

 1  64  36  50  10  15   0 0.00  0.0    0  7.4 22 210   M    M   1 8      29 220
 2  63  28  46   6  19   0 0.00  0.0    0 10.9 28 210   M    M   0        43 220
 3  63  27  45   5  20   0 0.00  0.0    0  4.0 17 230   M    M   3 8      22 240
 4  64  27  46   6  19   0 0.00  0.0    0  6.6 25 220   M    M   0        32 220
 5  67  28  48   7  17   0 0.00  0.0    0  5.5 24 210   M    M   1        31 190
 6  68  39  54  13  11   0 0.00  0.0    0 11.1 29 210   M    M   3        39 220
 7  71  38  55  14  10   0 0.00  0.0    0 12.0 32 230   M    M   2        41 230
 8  68  44  56  15   9   0 0.00  0.0    0 11.5 26 220   M    M   1        37 210
 9  64  25  45   3  20   0 0.00  0.0    0  7.1 22  80   M    M   0        29  70
10  71  26  49   7  16   0 0.00  0.0    0  4.2 20 210   M    M   0 8      24 210
11  72  33  53  11  12   0 0.00  0.0    0 13.8 33 210   M    M   0        43 210
12  59  33  46   4  19   0 0.00  0.0    0 19.3 43 220   M    M   1        56 220
13  47  25  36  -7  29   0 0.00  0.0    0  9.4 22 360   M    M   0        32 360
14  59  27  43   0  22   0 0.00  0.0    0  9.0 30  40   M    M   0        40  40
15  64  22  43   0  22   0 0.00  0.0    0  8.1 24 220   M    M   0        31 200
16  60  36  48   5  17   0 0.00  0.0    0 20.5 38 210   M    M   3        50 210
17  54  32  43  -1  22   0 0.00  0.0    0 13.6 38 210   M    M   0 8      54 220
18  61  29  45   1  20   0 0.00  0.0    0  8.2 21 220   M    M   0 8      25 210
19  54  21  38  -6  27   0 0.00  0.0    0 16.1 45 210   M    M   2        57 200
20  43  26  35  -9  30   0 0.06    M    0  8.3 22 230   M    M   5 1      29 230
21  66  22  44  -1  21   0 0.00  0.0    0  4.5 15  70   M    M   0        21  70
22  69  27  48   3  17   0 0.00  0.0    0  4.0 16 220   M    M   0        26 200
23  71  33  52   7  13   0 0.00  0.0    0  7.0 21 220   M    M   0        33 200
24  73  39  56  10   9   0 0.00  0.0    0  6.9 22 220   M    M   0        29 220
================================================================================
SM 1515  723       436   0  0.06     0.0 229.0          M       22
================================================================================
AV 63.1 30.1                               9.5 FASTST   M    M   1    MAX(MPH)
                                 MISC ---->  # 45 210               # 57  200
================================================================================
NOTES:
# LAST OF SEVERAL OCCURRENCES

COLUMN 17 PEAK WIND IN M.P.H.

PRELIMINARY LOCAL CLIMATOLOGICAL DATA (WS FORM: F-6) , PAGE 2

                                          STATION:  FLAGSTAFF AZ AIRPORT
                                          MONTH:    APRIL
                                          YEAR:     2018
                                          LATITUDE:   35  7 N
                                          LONGITUDE: 111 40 W

[TEMPERATURE DATA]      [PRECIPITATION DATA]       SYMBOLS USED IN COLUMN 16

AVERAGE MONTHLY: 46.6   TOTAL FOR MONTH:   0.06    1 = FOG OR MIST
DPTR FM NORMAL:   4.1   DPTR FM NORMAL:   -0.92    2 = FOG REDUCING VISIBILITY
HIGHEST:    73 ON 24    GRTST 24HR  0.06 ON 20-20      TO 1/4 MILE OR LESS
LOWEST:     21 ON 19                               3 = THUNDER
                        SNOW, ICE PELLETS, HAIL    4 = ICE PELLETS
                        TOTAL MONTH:   0.0 INCH    5 = HAIL
                        GRTST 24HR     0.0         6 = FREEZING RAIN OR DRIZZLE
                        GRTST DEPTH:   0           7 = DUSTSTORM OR SANDSTORM:
                                                       VSBY 1/2 MILE OR LESS
                                                   8 = SMOKE OR HAZE
[NO. OF DAYS WITH]      [WEATHER - DAYS WITH]      9 = BLOWING SNOW
                                                   X = TORNADO
MAX 32 OR BELOW:   0    0.01 INCH OR MORE:   1
MAX 90 OR ABOVE:   0    0.10 INCH OR MORE:   0
MIN 32 OR BELOW:  15    0.50 INCH OR MORE:   0
MIN  0 OR BELOW:   0    1.00 INCH OR MORE:   0

[HDD (BASE 65) ]
TOTAL THIS MO.   436    CLEAR  (SCALE 0-3)  23
DPTR FM NORMAL  -103    PTCLDY (SCALE 4-7)   1
TOTAL FM JUL 1  5412    CLOUDY (SCALE 8-10)  0
DPTR FM NORMAL  -834

[CDD (BASE 65) ]
TOTAL THIS MO.     0
DPTR FM NORMAL     0    [PRESSURE DATA]
TOTAL FM JAN 1     0    HIGHEST SLP M ON M
DPTR FM NORMAL     0    LOWEST  SLP 29.52 ON 12

[REMARKS]
