000
CXUS53 KOAX 191000
CF6FNB
PRELIMINARY LOCAL CLIMATOLOGICAL DATA (WS FORM: F-6)

                                          STATION:   FALLS CITY  NE
                                          MONTH:     APRIL
                                          YEAR:      2018
                                          LATITUDE:   40  4 N
                                          LONGITUDE:  95 35 W

  TEMPERATURE IN F:       :PCPN:    SNOW:  WIND      :SUNSHINE: SKY     :PK WND
================================================================================
1   2   3   4   5  6A  6B    7    8   9   10  11  12  13   14  15   16   17  18
                                     12Z  AVG MX 2MIN
DY MAX MIN AVG DEP HDD CDD  WTR  SNW DPTH SPD SPD DIR MIN PSBL S-S WX    SPD DR
================================================================================

 1  30  12  21 -27  44   0 0.17    M    M  6.9 21  30   M    M   7 12     27  50
 2  32  11  22 -26  43   0 0.00    M    M  8.4 17 140   M    M  10 12     23 160
 3  40  21  31 -18  34   0 0.01    M    M 17.0 32 320   M    M   8 16     47 310
 4  46  16  31 -18  34   0 0.00    M    M  9.3 21 320   M    M   0        28 320
 5  64  29  47  -2  18   0 0.00    M    M  8.0 15  10   M    M   0        21  10
 6  44  22  33 -17  32   0 0.00    M    M 14.4 25 360   M    M   7        35 350
 7  42  15  29 -21  36   0 0.00    M    M  5.3 14 360   M    M   0        20  10
 8  36  27  32 -18  33   0    T    M    M 13.8 28 150   M    M   8 1      37 150
 9  41  29  35 -16  30   0 0.00    M    M  6.1 15 360   M    M  10        20 350
10  65  23  44  -7  21   0    T    M    M  8.7 21 200   M    M   5 18     29 170
11  79  40  60   8   5   0 0.00    M    M 11.8 25 210   M    M   0 8      34 200
12  81  49  65  13   0   0 0.00    M    M 11.0 23 160   M    M   0        32 160
13  85  46  66  14   0   1    T    M    M 14.9 30 200   M    M   6 3      41 190
14  46  27  37 -16  28   0 0.16    M    M 12.7 30 320   M    M  10 1      43 310
15  32  25  29 -24  36   0    T    M    M 18.1 26 330   M    M  10 1      38 330
16  50  25  38 -15  27   0 0.00    M    M  7.7 18 350   M    M   2        27 320
17  62  29  46  -8  19   0 0.00    M    M 13.5 23  90   M    M   0 8      29 100
18  49  36  43 -11  22   0 0.00    M    M 15.6 28 310   M    M   9        41 320
================================================================================
SM  924  482       462   1  0.34    M    203.2          M       92
================================================================================
AV 51.3 26.8                              11.3 FASTST   M    M   5    MAX(MPH)
                                 MISC ---->  # 32 320               # 47  310
================================================================================
NOTES:
# LAST OF SEVERAL OCCURRENCES

COLUMN 17 PEAK WIND IN M.P.H.

PRELIMINARY LOCAL CLIMATOLOGICAL DATA (WS FORM: F-6) , PAGE 2

                                          STATION:  FALLS CITY  NE
                                          MONTH:    APRIL
                                          YEAR:     2018
                                          LATITUDE:   40  4 N
                                          LONGITUDE:  95 35 W

[TEMPERATURE DATA]      [PRECIPITATION DATA]       SYMBOLS USED IN COLUMN 16

AVERAGE MONTHLY: 39.1   TOTAL FOR MONTH:   0.34    1 = FOG OR MIST
DPTR FM NORMAL: -11.9   DPTR FM NORMAL:   -1.45    2 = FOG REDUCING VISIBILITY
HIGHEST:    85 ON 13    GRTST 24HR  0.17 ON  1- 1      TO 1/4 MILE OR LESS
LOWEST:     11 ON  2                               3 = THUNDER
                        SNOW, ICE PELLETS, HAIL    4 = ICE PELLETS
                        TOTAL MONTH:    M          5 = HAIL
                        GRTST 24HR    M  ON   M    6 = FREEZING RAIN OR DRIZZLE
                        GRTST DEPTH:  M  ON   M    7 = DUSTSTORM OR SANDSTORM:
                                                       VSBY 1/2 MILE OR LESS
                                                   8 = SMOKE OR HAZE
[NO. OF DAYS WITH]      [WEATHER - DAYS WITH]      9 = BLOWING SNOW
                                                   X = TORNADO
MAX 32 OR BELOW:   3    0.01 INCH OR MORE:   3
MAX 90 OR ABOVE:   0    0.10 INCH OR MORE:   2
MIN 32 OR BELOW:  14    0.50 INCH OR MORE:   0
MIN  0 OR BELOW:   0    1.00 INCH OR MORE:   0

[HDD (BASE 65) ]
TOTAL THIS MO.   462    CLEAR  (SCALE 0-3)   7
DPTR FM NORMAL   201    PTCLDY (SCALE 4-7)   6
TOTAL FM JUL 1  5425    CLOUDY (SCALE 8-10)  5
DPTR FM NORMAL    31

[CDD (BASE 65) ]
TOTAL THIS MO.     1
DPTR FM NORMAL    -7    [PRESSURE DATA]
TOTAL FM JAN 1     1    HIGHEST SLP M ON M
DPTR FM NORMAL    -9    LOWEST  SLP 29.23 ON 13

[REMARKS]
