000
CXUS53 KDDC 161100
CF6GCK
PRELIMINARY LOCAL CLIMATOLOGICAL DATA (WS FORM: F-6)
STATION: GARDEN CITY REGIONAL ARPT KS
MONTH: APRIL
YEAR: 2024
LATITUDE: 37 55 N
LONGITUDE: 100 43 W
TEMPERATURE IN F: :PCPN: SNOW: WIND :SUNSHINE: SKY :PK WND
================================================================================
1 2 3 4 5 6A 6B 7 8 9 10 11 12 13 14 15 16 17 18
12Z AVG MX 2MIN
DY MAX MIN AVG DEP HDD CDD WTR SNW DPTH SPD SPD DIR MIN PSBL S-S WX SPD DR
================================================================================
1 62 39 51 2 14 0 0.00 M M 17.6 31 10 M M 7 1 42 360
2 63 37 50 1 15 0 0.00 M M 19.8 35 360 M M 5 45 360
3 67 30 49 -1 16 0 0.00 M M 9.6 20 350 M M 2 27 360
4 75 35 55 5 10 0 0.00 M M 11.5 20 120 M M 0 26 120
5 86 41 64 14 1 0 0.00 M M 19.6 31 190 M M 0 44 180
6 69 36 53 3 12 0 0.00 M M 21.3 47 220 M M 1 8 63 230
7 68 30 49 -1 16 0 0.00 M M 11.9 22 270 M M 0 31 270
8 64 29 47 -4 18 0 0.00 M M 7.4 16 20 M M 0 20 20
9 62 31 47 -4 18 0 0.00 M M 6.4 15 30 M M 0 18 40
10 70 32 51 0 14 0 0.00 M M 14.8 31 360 M M 2 39 330
11 64 32 48 -3 17 0 0.00 M M 8.9 18 320 M M 2 26 360
12 79 39 59 7 6 0 0.00 M M 9.9 18 190 M M 0 29 160
13 90 45 68 16 0 3 0.00 M M 10.7 25 230 M M 0 34 230
14 91 47 69 17 0 4 0.00 M M 8.5 18 140 M M 0 23 140
15 90 48 69 17 0 4 T M M 16.9 36 180 M M 1 13 48 180
================================================================================
SM 1100 551 157 11 T M 194.8 M 20
================================================================================
AV 73.3 36.7 13.0 FASTST M M 1 MAX(MPH)
MISC ----> 47 220 63 230
================================================================================
NOTES:
# LAST OF SEVERAL OCCURRENCES
COLUMN 17 PEAK WIND IN M.P.H.
PRELIMINARY LOCAL CLIMATOLOGICAL DATA (WS FORM: F-6) , PAGE 2
STATION: GARDEN CITY REGIONAL ARPT KS
MONTH: APRIL
YEAR: 2024
LATITUDE: 37 55 N
LONGITUDE: 100 43 W
[TEMPERATURE DATA] [PRECIPITATION DATA] SYMBOLS USED IN COLUMN 16
AVERAGE MONTHLY: 55.0 TOTAL FOR MONTH: T 1 = FOG OR MIST
DPTR FM NORMAL: 4.4 DPTR FM NORMAL: -0.64 2 = FOG REDUCING VISIBILITY
HIGHEST: 91 ON 14 GRTST 24HR T ON 15-15 TO 1/4 MILE OR LESS
LOWEST: 29 ON 8 3 = THUNDER
SNOW, ICE PELLETS, HAIL 4 = ICE PELLETS
TOTAL MONTH: M 5 = HAIL
GRTST 24HR M ON M 6 = FREEZING RAIN OR DRIZZLE
GRTST DEPTH: M ON M 7 = DUSTSTORM OR SANDSTORM:
VSBY 1/2 MILE OR LESS
8 = SMOKE OR HAZE
[NO. OF DAYS WITH] [WEATHER - DAYS WITH] 9 = BLOWING SNOW
X = TORNADO
MAX 32 OR BELOW: 0 0.01 INCH OR MORE: 0
MAX 90 OR ABOVE: 3 0.10 INCH OR MORE: 0
MIN 32 OR BELOW: 6 0.50 INCH OR MORE: 0
MIN 0 OR BELOW: 0 1.00 INCH OR MORE: 0
[HDD (BASE 65) ]
TOTAL THIS MO. 157 CLEAR (SCALE 0-3) 13
DPTR FM NORMAL -60 PTCLDY (SCALE 4-7) 2
TOTAL FM JUL 1 4468 CLOUDY (SCALE 8-10) 0
DPTR FM NORMAL -395
[CDD (BASE 65) ]
TOTAL THIS MO. 11
DPTR FM NORMAL 11 [PRESSURE DATA]
TOTAL FM JAN 1 11 HIGHEST SLP M ON M
DPTR FM NORMAL 10 LOWEST SLP 29.33 ON 6
[REMARKS]