000
CXUS53 KIND 220730
CF6GEZ
PRELIMINARY LOCAL CLIMATOLOGICAL DATA (WS FORM: F-6)

                                          STATION:   SHELBYVILLE IN
                                          MONTH:     APRIL
                                          YEAR:      2018
                                          LATITUDE:   39 35 N
                                          LONGITUDE:  85 48 W

  TEMPERATURE IN F:       :PCPN:    SNOW:  WIND      :SUNSHINE: SKY     :PK WND
================================================================================
1   2   3   4   5  6A  6B    7    8   9   10  11  12  13   14  15   16   17  18
                                     12Z  AVG MX 2MIN
DY MAX MIN AVG DEP HDD CDD  WTR  SNW DPTH SPD SPD DIR MIN PSBL S-S WX    SPD DR
================================================================================

 1  50  32  41  -7  24   0    T    M    M  9.4 20 340   M    M   8 1      23 360
 2  44  28  36 -12  29   0 0.18    M    M  9.4 16 130   M    M   9 1      24  90
 3  67  43  55   6  10   0 2.56    M    M 15.7 36 240   M    M   9 13     44 240
 4  44  30  37 -12  28   0    T    M    M 18.4 33 270   M    M   9        43 270
 5  50  28  39 -10  26   0    T    M    M  5.5 15 160   M    M   3        18 170
 6  55  29  42  -8  23   0 0.02    M    M 12.8 25 330   M    M   5 1      30 330
 7  42  28  35 -15  30   0 0.00    M    M  8.0 16 360   M    M   3        21  20
 8  42  24  33 -17  32   0    T    M    M  4.9 13 140   M    M   3 1      17  90
 9  41  32  37 -14  28   0 0.06    M    M  4.8 10 100   M    M  10 1      13 100
10  44  30  37 -14  28   0 0.00    M    M  4.7 15 260   M    M   8 1      18 330
11  65  31  48  -3  17   0 0.00    M    M 12.5 24 220   M    M   2        32 200
12  80  51  66  14   0   1 0.00    M    M 16.3 30 210   M    M   0        40 210
13  82  59  71  19   0   6 0.00    M    M 16.2 32 190   M    M   2        39 190
14  71  61  66  14   0   1 0.21    M    M 13.3 29 120   M    M   6 1      35 110
15  61  38  50  -3  15   0 0.82    M    M 13.2 24 270   M    M  10 1      33 270
16  39  32  36 -17  29   0 0.02    M    M 16.0 26 290   M    M   8 1      33 290
17  47  33  40 -13  25   0 0.00    M    M 10.6 21 280   M    M   6        26 270
18  68  35  52  -2  13   0    T    M    M 13.1 30 290   M    M   5        40 290
19  56  36  46  -8  19   0    T    M    M 13.8 24 290   M    M   5        31 290
20  62  30  46  -8  19   0 0.00    M    M  6.6 13  50   M    M   0        18  60
21  63  38  51  -4  14   0 0.00    M    M  9.3 16 120   M    M   0        19 120
================================================================================
SM 1173  748       409   8  3.87    M    234.5          M      111
================================================================================
AV 55.9 35.6                              11.2 FASTST   M    M   5    MAX(MPH)
                                 MISC ---->  # 36 240               # 44  240
================================================================================
NOTES:
# LAST OF SEVERAL OCCURRENCES

COLUMN 17 PEAK WIND IN M.P.H.

PRELIMINARY LOCAL CLIMATOLOGICAL DATA (WS FORM: F-6) , PAGE 2

                                          STATION:  SHELBYVILLE IN
                                          MONTH:    APRIL
                                          YEAR:     2018
                                          LATITUDE:   39 35 N
                                          LONGITUDE:  85 48 W

[TEMPERATURE DATA]      [PRECIPITATION DATA]       SYMBOLS USED IN COLUMN 16

AVERAGE MONTHLY: 45.7   TOTAL FOR MONTH:   3.87    1 = FOG OR MIST
DPTR FM NORMAL:  -5.6   DPTR FM NORMAL:    1.12    2 = FOG REDUCING VISIBILITY
HIGHEST:    82 ON 13    GRTST 24HR  2.56 ON  3- 3      TO 1/4 MILE OR LESS
LOWEST:     24 ON  8                               3 = THUNDER
                        SNOW, ICE PELLETS, HAIL    4 = ICE PELLETS
                        TOTAL MONTH:    M          5 = HAIL
                        GRTST 24HR    M  ON   M    6 = FREEZING RAIN OR DRIZZLE
                        GRTST DEPTH:  M  ON   M    7 = DUSTSTORM OR SANDSTORM:
                                                       VSBY 1/2 MILE OR LESS
                                                   8 = SMOKE OR HAZE
[NO. OF DAYS WITH]      [WEATHER - DAYS WITH]      9 = BLOWING SNOW
                                                   X = TORNADO
MAX 32 OR BELOW:   0    0.01 INCH OR MORE:   7
MAX 90 OR ABOVE:   0    0.10 INCH OR MORE:   4
MIN 32 OR BELOW:  12    0.50 INCH OR MORE:   2
MIN  0 OR BELOW:   0    1.00 INCH OR MORE:   1

[HDD (BASE 65) ]
TOTAL THIS MO.   409    CLEAR  (SCALE 0-3)   7
DPTR FM NORMAL   115    PTCLDY (SCALE 4-7)   7
TOTAL FM JUL 1  5102    CLOUDY (SCALE 8-10)  7
DPTR FM NORMAL   -75

[CDD (BASE 65) ]
TOTAL THIS MO.     8
DPTR FM NORMAL     8    [PRESSURE DATA]
TOTAL FM JAN 1    13    HIGHEST SLP M ON M
DPTR FM NORMAL    12    LOWEST  SLP 29.45 ON  3

[REMARKS]
