000
CXUS54 KMAF 201100
CF6GNC
PRELIMINARY LOCAL CLIMATOLOGICAL DATA (WS FORM: F-6)

                                          STATION:   Gaines County Airport
                                          MONTH:     APRIL
                                          YEAR:      2018
                                          LATITUDE:   32 40 N
                                          LONGITUDE: 102 39 W

  TEMPERATURE IN F:       :PCPN:    SNOW:  WIND      :SUNSHINE: SKY     :PK WND
================================================================================
1   2   3   4   5  6A  6B    7    8   9   10  11  12  13   14  15   16   17  18
                                     12Z  AVG MX 2MIN
DY MAX MIN AVG DEP HDD CDD  WTR  SNW DPTH SPD SPD DIR MIN PSBL S-S WX    SPD DR
================================================================================

 1  67  44  56   M   9   0 0.00  0.0    0 10.5 17  90   M    M   0        22  90
 2  85  38  62   M   3   0 0.00  0.0    0  8.6 21 250   M    M   2        25 250
 3  80  45  63   M   2   0 0.00  0.0    0 15.9 27  30   M    M   1 8      37  30
 4  67  35  51   M  14   0 0.00  0.0    0  8.7 16 160   M    M   0        23 180
 5  86  46  66   M   0   1 0.00  0.0    0  7.9 16 290   M    M   0        23 290
 6  83  37  60   M   5   0 0.00  0.0    0  7.2 23  50   M    M   0        33  60
 7  52  32  42   M  23   0 0.00  0.0    0  9.3 17  40   M    M   5        28  40
 8  92  33  63   M   2   0 0.00  0.0    0  9.6 22 260   M    M   0        28 260
 9  72  42  57   M   8   0 0.00  0.0    0 10.1 18  60   M    M   0        22  60
10  75  42  59   M   6   0 0.00  0.0    0  6.9 15 170   M    M   0        21 190
11  92  48  70   M   0   5 0.00  0.0    0 11.7 16 180   M    M   0        25 240
12  93  56  75   M   0  10 0.00  0.0    0 14.0 28 250   M    M   0        39 240
13  72  46  59   M   6   0 0.00  0.0    0 19.9 31 260   M    M   0 8      46 260
14  65  37  51   M  14   0 0.00  0.0    0  5.8 12 350   M    M   1        22 290
15  72  37  55   M  10   0 0.00  0.0    0  3.9  8 120   M    M   0         M  M
16  90  41  66   M   0   1 0.00  0.0    0  8.9 15 210   M    M   0        23 200
17  91  54  73   M   0   8 0.00  0.0    0 14.1 25 240   M    M   0        38 240
18  72  48  60   M   5   0 0.00  0.0    0 10.5 22  50   M    M   0        29  50
19  74  42  58   M   7   0 0.00  0.0    0 12.9 22 130   M    M   4        28 120
================================================================================
SM 1480  803       114  25  0.00     0.0 196.4          M       13
================================================================================
AV 77.9 42.3                              10.3 FASTST   M    M   1    MAX(MPH)
                                 MISC ---->  # 31 260               # 46  260
================================================================================
NOTES:
# LAST OF SEVERAL OCCURRENCES

COLUMN 17 PEAK WIND IN M.P.H.

PRELIMINARY LOCAL CLIMATOLOGICAL DATA (WS FORM: F-6) , PAGE 2

                                          STATION:  Gaines County Airport
                                          MONTH:    APRIL
                                          YEAR:     2018
                                          LATITUDE:   32 40 N
                                          LONGITUDE: 102 39 W

[TEMPERATURE DATA]      [PRECIPITATION DATA]       SYMBOLS USED IN COLUMN 16

AVERAGE MONTHLY: 60.1   TOTAL FOR MONTH:   0.00    1 = FOG OR MIST
DPTR FM NORMAL:     M   DPTR FM NORMAL:       M    2 = FOG REDUCING VISIBILITY
HIGHEST:    93 ON 12    GRTST 24HR  0.00 ON 19-19      TO 1/4 MILE OR LESS
LOWEST:     32 ON  7                               3 = THUNDER
                        SNOW, ICE PELLETS, HAIL    4 = ICE PELLETS
                        TOTAL MONTH:   0.0 INCH    5 = HAIL
                        GRTST 24HR     0.0         6 = FREEZING RAIN OR DRIZZLE
                        GRTST DEPTH:   0           7 = DUSTSTORM OR SANDSTORM:
                                                       VSBY 1/2 MILE OR LESS
                                                   8 = SMOKE OR HAZE
[NO. OF DAYS WITH]      [WEATHER - DAYS WITH]      9 = BLOWING SNOW
                                                   X = TORNADO
MAX 32 OR BELOW:   0    0.01 INCH OR MORE:   0
MAX 90 OR ABOVE:   5    0.10 INCH OR MORE:   0
MIN 32 OR BELOW:   1    0.50 INCH OR MORE:   0
MIN  0 OR BELOW:   0    1.00 INCH OR MORE:   0

[HDD (BASE 65) ]
TOTAL THIS MO.   114    CLEAR  (SCALE 0-3)  17
DPTR FM NORMAL     M    PTCLDY (SCALE 4-7)   2
TOTAL FM JUL 1  2659    CLOUDY (SCALE 8-10)  0
DPTR FM NORMAL     M

[CDD (BASE 65) ]
TOTAL THIS MO.    25
DPTR FM NORMAL     M    [PRESSURE DATA]
TOTAL FM JAN 1    44    HIGHEST SLP M ON M
DPTR FM NORMAL     M    LOWEST  SLP M ON M

[REMARKS]
