000
CXUS54 KHGX 251415
CF6HOU
PRELIMINARY LOCAL CLIMATOLOGICAL DATA (WS FORM: F-6)

                                          STATION:   HOUSTON/HOBBY AIRPORT
                                          MONTH:     APRIL
                                          YEAR:      2018
                                          LATITUDE:   29 38 N
                                          LONGITUDE:  95 17 W

  TEMPERATURE IN F:       :PCPN:    SNOW:  WIND      :SUNSHINE: SKY     :PK WND
================================================================================
1   2   3   4   5  6A  6B    7    8   9   10  11  12  13   14  15   16   17  18
                                     12Z  AVG MX 2MIN
DY MAX MIN AVG DEP HDD CDD  WTR  SNW DPTH SPD SPD DIR MIN PSBL S-S WX    SPD DR
================================================================================

 1  80  60  70   3   0   5 0.00  0.0    0  7.7 17 150   M    M   7        23 160
 2  82  68  75   8   0  10 0.00  0.0    0  9.8 21 160   M    M   7        26 160
 3  83  64  74   7   0   9    T  0.0    0 12.7 46 340   M    M   8 13     60 320
 4  73  55  64  -3   1   0 0.85  0.0    0 15.0 29  20   M    M   4 3      38  30
 5  73  57  65  -3   0   0    T  0.0    0  9.7 18 110   M    M   7        24 120
 6  79  70  75   7   0  10    T  0.0    0 11.0 20 200   M    M   9        28 190
 7  73  47  60  -8   5   0 0.03  0.0    0 13.2 24 350   M    M  10 13     32 350
 8  59  46  53 -15  12   0 0.00  0.0    0  6.9 18  10   M    M  10 1      22 360
 9  63  55  59  -9   6   0 0.02  0.0    0  9.2 15  20   M    M  10 1      19  10
10  78  53  66  -2   0   1 0.00  0.0    0 10.1 22  30   M    M   4 8      26  30
11  78  50  64  -5   1   0 0.00  0.0    0  6.0 16 160   M    M   4        20 140
12  81  59  70   1   0   5 0.00  0.0    0 10.8 23 150   M    M   5        31 130
13  82  70  76   7   0  11 0.01  0.0    0 15.6 26 190   M    M   9 1      37 190
14  76  51  64  -5   1   0 0.26  0.0    0 13.3 29 310   M    M   6 13     38 320
15  69  46  58 -12   7   0 0.00  0.0    0 10.5 23 320   M    M   0        29 330
16  77  45  61  -9   4   0 0.00  0.0    0  6.4 17 150   M    M   0        24 140
17  81  58  70   0   0   5 0.00  0.0    0 11.9 24 200   M    M   1        31 210
18  83  67  75   5   0  10 0.00  0.0    0  7.8 16 350   M    M   8        21 220
19  79  60  70  -1   0   5 0.00  0.0    0 13.1 24  40   M    M   5        31  40
20  66  54  60 -11   5   0 0.00  0.0    0 10.5 17  70   M    M   9 8      25  80
21  75  63  69  -2   0   4 1.54  0.0    0 11.3 18 160   M    M  10 13     25 170
22  73  59  66  -5   0   1    T  0.0    0 11.3 21 310   M    M   5 1      24 350
23  80  53  67  -5   0   2 0.00  0.0    0  8.2 21 320   M    M   1        26 320
24  86  57  72   0   0   7 0.00  0.0    0  4.5 13 160   M    M   4 8      16 300
================================================================================
SM 1829 1367        42  85  2.71     0.0 246.5          M      143
================================================================================
AV 76.2 57.0                              10.3 FASTST   M    M   6    MAX(MPH)
                                 MISC ---->  # 46 340               # 60  320
================================================================================
NOTES:
# LAST OF SEVERAL OCCURRENCES

COLUMN 17 PEAK WIND IN M.P.H.

PRELIMINARY LOCAL CLIMATOLOGICAL DATA (WS FORM: F-6) , PAGE 2

                                          STATION:  HOUSTON/HOBBY AIRPORT
                                          MONTH:    APRIL
                                          YEAR:     2018
                                          LATITUDE:   29 38 N
                                          LONGITUDE:  95 17 W

[TEMPERATURE DATA]      [PRECIPITATION DATA]       SYMBOLS USED IN COLUMN 16

AVERAGE MONTHLY: 66.6   TOTAL FOR MONTH:   2.71    1 = FOG OR MIST
DPTR FM NORMAL:  -2.6   DPTR FM NORMAL:    0.20    2 = FOG REDUCING VISIBILITY
HIGHEST:    86 ON 24    GRTST 24HR  1.54 ON 21-21      TO 1/4 MILE OR LESS
LOWEST:     45 ON 16                               3 = THUNDER
                        SNOW, ICE PELLETS, HAIL    4 = ICE PELLETS
                        TOTAL MONTH:   0.0 INCH    5 = HAIL
                        GRTST 24HR     0.0         6 = FREEZING RAIN OR DRIZZLE
                        GRTST DEPTH:   0           7 = DUSTSTORM OR SANDSTORM:
                                                       VSBY 1/2 MILE OR LESS
                                                   8 = SMOKE OR HAZE
[NO. OF DAYS WITH]      [WEATHER - DAYS WITH]      9 = BLOWING SNOW
                                                   X = TORNADO
MAX 32 OR BELOW:   0    0.01 INCH OR MORE:   6
MAX 90 OR ABOVE:   0    0.10 INCH OR MORE:   3
MIN 32 OR BELOW:   0    0.50 INCH OR MORE:   2
MIN  0 OR BELOW:   0    1.00 INCH OR MORE:   1

[HDD (BASE 65) ]
TOTAL THIS MO.    42    CLEAR  (SCALE 0-3)   4
DPTR FM NORMAL    15    PTCLDY (SCALE 4-7)  13
TOTAL FM JUL 1  1134    CLOUDY (SCALE 8-10)  7
DPTR FM NORMAL   -84

[CDD (BASE 65) ]
TOTAL THIS MO.    85
DPTR FM NORMAL   -42    [PRESSURE DATA]
TOTAL FM JAN 1   314    HIGHEST SLP M ON M
DPTR FM NORMAL    80    LOWEST  SLP 29.65 ON 13

[REMARKS]
