000
CXUS55 KCTP 260700
CF6IPT
PRELIMINARY LOCAL CLIMATOLOGICAL DATA (WS FORM: F-6)

                                          STATION:   WILLIAMSPORT PA
                                          MONTH:     APRIL
                                          YEAR:      2018
                                          LATITUDE:   41 15 N
                                          LONGITUDE:  76 55 W

  TEMPERATURE IN F:       :PCPN:    SNOW:  WIND      :SUNSHINE: SKY     :PK WND
================================================================================
1   2   3   4   5  6A  6B    7    8   9   10  11  12  13   14  15   16   17  18
                                     12Z  AVG MX 2MIN
DY MAX MIN AVG DEP HDD CDD  WTR  SNW DPTH SPD SPD DIR MIN PSBL S-S WX    SPD DR
================================================================================

 1  54  37  46   2  19   0 0.01  0.0    0  7.9 20 270   M    M   5        26 250
 2  46  32  39  -6  26   0 0.44  4.6    5  3.1 14 180   M    M   6 1      19 190
 3  43  34  39  -6  26   0 0.38  0.0    0 11.1 17  70   M    M   9 1      32  90
 4  53  33  43  -3  22   0 0.13    T    0 17.0 38 250   M    M   9 15     51 250
 5  43  28  36 -10  29   0 0.00  0.0    0 10.3 23 250   M    M   6        31 300
 6  58  26  42  -4  23   0 0.05  0.6    1  8.5 31 240   M    M   8 128    40 250
 7  43  29  36 -11  29   0    T    T    0 10.4 18 330   M    M   3        26 290
 8  42  22  32 -15  33   0 0.00  0.0    0  8.1 18 330   M    M   5        25 320
 9  44  25  35 -13  30   0    T    T    0  3.3 13 140   M    M   5 18     17 150
10  47  28  38 -10  27   0    T    T    0  5.8 14 360   M    M   9 18     21 350
11  51  25  38 -10  27   0    T    T    0  3.3 16 240   M    M   8 8      20 210
12  71  38  55   6  10   0 0.03  0.0    0  4.3 21 150   M    M   7        32 150
13  85  45  65  16   0   0 0.00  0.0    0  5.3 20 240   M    M   2        25 270
14  81  45  63  13   2   0 0.00  0.0    0  4.9 17 350   M    M   0        21 340
15  49  40  45  -5  20   0    T  0.0    0 13.1 24 110   M    M  10 18     30  90
16  49  38  44  -6  21   0 2.08  0.0    0 12.9 23 110   M    M  10 1      32 100
17  42  33  38 -13  27   0 0.06    T    0 11.6 23 250   M    M  10 1      28 240
18  50  34  42  -9  23   0 0.01  0.0    0  8.4 17 290   M    M   8        24 280
19  45  33  39 -12  26   0 0.09    T    0 10.1 25 300   M    M  10 1      32 280
20  52  31  42 -10  23   0    T    T    0 10.3 21 350   M    M   4        27 330
21  62  28  45  -7  20   0 0.00  0.0    0  3.7 13 340   M    M   0        18  10
22  67  30  49  -3  16   0 0.00  0.0    0  3.5 13  20   M    M   0        17 220
23  70  32  51  -2  14   0 0.00  0.0    0  4.9 17 150   M    M   0 8      25 130
24  66  44  55   2  10   0 0.11  0.0    0  6.0 20 140   M    M   5        33 170
25  62  50  56   3   9   0 0.15  0.0    0  3.8 17 270   M    M  10 1      22 270
================================================================================
SM 1375  840       512   0  3.54     5.2 191.6          M      149
================================================================================
AV 55.0 33.6                               7.7 FASTST   M    M   6    MAX(MPH)
                                 MISC ---->  # 38 250               # 51  250
================================================================================
NOTES:
# LAST OF SEVERAL OCCURRENCES

COLUMN 17 PEAK WIND IN M.P.H.

PRELIMINARY LOCAL CLIMATOLOGICAL DATA (WS FORM: F-6) , PAGE 2

                                          STATION:  WILLIAMSPORT PA
                                          MONTH:    APRIL
                                          YEAR:     2018
                                          LATITUDE:   41 15 N
                                          LONGITUDE:  76 55 W

[TEMPERATURE DATA]      [PRECIPITATION DATA]       SYMBOLS USED IN COLUMN 16

AVERAGE MONTHLY: 44.3   TOTAL FOR MONTH:   3.54    1 = FOG OR MIST
DPTR FM NORMAL:  -4.7   DPTR FM NORMAL:    0.84    2 = FOG REDUCING VISIBILITY
HIGHEST:    85 ON 13    GRTST 24HR  2.08 ON 16-16      TO 1/4 MILE OR LESS
LOWEST:     22 ON  8                               3 = THUNDER
                        SNOW, ICE PELLETS, HAIL    4 = ICE PELLETS
                        TOTAL MONTH:   5.2 INCHES  5 = HAIL
                        GRTST 24HR   4.6 ON  2- 2  6 = FREEZING RAIN OR DRIZZLE
                        GRTST DEPTH:   5 ON  2     7 = DUSTSTORM OR SANDSTORM:
                                                       VSBY 1/2 MILE OR LESS
                                                   8 = SMOKE OR HAZE
[NO. OF DAYS WITH]      [WEATHER - DAYS WITH]      9 = BLOWING SNOW
                                                   X = TORNADO
MAX 32 OR BELOW:   0    0.01 INCH OR MORE:  12
MAX 90 OR ABOVE:   0    0.10 INCH OR MORE:   6
MIN 32 OR BELOW:  12    0.50 INCH OR MORE:   1
MIN  0 OR BELOW:   0    1.00 INCH OR MORE:   1

[HDD (BASE 65) ]
TOTAL THIS MO.   512    CLEAR  (SCALE 0-3)   5
DPTR FM NORMAL   109    PTCLDY (SCALE 4-7)  11
TOTAL FM JUL 1  5423    CLOUDY (SCALE 8-10)  9
DPTR FM NORMAL  -276

[CDD (BASE 65) ]
TOTAL THIS MO.     0
DPTR FM NORMAL     0    [PRESSURE DATA]
TOTAL FM JAN 1     0    HIGHEST SLP M ON M
DPTR FM NORMAL     0    LOWEST  SLP 29.41 ON  4

[REMARKS]
