000
CXUS52 KILM 231000
CF6LBT
PRELIMINARY LOCAL CLIMATOLOGICAL DATA (WS FORM: F-6)

                                          STATION:   LUMBERTON NORTH CAROLINA
                                          MONTH:     MAY
                                          YEAR:      2018
                                          LATITUDE:   34 35 N
                                          LONGITUDE:  79  4 W

  TEMPERATURE IN F:       :PCPN:    SNOW:  WIND      :SUNSHINE: SKY     :PK WND
================================================================================
1   2   3   4   5  6A  6B    7    8   9   10  11  12  13   14  15   16   17  18
                                     12Z  AVG MX 2MIN
DY MAX MIN AVG DEP HDD CDD  WTR  SNW DPTH SPD SPD DIR MIN PSBL S-S WX    SPD DR
================================================================================

 1  81  45  63  -3   2   0 0.00    M    M  6.4 16 240   M    M   0        22 250
 2  84  48  66   0   0   1 0.00    M    M  6.0 14 210   M    M   0        18 180
 3  84  51  68   2   0   3 0.00    M    M  5.8 14 230   M    M   0        20 250
 4  86  57  72   6   0   7 0.00    M    M  8.0 17 240   M    M   0        21 240
 5  82  55  69   2   0   4 0.00    M    M  6.2 13 150   M    M   1 1      21 150
 6  86  68  77  10   0  12 0.01    M    M  5.4 16 160   M    M   6        23 160
 7  80  59  70   3   0   5 0.00    M    M  9.5 20  30   M    M   4        24  20
 8  79  55  67  -1   0   2 0.00    M    M  7.0 14  30   M    M   1 1      21  30
 9  84  55  70   2   0   5 0.00    M    M  6.1  9 350   M    M   2        21 350
10  89  59  74   6   0   9 0.03    M    M  7.6 21 310   M    M   2 123    27 320
11  93  59  76   8   0  11 0.00    M    M  3.8 10 160   M    M   1 1      16 290
12  96  61  79  10   0  14 0.00    M    M  5.3 13 240   M    M   0        19 200
13  96  65  81  12   0  16 0.00    M    M  6.6 16 150   M    M   0        22 150
14  93  67  80  11   0  15 0.00    M    M  6.5 15 160   M    M   0        20 160
15  86  68  77   7   0  12    T    M    M  4.4 13 150   M    M   2        19 150
16  85  69  77   7   0  12 0.01    M    M  5.9 16 160   M    M   5        21 150
17  81  68  75   5   0  10 0.36    M    M  6.0 20 150   M    M   6 13     26 140
18  81  71  76   6   0  11 0.03    M    M  6.8 15 150   M    M   6        19 170
19  76  69  73   2   0   8 0.20    M    M  6.2 15 170   M    M   7 1      20 160
20  86  69  78   7   0  13 0.11    M    M  4.5 22 250   M    M   6 13     30 250
21  88  70  79   8   0  14 0.00    M    M  5.7 13 230   M    M   2 1      15 230
22  89  69  79   7   0  14 0.00    M    M  6.6 17 200   M    M   3 1      27 190
================================================================================
SM 1885 1357         2 198  0.75    M    136.3          M       54
================================================================================
AV 85.7 61.7                               6.2 FASTST   M    M   2    MAX(MPH)
                                 MISC ---->  # 22 250               # 30  250
================================================================================
NOTES:
# LAST OF SEVERAL OCCURRENCES

COLUMN 17 PEAK WIND IN M.P.H.

PRELIMINARY LOCAL CLIMATOLOGICAL DATA (WS FORM: F-6) , PAGE 2

                                          STATION:  LUMBERTON NORTH CAROLINA
                                          MONTH:    MAY
                                          YEAR:     2018
                                          LATITUDE:   34 35 N
                                          LONGITUDE:  79  4 W

[TEMPERATURE DATA]      [PRECIPITATION DATA]       SYMBOLS USED IN COLUMN 16

AVERAGE MONTHLY: 73.7   TOTAL FOR MONTH:   0.75    1 = FOG OR MIST
DPTR FM NORMAL:   5.1   DPTR FM NORMAL:   -1.20    2 = FOG REDUCING VISIBILITY
HIGHEST:    96 ON 13,12 GRTST 24HR  0.36 ON 17-17      TO 1/4 MILE OR LESS
LOWEST:     45 ON  1                               3 = THUNDER
                        SNOW, ICE PELLETS, HAIL    4 = ICE PELLETS
                        TOTAL MONTH:    M          5 = HAIL
                        GRTST 24HR    M  ON   M    6 = FREEZING RAIN OR DRIZZLE
                        GRTST DEPTH:  M  ON   M    7 = DUSTSTORM OR SANDSTORM:
                                                       VSBY 1/2 MILE OR LESS
                                                   8 = SMOKE OR HAZE
[NO. OF DAYS WITH]      [WEATHER - DAYS WITH]      9 = BLOWING SNOW
                                                   X = TORNADO
MAX 32 OR BELOW:   0    0.01 INCH OR MORE:   7
MAX 90 OR ABOVE:   4    0.10 INCH OR MORE:   3
MIN 32 OR BELOW:   0    0.50 INCH OR MORE:   0
MIN  0 OR BELOW:   0    1.00 INCH OR MORE:   0

[HDD (BASE 65) ]
TOTAL THIS MO.     2    CLEAR  (SCALE 0-3)  14
DPTR FM NORMAL   -28    PTCLDY (SCALE 4-7)   8
TOTAL FM JUL 1  2745    CLOUDY (SCALE 8-10)  0
DPTR FM NORMAL   -14

[CDD (BASE 65) ]
TOTAL THIS MO.   198
DPTR FM NORMAL    91    [PRESSURE DATA]
TOTAL FM JAN 1   277    HIGHEST SLP  0.00 ON  9
DPTR FM NORMAL   102    LOWEST  SLP 29.83 ON  6

[REMARKS]
