000
CXUS54 KLCH 170835
CF6LFT
PRELIMINARY LOCAL CLIMATOLOGICAL DATA (WS FORM: F-6)
STATION: LAFAYETTE
MONTH: APRIL
YEAR: 2024
LATITUDE: 30 12 N
LONGITUDE: 92 0 W
TEMPERATURE IN F: :PCPN: SNOW: WIND :SUNSHINE: SKY :PK WND
================================================================================
1 2 3 4 5 6A 6B 7 8 9 10 11 12 13 14 15 16 17 18
12Z AVG MX 2MIN
DY MAX MIN AVG DEP HDD CDD WTR SNW DPTH SPD SPD DIR MIN PSBL S-S WX SPD DR
================================================================================
1 80 73 77 11 0 12 0.00 0.0 M 11.2 21 160 M M 10 33 170
2 82 61 72 6 0 7 0.01 0.0 M 8.8 24 320 M M 7 18 38 310
3 75 53 64 -2 1 0 0.00 0.0 M 11.5 21 310 M M 0 29 310
4 78 45 62 -5 3 0 0.00 0.0 M 6.7 17 250 M M 0 27 280
5 83 54 69 2 0 4 0.00 0.0 M 4.5 13 250 M M 0 1 19 260
6 81 60 71 4 0 6 0.00 0.0 M 5.0 14 180 M M 2 12 23 150
7 78 66 72 5 0 7 T 0.0 M 5.8 14 150 M M 7 23 140
8 78 72 75 8 0 10 0.24 0.0 M 4.5 15 160 M M 8 1 25 150
9 79 74 77 9 0 12 T 0.0 M 10.4 22 160 M M 9 38 150
10 81 63 72 4 0 7 1.94 0.0 M 11.0 32 290 M M 5 13 48 290
11 79 62 71 3 0 6 0.00 0.0 M 13.9 30 320 M M 3 44 320
12 80 53 67 -1 0 2 0.00 0.0 M 4.3 14 10 M M 0 21 350
13 82 54 68 0 0 3 0.00 0.0 M 3.6 16 190 M M 0 1 20 180
14 82 57 70 1 0 5 0.00 0.0 M 6.3 18 190 M M 1 1 25 180
15 82 65 74 5 0 9 0.00 0.0 M 5.4 16 180 M M 4 23 150
16 82 70 76 7 0 11 0.00 0.0 M 8.5 18 160 M M 6 30 140
================================================================================
SM 1282 982 4 101 2.19 0.0 121.4 M 62
================================================================================
AV 80.1 61.4 7.6 FASTST M M 4 MAX(MPH)
MISC ----> 32 290 48 290
================================================================================
NOTES:
# LAST OF SEVERAL OCCURRENCES
COLUMN 17 PEAK WIND IN M.P.H.
PRELIMINARY LOCAL CLIMATOLOGICAL DATA (WS FORM: F-6) , PAGE 2
STATION: LAFAYETTE
MONTH: APRIL
YEAR: 2024
LATITUDE: 30 12 N
LONGITUDE: 92 0 W
[TEMPERATURE DATA] [PRECIPITATION DATA] SYMBOLS USED IN COLUMN 16
AVERAGE MONTHLY: 70.8 TOTAL FOR MONTH: 2.19 1 = FOG OR MIST
DPTR FM NORMAL: 3.3 DPTR FM NORMAL: -0.19 2 = FOG REDUCING VISIBILITY
HIGHEST: 83 ON 5 GRTST 24HR 1.94 ON 9-10 TO 1/4 MILE OR LESS
LOWEST: 45 ON 4 3 = THUNDER
SNOW, ICE PELLETS, HAIL 4 = ICE PELLETS
TOTAL MONTH: 0.0 INCH 5 = HAIL
GRTST 24HR 0.0 6 = FREEZING RAIN OR DRIZZLE
GRTST DEPTH: M ON M 7 = DUSTSTORM OR SANDSTORM:
VSBY 1/2 MILE OR LESS
8 = SMOKE OR HAZE
[NO. OF DAYS WITH] [WEATHER - DAYS WITH] 9 = BLOWING SNOW
X = TORNADO
MAX 32 OR BELOW: 0 0.01 INCH OR MORE: 3
MAX 90 OR ABOVE: 0 0.10 INCH OR MORE: 2
MIN 32 OR BELOW: 0 0.50 INCH OR MORE: 1
MIN 0 OR BELOW: 0 1.00 INCH OR MORE: 1
[HDD (BASE 65) ]
TOTAL THIS MO. 4 CLEAR (SCALE 0-3) 7
DPTR FM NORMAL -25 PTCLDY (SCALE 4-7) 6
TOTAL FM JUL 1 1097 CLOUDY (SCALE 8-10) 3
DPTR FM NORMAL -269
[CDD (BASE 65) ]
TOTAL THIS MO. 101
DPTR FM NORMAL 30 [PRESSURE DATA]
TOTAL FM JAN 1 240 HIGHEST SLP M ON M
DPTR FM NORMAL 56 LOWEST SLP 29.53 ON 10
[REMARKS]