000
CXUS55 KBYZ 201055
CF6LVM
PRELIMINARY LOCAL CLIMATOLOGICAL DATA (WS FORM: F-6)

                                          STATION:   LIVINGSTON MT
                                          MONTH:     APRIL
                                          YEAR:      2018
                                          LATITUDE:   45 41 N
                                          LONGITUDE: 110 26 W

  TEMPERATURE IN F:       :PCPN:    SNOW:  WIND      :SUNSHINE: SKY     :PK WND
================================================================================
1   2   3   4   5  6A  6B    7    8   9   10  11  12  13   14  15   16   17  18
                                     12Z  AVG MX 2MIN
DY MAX MIN AVG DEP HDD CDD  WTR  SNW DPTH SPD SPD DIR MIN PSBL S-S WX    SPD DR
================================================================================

 1  36  -1  18 -21  47   0 0.04    M    M  6.3 16  90   M    M   5 1      20 110
 2  30   5  18 -21  47   0 0.38    M    M 10.5 29 340   M    M   9 12     37 330
 3  39   2  21 -18  44   0 0.00    M    M 17.1 36 210   M    M   8 8      44 210
 4  47  35  41   2  24   0    T    M    M 15.3 33 220   M    M  10 8      42 220
 5  38  18  28 -12  37   0 0.13    M    M 16.8 25  70   M    M  10 1      31  80
 6  18   2  10 -30  55   0 0.04    M    M 15.1 28  80   M    M   8 128    34  80
 7  37   1  19 -21  46   0 0.14    M    M  8.4 26 250   M    M   4 12     32 250
 8  44  32  38  -2  27   0 0.09    M    M 16.1 30 260   M    M   8 1      39 220
 9  49  36  43   3  22   0 0.00    M    M 17.4 29 290   M    M   6        34 290
10  59  32  46   5  19   0    T    M    M 19.6 38 230   M    M   3        48 230
11  58  37  48   7  17   0 0.13    M    M 13.0 35 200   M    M   8 1      40 210
12  40  32  36  -5  29   0 0.28    M    M 15.4 33 240   M    M   8 12     39 240
13  47  27  37  -4  28   0 0.00    M    M 16.7 29 250   M    M   7        35 250
14  55  28  42   0  23   0 0.00    M    M 15.0 35 220   M    M   5        42 220
15  65  31  48   6  17   0 0.00    M    M 10.9 33 230   M    M   4        41 230
16  69  32  51   9  14   0 0.32    M    M 11.9 35 250   M    M   4 1      49 210
17  46  33  40  -2  25   0    T    M    M 17.3 35 250   M    M   8        39 260
18  54  28  41  -1  24   0 0.00    M    M 10.6 21  80   M    M   2        27  80
19  59  28  44   1  21   0 0.00    M    M  9.8 23  70   M    M   2        29  70
================================================================================
SM  890  438       566   0  1.55    M    263.2          M      119
================================================================================
AV 46.8 23.1                              13.9 FASTST   M    M   6    MAX(MPH)
                                 MISC ---->  # 38 230               # 49  210
================================================================================
NOTES:
# LAST OF SEVERAL OCCURRENCES

COLUMN 17 PEAK WIND IN M.P.H.

PRELIMINARY LOCAL CLIMATOLOGICAL DATA (WS FORM: F-6) , PAGE 2

                                          STATION:  LIVINGSTON MT
                                          MONTH:    APRIL
                                          YEAR:     2018
                                          LATITUDE:   45 41 N
                                          LONGITUDE: 110 26 W

[TEMPERATURE DATA]      [PRECIPITATION DATA]       SYMBOLS USED IN COLUMN 16

AVERAGE MONTHLY: 35.0   TOTAL FOR MONTH:   1.55    1 = FOG OR MIST
DPTR FM NORMAL:  -5.7   DPTR FM NORMAL:    0.53    2 = FOG REDUCING VISIBILITY
HIGHEST:    69 ON 16    GRTST 24HR  0.38 ON  2- 2      TO 1/4 MILE OR LESS
LOWEST:     -1 ON  1                               3 = THUNDER
                        SNOW, ICE PELLETS, HAIL    4 = ICE PELLETS
                        TOTAL MONTH:    M          5 = HAIL
                        GRTST 24HR    M  ON   M    6 = FREEZING RAIN OR DRIZZLE
                        GRTST DEPTH:  M  ON   M    7 = DUSTSTORM OR SANDSTORM:
                                                       VSBY 1/2 MILE OR LESS
                                                   8 = SMOKE OR HAZE
[NO. OF DAYS WITH]      [WEATHER - DAYS WITH]      9 = BLOWING SNOW
                                                   X = TORNADO
MAX 32 OR BELOW:   2    0.01 INCH OR MORE:   9
MAX 90 OR ABOVE:   0    0.10 INCH OR MORE:   6
MIN 32 OR BELOW:  15    0.50 INCH OR MORE:   0
MIN  0 OR BELOW:   1    1.00 INCH OR MORE:   0

[HDD (BASE 65) ]
TOTAL THIS MO.   566    CLEAR  (SCALE 0-3)   3
DPTR FM NORMAL   103    PTCLDY (SCALE 4-7)  11
TOTAL FM JUL 1  6793    CLOUDY (SCALE 8-10)  5
DPTR FM NORMAL    71

[CDD (BASE 65) ]
TOTAL THIS MO.     0
DPTR FM NORMAL     0    [PRESSURE DATA]
TOTAL FM JAN 1     0    HIGHEST SLP M ON M
DPTR FM NORMAL     0    LOWEST  SLP 29.28 ON 12

[REMARKS]
