000
CXUS52 KMLB 231149
CF6MCO
PRELIMINARY LOCAL CLIMATOLOGICAL DATA (WS FORM: F-6)

                                          STATION:   ORLANDO INTL
                                          MONTH:     APRIL
                                          YEAR:      2018
                                          LATITUDE:   28 25 N
                                          LONGITUDE:  81 19 W

  TEMPERATURE IN F:       :PCPN:    SNOW:  WIND      :SUNSHINE: SKY     :PK WND
================================================================================
1   2   3   4   5  6A  6B    7    8   9   10  11  12  13   14  15   16   17  18
                                     12Z  AVG MX 2MIN
DY MAX MIN AVG DEP HDD CDD  WTR  SNW DPTH SPD SPD DIR MIN PSBL S-S WX    SPD DR
================================================================================

 1  86  63  75   6   0  10 0.00  0.0    0  7.2 20  70   M    M   8 123    23  80
 2  87  67  77   8   0  12    T  0.0    0  6.6 20 110   M    M   8        24  90
 3  88  66  77   8   0  12 0.00  0.0    0  9.0 17 100   M    M   4        23 100
 4  88  64  76   7   0  11 0.00  0.0    0  8.5 23 320   M    M   4 1      29 320
 5  81  62  72   2   0   7 0.00  0.0    0 10.2 17  80   M    M   4        23  20
 6  85  60  73   3   0   8 0.00  0.0    0  9.0 17  90   M    M   2        21 100
 7  89  66  78   8   0  13 0.11  0.0    0 13.1 35 290   M    M   6 13     42 280
 8  78  66  72   2   0   7 0.02  0.0    0  8.6 16  70   M    M   8        20  40
 9  89  66  78   8   0  13 0.06  0.0    0 10.0 23 220   M    M   8 12     30 220
10  75  63  69  -1   0   4 1.37  0.0    0  5.5 23 360   M    M   9 138    34 290
11  77  57  67  -3   0   2 0.37  0.0    0 12.1 21  30   M    M   4 13     24  20
12  82  56  69  -2   0   4 0.00  0.0    0  8.5 17  70   M    M   3        25  40
13  83  62  73   2   0   8 0.00  0.0    0  8.6 18 110   M    M   2        25 100
14  90  64  77   6   0  12 0.00  0.0    0  8.3 18 150   M    M   3 1      30 160
15  90  62  76   5   0  11 0.13  0.0    0 15.6 36 210   M    M   8 3      48 200
16  72  57  65  -6   0   0 0.00  0.0    0 13.6 24 270   M    M   2        35 280
17  81  50  66  -5   0   1 0.00  0.0    0  7.0 16 350   M    M   0        21 350
18  88  50  69  -3   0   4 0.00  0.0    0  3.4 14 130   M    M   0 18     17 120
19  88  56  72   0   0   7 0.00  0.0    0  9.1 20 240   M    M   2        24 280
20  87  61  74   2   0   9 0.00  0.0    0  9.2 22  20   M    M   5        25 360
21  83  66  75   3   0  10    T  0.0    0 12.7 24 100   M    M   7        29  90
22  82  69  76   4   0  11 0.04  0.0    0 12.3 23 110   M    M   8 1      28 110
================================================================================
SM 1849 1353         0 176  2.10     0.0 208.1          M      105
================================================================================
AV 84.1 61.5                               9.5 FASTST   M    M   5    MAX(MPH)
                                 MISC ---->  # 36 210               # 48  200
================================================================================
NOTES:
# LAST OF SEVERAL OCCURRENCES

COLUMN 17 PEAK WIND IN M.P.H.

PRELIMINARY LOCAL CLIMATOLOGICAL DATA (WS FORM: F-6) , PAGE 2

                                          STATION:  ORLANDO INTL
                                          MONTH:    APRIL
                                          YEAR:     2018
                                          LATITUDE:   28 25 N
                                          LONGITUDE:  81 19 W

[TEMPERATURE DATA]      [PRECIPITATION DATA]       SYMBOLS USED IN COLUMN 16

AVERAGE MONTHLY: 72.8   TOTAL FOR MONTH:   2.10    1 = FOG OR MIST
DPTR FM NORMAL:   2.2   DPTR FM NORMAL:    0.02    2 = FOG REDUCING VISIBILITY
HIGHEST:    90 ON 15,14 GRTST 24HR  1.37 ON 10-10      TO 1/4 MILE OR LESS
LOWEST:     50 ON 18,17                            3 = THUNDER
                        SNOW, ICE PELLETS, HAIL    4 = ICE PELLETS
                        TOTAL MONTH:   0.0 INCH    5 = HAIL
                        GRTST 24HR     0.0         6 = FREEZING RAIN OR DRIZZLE
                        GRTST DEPTH:   0           7 = DUSTSTORM OR SANDSTORM:
                                                       VSBY 1/2 MILE OR LESS
                                                   8 = SMOKE OR HAZE
[NO. OF DAYS WITH]      [WEATHER - DAYS WITH]      9 = BLOWING SNOW
                                                   X = TORNADO
MAX 32 OR BELOW:   0    0.01 INCH OR MORE:   7
MAX 90 OR ABOVE:   2    0.10 INCH OR MORE:   4
MIN 32 OR BELOW:   0    0.50 INCH OR MORE:   1
MIN  0 OR BELOW:   0    1.00 INCH OR MORE:   1

[HDD (BASE 65) ]
TOTAL THIS MO.     0    CLEAR  (SCALE 0-3)   8
DPTR FM NORMAL   -11    PTCLDY (SCALE 4-7)  12
TOTAL FM JUL 1   467    CLOUDY (SCALE 8-10)  2
DPTR FM NORMAL  -102

[CDD (BASE 65) ]
TOTAL THIS MO.   176
DPTR FM NORMAL    43    [PRESSURE DATA]
TOTAL FM JAN 1   516    HIGHEST SLP M ON M
DPTR FM NORMAL   161    LOWEST  SLP 29.74 ON  7

[REMARKS]
