000
CXUS56 KPDT 231832
CF6MEH
PRELIMINARY LOCAL CLIMATOLOGICAL DATA (WS FORM: F-6)

                                          STATION:   MEACHAM OR
                                          MONTH:     MAY
                                          YEAR:      2018
                                          LATITUDE:   45 30 N
                                          LONGITUDE: 118 24 W

  TEMPERATURE IN F:       :PCPN:    SNOW:  WIND      :SUNSHINE: SKY     :PK WND
================================================================================
1   2   3   4   5  6A  6B    7    8   9   10  11  12  13   14  15   16   17  18
                                     12Z  AVG MX 2MIN
DY MAX MIN AVG DEP HDD CDD  WTR  SNW DPTH SPD SPD DIR MIN PSBL S-S WX    SPD DR
================================================================================

 1  54  29  42  -2  23   0 0.00  0.0    0  2.1  8  30   M    M   6        15 280
 2  61  27  44   0  21   0 0.00  0.0    0  1.4  9  40   M    M   1        15  40
 3  71  30  51   7  14   0 0.00  0.0    0  1.2  8 260   M    M   0        14 290
 4  73  40  57  13   8   0 0.00  0.0    0  0.8  8 270   M    M   0        13 330
 5  69  42  56  11   9   0 0.00  0.0    0  0.9  7  30   M    M   1        11 360
 6  65  43  54   9  11   0 0.06  0.0    0  0.5  9  60   M    M   5 13     18 230
 7  69  41  55  10  10   0 0.00  0.0    0  0.8  7 360   M    M   5        11 350
 8  79  35  57  12   8   0 0.75  0.0    0  2.3 13 280   M    M   2 1      27 290
 9  57  39  48   2  17   0 0.03  0.0    0  1.1  7 270   M    M   6 1      13 260
10  52  40  46   0  19   0 0.13  0.0    0  2.2  9 290   M    M   9 1      16 290
11  52  37  45  -1  20   0 0.12  0.0    0  1.8  7 290   M    M   8 1      11  40
12  64  36  50   4  15   0 0.00  0.0    0  2.7  9  20   M    M   3        17  99
13  71  32  52   5  13   0 0.00  0.0    0  2.1  9  40   M    M   0        16  30
14  77  36  57  10   8   0 0.00  0.0    0  1.3 10  30   M    M   0        17  30
15  79  40  60  13   5   0 0.00  0.0    0  1.3  9  30   M    M   2        15  20
16  61  49  55   8  10   0 0.75  0.0    0  0.3  6 260   M    M   8 1      10 100
17  65  46  56   8   9   0    T  0.0    0  1.1  8 280   M    M   8        13 290
18  63  39  51   3  14   0 0.00  0.0    0  1.1  8  20   M    M   6        14  20
19  64  42  53   5  12   0    T  0.0    0  1.1  8 300   M    M   7 12     14  40
20  63  45  54   6  11   0 0.39  0.0    0  0.1  6 350   M    M   9 1      11 310
21  67  46  57   9   8   0 0.00  0.0    0  1.3  8  20   M    M   7 12     13 310
22  73  40  57   9   8   0 0.00  0.0    0  2.6 10  30   M    M   0        16  30
================================================================================
SM 1449  854       273   0  2.23     0.0  30.1          M       93
================================================================================
AV 65.9 38.8                               1.4 FASTST   M    M   4    MAX(MPH)
                                 MISC ---->  # 13 280               # 27  290
================================================================================
NOTES:
# LAST OF SEVERAL OCCURRENCES

COLUMN 17 PEAK WIND IN M.P.H.

PRELIMINARY LOCAL CLIMATOLOGICAL DATA (WS FORM: F-6) , PAGE 2

                                          STATION:  MEACHAM OR
                                          MONTH:    MAY
                                          YEAR:     2018
                                          LATITUDE:   45 30 N
                                          LONGITUDE: 118 24 W

[TEMPERATURE DATA]      [PRECIPITATION DATA]       SYMBOLS USED IN COLUMN 16

AVERAGE MONTHLY: 52.3   TOTAL FOR MONTH:   2.23    1 = FOG OR MIST
DPTR FM NORMAL:   6.2   DPTR FM NORMAL:   -0.06    2 = FOG REDUCING VISIBILITY
HIGHEST:    79 ON 15, 8 GRTST 24HR  0.75 ON 16-16      TO 1/4 MILE OR LESS
LOWEST:     27 ON  2                               3 = THUNDER
                        SNOW, ICE PELLETS, HAIL    4 = ICE PELLETS
                        TOTAL MONTH:   0.0 INCH    5 = HAIL
                        GRTST 24HR     0.0         6 = FREEZING RAIN OR DRIZZLE
                        GRTST DEPTH:   0           7 = DUSTSTORM OR SANDSTORM:
                                                       VSBY 1/2 MILE OR LESS
                                                   8 = SMOKE OR HAZE
[NO. OF DAYS WITH]      [WEATHER - DAYS WITH]      9 = BLOWING SNOW
                                                   X = TORNADO
MAX 32 OR BELOW:   0    0.01 INCH OR MORE:   7
MAX 90 OR ABOVE:   0    0.10 INCH OR MORE:   5
MIN 32 OR BELOW:   4    0.50 INCH OR MORE:   2
MIN  0 OR BELOW:   0    1.00 INCH OR MORE:   0

[HDD (BASE 65) ]
TOTAL THIS MO.   273    CLEAR  (SCALE 0-3)  10
DPTR FM NORMAL  -141    PTCLDY (SCALE 4-7)   8
TOTAL FM JUL 1  7215    CLOUDY (SCALE 8-10)  4
DPTR FM NORMAL  -601

[CDD (BASE 65) ]
TOTAL THIS MO.     0
DPTR FM NORMAL     0    [PRESSURE DATA]
TOTAL FM JAN 1     0    HIGHEST SLP 30.13 ON  4
DPTR FM NORMAL     0    LOWEST  SLP 29.71 ON 15

[REMARKS]
