000
CXUS54 KJAN 280800
CF6MEI
PRELIMINARY LOCAL CLIMATOLOGICAL DATA (WS FORM: F-6)

                                          STATION:   MERIDIAN
                                          MONTH:     MAY
                                          YEAR:      2018
                                          LATITUDE:   32 19 N
                                          LONGITUDE:  88 45 W

  TEMPERATURE IN F:       :PCPN:    SNOW:  WIND      :SUNSHINE: SKY     :PK WND
================================================================================
1   2   3   4   5  6A  6B    7    8   9   10  11  12  13   14  15   16   17  18
                                     12Z  AVG MX 2MIN
DY MAX MIN AVG DEP HDD CDD  WTR  SNW DPTH SPD SPD DIR MIN PSBL S-S WX    SPD DR
================================================================================

 1  86  49  68   1   0   3 0.00  0.0    0  6.3 20 180   M    M   3 1      25 180
 2  87  58  73   6   0   8 0.00  0.0    0  5.2 15 150   M    M   0        21 160
 3  87  60  74   7   0   9 0.00  0.0    0  6.1 16 160   M    M   2 12     22 140
 4  85  61  73   5   0   8 0.00  0.0    0  3.7 10 310   M    M   2        14 300
 5  77  59  68   0   0   3    T  0.0    0  3.1 20 310   M    M   3 12     24 320
 6  85  55  70   2   0   5 0.00  0.0    0  3.6 15 360   M    M   3 12     18 360
 7  89  55  72   4   0   7 0.00  0.0    0  3.5 15  10   M    M   0        19 340
 8  91  57  74   5   0   9 0.00  0.0    0  2.2 18 350   M    M   1        27 350
 9  92  59  76   7   0  11 0.00  0.0    0  4.1 13 220   M    M   2        17 200
10  91  62  77   8   0  12 0.00  0.0    0  4.1 12 220   M    M   0        16 220
11  90  60  75   5   0  10 0.00  0.0    0  4.3 16 200   M    M   0        21 200
12  92  57  75   5   0  10 0.00  0.0    0  2.7 12 200   M    M   0        16 180
13  94  62  78   8   0  13 0.00  0.0    0  1.1  7 150   M    M   2        10  M
14  96  64  80  10   0  15 0.00  0.0    0  2.8 13  40   M    M   1        17  50
15  96  66  81  10   0  16 0.20  0.0    0  4.1 17  30   M    M   1 13     23 330
16  90  69  80   9   0  15 0.02  0.0    0  2.7 10 100   M    M   4 13     14  90
17  81  64  73   2   0   8 0.44  0.0    0  3.7 18 280   M    M   2 123    24 290
18  88  64  76   4   0  11 0.00  0.0    0  3.0 12 230   M    M   5 12     16 220
19  92  66  79   7   0  14 0.00  0.0    0  3.9 14 180   M    M   2        19 180
20  93  68  81   9   0  16 0.39  0.0    0  3.4 32  70   M    M   1 38     32  40
21  88  69  79   7   0  14 0.00  0.0    0  4.0 10  80   M    M   3 18     13  60
22  90  69  80   8   0  15 0.03  0.0    0  2.1 20 250   M    M   3 13     25 250
23  94  69  82   9   0  17 0.03  0.0    0  3.9 18  60   M    M   2 123    24  60
24  93  67  80   7   0  15 0.06  0.0    0  4.1 22 350   M    M   2 13     29 360
25  88  69  79   6   0  14 1.31  0.0    0  3.6 24 320   M    M   1 13     31 340
26  87  69  78   4   0  13 0.12  0.0    0  2.7 20 300   M    M   5 123    24 300
27  88  67  78   4   0  13    T  0.0    0  3.8 10  50   M    M   2 1      14  70
================================================================================
SM 2410 1694         0 304  2.60     0.0  97.8          M       52
================================================================================
AV 89.3 62.7                               3.6 FASTST   M    M   2    MAX(MPH)
                                 MISC ---->  # 32  70               # 32   40
================================================================================
NOTES:
# LAST OF SEVERAL OCCURRENCES

COLUMN 17 PEAK WIND IN M.P.H.

PRELIMINARY LOCAL CLIMATOLOGICAL DATA (WS FORM: F-6) , PAGE 2

                                          STATION:  MERIDIAN
                                          MONTH:    MAY
                                          YEAR:     2018
                                          LATITUDE:   32 19 N
                                          LONGITUDE:  88 45 W

[TEMPERATURE DATA]      [PRECIPITATION DATA]       SYMBOLS USED IN COLUMN 16

AVERAGE MONTHLY: 76.0   TOTAL FOR MONTH:   2.60    1 = FOG OR MIST
DPTR FM NORMAL:   5.6   DPTR FM NORMAL:   -1.32    2 = FOG REDUCING VISIBILITY
HIGHEST:    96 ON 15,14 GRTST 24HR  1.31 ON 25-25      TO 1/4 MILE OR LESS
LOWEST:     49 ON  1                               3 = THUNDER
                        SNOW, ICE PELLETS, HAIL    4 = ICE PELLETS
                        TOTAL MONTH:   0.0 INCH    5 = HAIL
                        GRTST 24HR     0.0         6 = FREEZING RAIN OR DRIZZLE
                        GRTST DEPTH:   0           7 = DUSTSTORM OR SANDSTORM:
                                                       VSBY 1/2 MILE OR LESS
                                                   8 = SMOKE OR HAZE
[NO. OF DAYS WITH]      [WEATHER - DAYS WITH]      9 = BLOWING SNOW
                                                   X = TORNADO
MAX 32 OR BELOW:   0    0.01 INCH OR MORE:   9
MAX 90 OR ABOVE:  14    0.10 INCH OR MORE:   5
MIN 32 OR BELOW:   0    0.50 INCH OR MORE:   1
MIN  0 OR BELOW:   0    1.00 INCH OR MORE:   1

[HDD (BASE 65) ]
TOTAL THIS MO.     0    CLEAR  (SCALE 0-3)  22
DPTR FM NORMAL   -16    PTCLDY (SCALE 4-7)   5
TOTAL FM JUL 1  2104    CLOUDY (SCALE 8-10)  0
DPTR FM NORMAL  -446

[CDD (BASE 65) ]
TOTAL THIS MO.   304
DPTR FM NORMAL   141    [PRESSURE DATA]
TOTAL FM JAN 1   449    HIGHEST SLP M ON M
DPTR FM NORMAL   203    LOWEST  SLP 29.77 ON 17

[REMARKS]
