419
CXUS55 KBYZ 221417
CF6MLS
PRELIMINARY LOCAL CLIMATOLOGICAL DATA (WS FORM: F-6)

                                          STATION:   MILES CITY MT
                                          MONTH:     APRIL
                                          YEAR:      2018
                                          LATITUDE:   46 25 N
                                          LONGITUDE: 105 53 W

  TEMPERATURE IN F:       :PCPN:    SNOW:  WIND      :SUNSHINE: SKY     :PK WND
================================================================================
1   2   3   4   5  6A  6B    7    8   9   10  11  12  13   14  15   16   17  18
                                     12Z  AVG MX 2MIN
DY MAX MIN AVG DEP HDD CDD  WTR  SNW DPTH SPD SPD DIR MIN PSBL S-S WX    SPD DR
================================================================================

 1  40  10  25 -16  40   0 0.03    M    M  8.7 15  30   M    M   3 1      18  30
 2  30  16  23 -18  42   0 0.04    M    M 15.9 28  30   M    M  10 12     32  30
 3  24   6  15 -27  50   0    T    M    M  7.8 14 160   M    M   4 1      17 160
 4  40  21  31 -11  34   0    T    M    M  2.5  9 250   M    M   9 1      14 200
 5  33  19  26 -16  39   0    T    M    M 13.7 25  10   M    M  10 1      31  10
 6  25   9  17 -26  48   0 0.00    M    M  8.2 20  20   M    M   5        23  20
 7  39  18  29 -14  36   0 0.03    M    M 10.6 21 130   M    M   7 1      26 120
 8  35  25  30 -13  35   0 0.07    M    M  8.9 17  40   M    M  10 1      21  10
 9  51  26  39  -5  26   0    T    M    M  5.8 20 310   M    M  10 1      24 310
10  61  34  48   4  17   0 0.00    M    M  5.3 16 270   M    M   3        20 280
11  61  39  50   6  15   0 0.20    M    M  8.8 24 290   M    M   7 1      28 280
12  41  32  37  -8  28   0 1.04    M    M 14.8 28  50   M    M   9 16     36  50
13  32  27  30 -15  35   0 0.04    M    M  8.8 21  40   M    M  10 16     24  40
14  54  24  39  -7  26   0 0.00    M    M  7.8 18 150   M    M   1        22 150
15  62  28  45  -1  20   0 0.00    M    M 13.0 23 140   M    M   1        30 130
16  62  33  48   2  17   0 0.00    M    M 17.1 29 140   M    M   0        36 150
17  41  30  36 -11  29   0 0.27    M    M  8.1 21 320   M    M   5 12     26 320
18  59  31  45  -2  20   0    T    M    M  9.4 22 330   M    M   2        28 320
19  64  32  48   1  17   0 0.00    M    M 12.7 24 120   M    M   0        31 130
20  65  37  51   3  14   0 0.00    M    M  8.4 17 150   M    M   0        22 140
21  71  38  55   7  10   0 0.00    M    M 10.9 25  20   M    M   0        32  20
================================================================================
SM  990  535       598   0  1.72    M    207.2          M      106
================================================================================
AV 47.1 25.5                               9.9 FASTST   M    M   5    MAX(MPH)
                                 MISC ---->  # 29 140               # 36   50
================================================================================
NOTES:
# LAST OF SEVERAL OCCURRENCES

COLUMN 17 PEAK WIND IN M.P.H.

PRELIMINARY LOCAL CLIMATOLOGICAL DATA (WS FORM: F-6) , PAGE 2

                                          STATION:  MILES CITY MT
                                          MONTH:    APRIL
                                          YEAR:     2018
                                          LATITUDE:   46 25 N
                                          LONGITUDE: 105 53 W

[TEMPERATURE DATA]      [PRECIPITATION DATA]       SYMBOLS USED IN COLUMN 16

AVERAGE MONTHLY: 36.3   TOTAL FOR MONTH:   1.72    1 = FOG OR MIST
DPTR FM NORMAL:  -8.2   DPTR FM NORMAL:    0.87    2 = FOG REDUCING VISIBILITY
HIGHEST:    71 ON 21    GRTST 24HR  1.04 ON 12-12      TO 1/4 MILE OR LESS
LOWEST:      6 ON  3                               3 = THUNDER
                        SNOW, ICE PELLETS, HAIL    4 = ICE PELLETS
                        TOTAL MONTH:    M          5 = HAIL
                        GRTST 24HR    M  ON   M    6 = FREEZING RAIN OR DRIZZLE
                        GRTST DEPTH:  M  ON   M    7 = DUSTSTORM OR SANDSTORM:
                                                       VSBY 1/2 MILE OR LESS
                                                   8 = SMOKE OR HAZE
[NO. OF DAYS WITH]      [WEATHER - DAYS WITH]      9 = BLOWING SNOW
                                                   X = TORNADO
MAX 32 OR BELOW:   4    0.01 INCH OR MORE:   8
MAX 90 OR ABOVE:   0    0.10 INCH OR MORE:   3
MIN 32 OR BELOW:  16    0.50 INCH OR MORE:   1
MIN  0 OR BELOW:   0    1.00 INCH OR MORE:   1

[HDD (BASE 65) ]
TOTAL THIS MO.   598    CLEAR  (SCALE 0-3)   8
DPTR FM NORMAL   167    PTCLDY (SCALE 4-7)   6
TOTAL FM JUL 1  8050    CLOUDY (SCALE 8-10)  7
DPTR FM NORMAL   944

[CDD (BASE 65) ]
TOTAL THIS MO.     0
DPTR FM NORMAL     0    [PRESSURE DATA]
TOTAL FM JAN 1     0    HIGHEST SLP  0.00 ON 21
DPTR FM NORMAL     0    LOWEST  SLP 29.28 ON 12

[REMARKS]
THIS IS AN AUTOMATED...UNATTENDED WEATHER STATION AND MAY
UNDERESTIMATE WINTER PRECIPITATION.
