000
CXUS53 KGID 280830
CF6ODX
PRELIMINARY LOCAL CLIMATOLOGICAL DATA (WS FORM: F-6)
STATION: ORD NE
MONTH: MARCH
YEAR: 2024
LATITUDE: 41 37 N
LONGITUDE: 98 57 W
TEMPERATURE IN F: :PCPN: SNOW: WIND :SUNSHINE: SKY :PK WND
================================================================================
1 2 3 4 5 6A 6B 7 8 9 10 11 12 13 14 15 16 17 18
12Z AVG MX 2MIN
DY MAX MIN AVG DEP HDD CDD WTR SNW DPTH SPD SPD DIR MIN PSBL S-S WX SPD DR
================================================================================
1 71 31 51 19 14 0 0.00 M M 11.4 21 170 M M 0 28 170
2 54 30 42 10 23 0 0.00 M M 7.9 20 160 M M 3 128 26 160
3 61 27 44 11 21 0 0.00 M M 11.1 36 290 M M 2 128 50 270
4 53 26 40 7 25 0 0.00 M M 8.8 17 30 M M 2 24 360
5 58 23 41 7 24 0 0.00 M M 6.3 23 280 M M 2 36 270
6 61 26 44 10 21 0 0.00 M M 10.7 28 170 M M 3 40 160
7 50 29 40 6 25 0 T M M 16.0 25 10 M M 5 34 10
8 45 22 34 -1 31 0 0.05 M M 12.7 23 360 M M 6 31 320
9 55 18 37 2 28 0 0.00 M M 4.1 14 260 M M 0 18 250
10 71 18 45 9 20 0 0.00 M M 8.3 26 230 M M 0 37 250
11 78 23 51 15 14 0 0.00 M M 7.4 26 200 M M 0 34 200
12 72 36 54 18 11 0 0.00 M M 4.3 10 80 M M 0 14 320
13 65 36 51 14 14 0 0.01 M M 6.0 24 350 M M 7 32 360
14 59 42 51 14 14 0 T M M 14.7 24 360 M M 7 33 350
15 60 29 45 7 20 0 0.00 M M 10.6 17 340 M M 0 27 280
16 57 27 42 4 23 0 0.00 M M 13.3 30 320 M M 0 39 310
17 42 17 30 -9 35 0 0.00 M M 13.6 26 340 M M 1 36 350
18 53 10 32 -7 33 0 0.00 M M 7.9 18 210 M M 0 8 24 210
19 69 30 50 11 15 0 0.00 M M 7.8 21 330 M M 0 8 27 340
20 48 29 39 -1 26 0 0.00 M M 9.7 17 40 M M 1 24 50
21 56 30 43 3 22 0 T M M 9.8 17 140 M M 5 26 130
22 45 30 38 -2 27 0 0.00 M M 13.4 25 340 M M 7 39 30
23 44 27 36 -5 29 0 0.06 M M 12.1 21 140 M M 6 18 31 160
24 38 29 34 -7 31 0 0.56 M M 12.5 28 330 M M 9 168 37 340
25 33 24 29 -13 36 0 0.59 M M 29.9 40 340 M M 10 189 53 340
26 29 11 20 -22 45 0 0.05 M M 17.4 35 330 M M 2 89 46 330
27 48 10 29 -13 36 0 T M M 6.8 17 190 M M 5 22 200
================================================================================
SM 1475 690 663 0 1.32 M 294.5 M 83
================================================================================
AV 54.6 25.6 10.9 FASTST M M 3 MAX(MPH)
MISC ----> 40 340 53 340
================================================================================
NOTES:
# LAST OF SEVERAL OCCURRENCES
COLUMN 17 PEAK WIND IN M.P.H.
PRELIMINARY LOCAL CLIMATOLOGICAL DATA (WS FORM: F-6) , PAGE 2
STATION: ORD NE
MONTH: MARCH
YEAR: 2024
LATITUDE: 41 37 N
LONGITUDE: 98 57 W
[TEMPERATURE DATA] [PRECIPITATION DATA] SYMBOLS USED IN COLUMN 16
AVERAGE MONTHLY: 40.1 TOTAL FOR MONTH: 1.32 1 = FOG OR MIST
DPTR FM NORMAL: 2.9 DPTR FM NORMAL: 0.32 2 = FOG REDUCING VISIBILITY
HIGHEST: 78 ON 11 GRTST 24HR 0.59 ON 24-25 TO 1/4 MILE OR LESS
LOWEST: 10 ON 27,18 3 = THUNDER
SNOW, ICE PELLETS, HAIL 4 = ICE PELLETS
TOTAL MONTH: M 5 = HAIL
GRTST 24HR M ON M 6 = FREEZING RAIN OR DRIZZLE
GRTST DEPTH: M ON M 7 = DUSTSTORM OR SANDSTORM:
VSBY 1/2 MILE OR LESS
8 = SMOKE OR HAZE
[NO. OF DAYS WITH] [WEATHER - DAYS WITH] 9 = BLOWING SNOW
X = TORNADO
MAX 32 OR BELOW: 1 0.01 INCH OR MORE: 6
MAX 90 OR ABOVE: 0 0.10 INCH OR MORE: 2
MIN 32 OR BELOW: 24 0.50 INCH OR MORE: 2
MIN 0 OR BELOW: 0 1.00 INCH OR MORE: 0
[HDD (BASE 65) ]
TOTAL THIS MO. 663 CLEAR (SCALE 0-3) 16
DPTR FM NORMAL -86 PTCLDY (SCALE 4-7) 9
TOTAL FM JUL 1 5059 CLOUDY (SCALE 8-10) 2
DPTR FM NORMAL -707
[CDD (BASE 65) ]
TOTAL THIS MO. 0
DPTR FM NORMAL 0 [PRESSURE DATA]
TOTAL FM JAN 1 0 HIGHEST SLP M ON M
DPTR FM NORMAL 0 LOWEST SLP 29.28 ON 3
[REMARKS]