000
CXUS51 KBOX 221200
CF6ORH
PRELIMINARY LOCAL CLIMATOLOGICAL DATA (WS FORM: F-6)

                                          STATION:   WORCESTER MA
                                          MONTH:     MAY
                                          YEAR:      2018
                                          LATITUDE:   42 16 N
                                          LONGITUDE:  71 52 W

  TEMPERATURE IN F:       :PCPN:    SNOW:  WIND      :SUNSHINE: SKY     :PK WND
================================================================================
1   2   3   4   5  6A  6B    7    8   9   10  11  12  13   14  15   16   17  18
                                     12Z  AVG MX 2MIN
DY MAX MIN AVG DEP HDD CDD  WTR  SNW DPTH SPD SPD DIR MIN PSBL S-S WX    SPD DR
================================================================================

 1  66  39  53   1  12   0    T  0.0    M  9.1 16 240   M    M   3        21 300
 2  85  54  70  18   0   5 0.00  0.0    M 15.0 28 230   M    M   0        37 210
 3  86  66  76  23   0  11 0.07  0.0    M 12.7 30 240   M    M   4        37 240
 4  80  65  73  20   0   8 0.01  0.0    M 15.1 32 250   M    M   6 1      44 230
 5  69  51  60   7   5   0 0.00  0.0    M 13.9 38 260   M    M   0        51 250
 6  61  51  56   3   9   0 0.31  0.0    M  7.9 14 310   M    M   9 1      19  30
 7  66  49  58   4   7   0 0.00  0.0    M  7.4 15  20   M    M   4        21  50
 8  71  47  59   5   6   0 0.00  0.0    M  5.8 16 150   M    M   2        18 190
 9  75  50  63   9   2   0 0.00  0.0    M  8.6 15 280   M    M   1         M  M
10  72  48  60   5   5   0    T  0.0    M 10.0 24 220   M    M   6 12     31 210
11  66  51  59   4   6   0 0.00  0.0    M  9.4 20 290   M    M   0        27 330
12  51  42  47  -8  18   0 0.23  0.0    M  5.8 12  60   M    M   9 12     16  70
13  60  41  51  -5  14   0 0.00  0.0    M  6.1 15 140   M    M   6 12     17 140
14  73  49  61   5   4   0 0.00  0.0    M  8.4 16 240   M    M   5        20 240
15  82  54  68  12   0   3 1.09  0.0    M 10.9 24 310   M    M   5 1238   29 310
16  60  52  56   0   9   0    T  0.0    M  7.0 15  80   M    M   2        23  20
17  73  53  63   6   2   0 0.00  0.0    M  5.4 15 290   M    M   4 1      18 280
18  63  43  53  -4  12   0 0.00  0.0    M  9.4 17  80   M    M   0        24  60
19  55  41  48  -9  17   0 0.26  0.0    M  6.7 13  70   M    M   7 12     19  90
20  75  55  65   7   0   0 0.09  0.0    M 13.7 23 240   M    M   7 12     30 330
21  74  51  63   5   2   0 0.00  0.0    0  8.2 16 340   M    M   0        21 340
================================================================================
SM 1463 1052       130  27  2.06     0.0 196.5          M       80
================================================================================
AV 69.7 50.1                               9.4 FASTST   M    M   4    MAX(MPH)
                                 MISC ---->  # 38 260               # 51  250
================================================================================
NOTES:
# LAST OF SEVERAL OCCURRENCES

COLUMN 17 PEAK WIND IN M.P.H.

PRELIMINARY LOCAL CLIMATOLOGICAL DATA (WS FORM: F-6) , PAGE 2

                                          STATION:  WORCESTER MA
                                          MONTH:    MAY
                                          YEAR:     2018
                                          LATITUDE:   42 16 N
                                          LONGITUDE:  71 52 W

[TEMPERATURE DATA]      [PRECIPITATION DATA]       SYMBOLS USED IN COLUMN 16

AVERAGE MONTHLY: 59.9   TOTAL FOR MONTH:   2.06    1 = FOG OR MIST
DPTR FM NORMAL:   5.0   DPTR FM NORMAL:   -0.64    2 = FOG REDUCING VISIBILITY
HIGHEST:    86 ON  3    GRTST 24HR  1.09 ON 15-15      TO 1/4 MILE OR LESS
LOWEST:     39 ON  1                               3 = THUNDER
                        SNOW, ICE PELLETS, HAIL    4 = ICE PELLETS
                        TOTAL MONTH:   0.0 INCH    5 = HAIL
                        GRTST 24HR     0.0         6 = FREEZING RAIN OR DRIZZLE
                        GRTST DEPTH:   0           7 = DUSTSTORM OR SANDSTORM:
                                                       VSBY 1/2 MILE OR LESS
                                                   8 = SMOKE OR HAZE
[NO. OF DAYS WITH]      [WEATHER - DAYS WITH]      9 = BLOWING SNOW
                                                   X = TORNADO
MAX 32 OR BELOW:   0    0.01 INCH OR MORE:   7
MAX 90 OR ABOVE:   0    0.10 INCH OR MORE:   4
MIN 32 OR BELOW:   0    0.50 INCH OR MORE:   1
MIN  0 OR BELOW:   0    1.00 INCH OR MORE:   1

[HDD (BASE 65) ]
TOTAL THIS MO.   130    CLEAR  (SCALE 0-3)   9
DPTR FM NORMAL   -91    PTCLDY (SCALE 4-7)  10
TOTAL FM JUL 1  6316    CLOUDY (SCALE 8-10)  2
DPTR FM NORMAL  -252

[CDD (BASE 65) ]
TOTAL THIS MO.    27
DPTR FM NORMAL    21    [PRESSURE DATA]
TOTAL FM JAN 1    27    HIGHEST SLP M ON M
DPTR FM NORMAL    18    LOWEST  SLP 29.63 ON  4

[REMARKS]
