000
CXUS53 KARX 250930
CF6OVS
PRELIMINARY LOCAL CLIMATOLOGICAL DATA (WS FORM: F-6)

                                          STATION:   BOSCOBEL_(ASOS) WI
                                          MONTH:     MAY
                                          YEAR:      2018
                                          LATITUDE:   43  9 N
                                          LONGITUDE:  90 41 W

  TEMPERATURE IN F:       :PCPN:    SNOW:  WIND      :SUNSHINE: SKY     :PK WND
================================================================================
1   2   3   4   5  6A  6B    7    8   9   10  11  12  13   14  15   16   17  18
                                     12Z  AVG MX 2MIN
DY MAX MIN AVG DEP HDD CDD  WTR  SNW DPTH SPD SPD DIR MIN PSBL S-S WX    SPD DR
================================================================================

 1  79  62  71  17   0   6 0.53  0.0    0  8.0 22 220   M    M   5 13     33 200
 2  72  57  65  10   0   0 1.11  0.0    0  3.3 16 270   M    M   8 13     25 250
 3  72  59  66  11   0   1 1.38  0.0    0  3.3 15 310   M    M   9 13     22 300
 4  79  53  66  11   0   1 0.47  0.0    0  8.2 17 360   M    M   3 1      29 360
 5  84  49  67  11   0   2 0.05  0.0    0  5.0 20 280   M    M   1 3      31 280
 6  79  52  66  10   0   1 0.01  0.0    0  4.4 15 330   M    M   2 12     20  10
 7  84  46  65   9   0   0 0.00  0.0    0  5.0 16 230   M    M   0 1      24 200
 8  84  48  66   9   0   1    T    M    0  4.5 15 170   M    M   1        32 220
 9  73  56  65   8   0   0 0.94  0.0    0  6.8 16 300   M    M   7 13     24 290
10  73  51  62   5   3   0 0.07  0.0    0  4.5 14 310   M    M   6 1      20 310
11  53  38  46 -12  19   0 0.86  0.0    0  8.7 15  70   M    M   8 1      26  40
12  60  45  53  -5  12   0 0.87  0.0    0  6.5 13  80   M    M  10 13     21  80
13  60  47  54  -4  11   0 0.06  0.0    0  2.4  9 110   M    M  10 1      16 100
14  71  57  64   6   1   0 0.02  0.0    0  2.9 10 240   M    M   9 18     14 250
15  84  54  69  10   0   4 0.00  0.0    0  2.8  9  10   M    M   3 12     15  90
16  85  48  67   8   0   2 0.00  0.0    0  1.7 10 260   M    M   0 18     14 280
17  84  49  67   8   0   2 0.00  0.0    0  4.9 12  80   M    M   0 12     20  60
18  84  52  68   9   0   3    T  0.0    0  6.6 14  90   M    M   2 18     23 120
19  82  59  71  11   0   6 0.15  0.0    0  4.0 16 240   M    M   6 13     24 240
20  61  52  57  -3   8   0 0.07  0.0    0  5.1 12  70   M    M   9 1      18  60
21  61  51  56  -4   9   0 0.38  0.0    0  2.8  8  60   M    M  10 1      13  60
22  72  55  64   4   1   0 0.00  0.0    0  1.6  7  30   M    M   8 12     10  10
23  83  55  69   8   0   4 0.00  0.0    0  2.0 10 210   M    M   4 12     16 220
24  89  57  73  12   0   8 0.00  0.0    0  3.6 13 230   M    M   2 12     22 210
================================================================================
SM 1808 1252        64  41  6.97     0.0 108.6          M      123
================================================================================
AV 75.3 52.2                               4.5 FASTST   M    M   5    MAX(MPH)
                                 MISC ---->  # 22 220               # 33  200
================================================================================
NOTES:
# LAST OF SEVERAL OCCURRENCES

COLUMN 17 PEAK WIND IN M.P.H.

PRELIMINARY LOCAL CLIMATOLOGICAL DATA (WS FORM: F-6) , PAGE 2

                                          STATION:  BOSCOBEL_(ASOS) WI
                                          MONTH:    MAY
                                          YEAR:     2018
                                          LATITUDE:   43  9 N
                                          LONGITUDE:  90 41 W

[TEMPERATURE DATA]      [PRECIPITATION DATA]       SYMBOLS USED IN COLUMN 16

AVERAGE MONTHLY: 63.8   TOTAL FOR MONTH:   6.97    1 = FOG OR MIST
DPTR FM NORMAL:   5.9   DPTR FM NORMAL:    3.63    2 = FOG REDUCING VISIBILITY
HIGHEST:    89 ON 24    GRTST 24HR  1.38 ON  3- 3      TO 1/4 MILE OR LESS
LOWEST:     38 ON 11                               3 = THUNDER
                        SNOW, ICE PELLETS, HAIL    4 = ICE PELLETS
                        TOTAL MONTH:   0.0 INCH    5 = HAIL
                        GRTST 24HR     0.0         6 = FREEZING RAIN OR DRIZZLE
                        GRTST DEPTH:   0           7 = DUSTSTORM OR SANDSTORM:
                                                       VSBY 1/2 MILE OR LESS
                                                   8 = SMOKE OR HAZE
[NO. OF DAYS WITH]      [WEATHER - DAYS WITH]      9 = BLOWING SNOW
                                                   X = TORNADO
MAX 32 OR BELOW:   0    0.01 INCH OR MORE:  15
MAX 90 OR ABOVE:   0    0.10 INCH OR MORE:   9
MIN 32 OR BELOW:   0    0.50 INCH OR MORE:   6
MIN  0 OR BELOW:   0    1.00 INCH OR MORE:   2

[HDD (BASE 65) ]
TOTAL THIS MO.    64    CLEAR  (SCALE 0-3)  10
DPTR FM NORMAL  -126    PTCLDY (SCALE 4-7)   6
TOTAL FM JUL 1  6913    CLOUDY (SCALE 8-10)  8
DPTR FM NORMAL   -83

[CDD (BASE 65) ]
TOTAL THIS MO.    41
DPTR FM NORMAL    24    [PRESSURE DATA]
TOTAL FM JAN 1    41    HIGHEST SLP M ON M
DPTR FM NORMAL    20    LOWEST  SLP 29.60 ON  4

[REMARKS]
