404
CXUS55 KTBW 251000
CF6PGD
PRELIMINARY LOCAL CLIMATOLOGICAL DATA (WS FORM: F-6)

                                          STATION:   Punta Gorda
                                          MONTH:     MAY
                                          YEAR:      2018
                                          LATITUDE:   26 55 N
                                          LONGITUDE:  82  0 W

  TEMPERATURE IN F:       :PCPN:    SNOW:  WIND      :SUNSHINE: SKY     :PK WND
================================================================================
1   2   3   4   5  6A  6B    7    8   9   10  11  12  13   14  15   16   17  18
                                     12Z  AVG MX 2MIN
DY MAX MIN AVG DEP HDD CDD  WTR  SNW DPTH SPD SPD DIR MIN PSBL S-S WX    SPD DR
================================================================================

 1  91  58  75   1   0  10 0.00  0.0    0 10.3 22  70   M    M   1        26  70
 2  92  57  75   1   0  10 0.00  0.0    0 11.0 22  80   M    M   2        31  80
 3  93  57  75   0   0  10 0.00  0.0    0 10.5 21 100   M    M   2        25 100
 4  94  64  79   4   0  14 0.00  0.0    0  9.9 22  70   M    M   1 18     29  70
 5  89  63  76   1   0  11 0.17  0.0    0  9.1 17  50   M    M   5 8      22  50
 6  88  70  79   4   0  14 0.00  0.0    0  5.7 17 240   M    M   5 1      23 230
 7  94  71  83   7   0  18    T  0.0    0  8.2 20 280   M    M   3 18     24 270
 8  94  62  78   2   0  13 0.00  0.0    0  9.7 18  20   M    M   1 1      24  70
 9  95  59  77   1   0  12 0.00  0.0    0  9.5 20  70   M    M   1 1      29  40
10  90  61  76   0   0  11 0.00  0.0    0  7.7 17  40   M    M   0 18     24 110
11  94  61  78   2   0  13 0.00  0.0    0  6.6 20  90   M    M   0        32  70
12  87  67  77   0   0  12 0.00  0.0    0  7.7 20  60   M    M   3        24  60
13  84  65  75  -2   0  10 2.21  0.0    0  7.7 18  60   M    M   9 1      21  70
14  83  71  77   0   0  12 0.37  0.0    0  8.5 21 180   M    M   9 13     24 180
15  90  71  81   4   0  16 1.30  0.0    0 10.6 24 200   M    M   5 13     28 200
16  89  69  79   1   0  14 0.20  0.0    0 10.3 21 210   M    M   5 138    26 240
17  85  70  78   0   0  13 1.22  0.0    0  7.6 24 190   M    M   4 13     29 230
18  89  68  79   1   0  14 0.00  0.0    0  6.7 14 250   M    M   2 13     17 240
19  87  69  78   0   0  13 1.32  0.0    0  6.5 17 140   M    M   3 13     21 130
20  81  71  76  -2   0  11 0.56  0.0    0  7.6 26 140   M    M   9 13     34 140
21  86  72  79   0   0  14 0.05  0.0    0 10.6 22 150   M    M   7        30 120
22  84  72  78  -1   0  13 0.67  0.0    0  6.3 26 280   M    M   6 13     35 290
23  92  69  81   2   0  16 0.12  0.0    0  5.9 22 180   M    M   3 138    25 180
24  90  71  81   2   0  16 0.28  0.0    0  4.5 20 140   M    M   4 3      24 140
================================================================================
SM 2141 1588         0 310  8.47     0.0 198.7          M       90
================================================================================
AV 89.2 66.2                               8.3 FASTST   M    M   4    MAX(MPH)
                                 MISC ---->  # 26 140               # 35  290
================================================================================
NOTES:
# LAST OF SEVERAL OCCURRENCES

COLUMN 17 PEAK WIND IN M.P.H.

PRELIMINARY LOCAL CLIMATOLOGICAL DATA (WS FORM: F-6) , PAGE 2

                                          STATION:  Punta Gorda
                                          MONTH:    MAY
                                          YEAR:     2018
                                          LATITUDE:   26 55 N
                                          LONGITUDE:  82  0 W

[TEMPERATURE DATA]      [PRECIPITATION DATA]       SYMBOLS USED IN COLUMN 16

AVERAGE MONTHLY: 77.7   TOTAL FOR MONTH:   8.47    1 = FOG OR MIST
DPTR FM NORMAL:   0.9   DPTR FM NORMAL:    6.77    2 = FOG REDUCING VISIBILITY
HIGHEST:    95 ON  9    GRTST 24HR  2.21 ON 13-13      TO 1/4 MILE OR LESS
LOWEST:     57 ON  3, 2                            3 = THUNDER
                        SNOW, ICE PELLETS, HAIL    4 = ICE PELLETS
                        TOTAL MONTH:   0.0 INCH    5 = HAIL
                        GRTST 24HR     0.0         6 = FREEZING RAIN OR DRIZZLE
                        GRTST DEPTH:   0           7 = DUSTSTORM OR SANDSTORM:
                                                       VSBY 1/2 MILE OR LESS
                                                   8 = SMOKE OR HAZE
[NO. OF DAYS WITH]      [WEATHER - DAYS WITH]      9 = BLOWING SNOW
                                                   X = TORNADO
MAX 32 OR BELOW:   0    0.01 INCH OR MORE:  12
MAX 90 OR ABOVE:  12    0.10 INCH OR MORE:  11
MIN 32 OR BELOW:   0    0.50 INCH OR MORE:   6
MIN  0 OR BELOW:   0    1.00 INCH OR MORE:   4

[HDD (BASE 65) ]
TOTAL THIS MO.     0    CLEAR  (SCALE 0-3)  11
DPTR FM NORMAL     0    PTCLDY (SCALE 4-7)  10
TOTAL FM JUL 1   319    CLOUDY (SCALE 8-10)  3
DPTR FM NORMAL   -77

[CDD (BASE 65) ]
TOTAL THIS MO.   310
DPTR FM NORMAL    27    [PRESSURE DATA]
TOTAL FM JAN 1  1013    HIGHEST SLP M ON M
DPTR FM NORMAL   240    LOWEST  SLP 29.89 ON 14

[REMARKS]
