559
CXUS53 KUNR 200945
CF6PHP
PRELIMINARY LOCAL CLIMATOLOGICAL DATA (WS FORM: F-6)

                                          STATION:   PHILIP SD
                                          MONTH:     MAY
                                          YEAR:      2018
                                          LATITUDE:   44  3 N
                                          LONGITUDE: 101 36 W

  TEMPERATURE IN F:       :PCPN:    SNOW:  WIND      :SUNSHINE: SKY     :PK WND
================================================================================
1   2   3   4   5  6A  6B    7    8   9   10  11  12  13   14  15   16   17  18
                                     12Z  AVG MX 2MIN
DY MAX MIN AVG DEP HDD CDD  WTR  SNW DPTH SPD SPD DIR MIN PSBL S-S WX    SPD DR
================================================================================

 1  54  41  48  -4  17   0 0.15    M    M  4.2 12 310   M    M   9 12     14 340
 2  68  38  53   1  12   0 0.00    M    M  4.5 12 300   M    M   7 12     15 330
 3  72  46  59   6   6   0 0.02    M    M  7.6 20 360   M    M   5        26  10
 4  82  44  63  10   2   0 0.00    M    M 10.4 22 300   M    M   2        28 310
 5  83  46  65  12   0   0 0.01    M    M 10.6 28 360   M    M   2 3      35  10
 6  78  48  63   9   2   0 0.00    M    M  5.6 13 160   M    M   1        19 150
 7  89  48  69  15   0   4 0.01    M    M 12.1 38 290   M    M   1 3      49 290
 8  73  47  60   6   5   0    T    M    M 13.9 30 320   M    M   3        36 320
 9  78  46  62   7   3   0 0.00    M    M 12.6 31 300   M    M   0        39 320
10  54  42  48  -7  17   0 0.07    M    M 16.4 28  80   M    M   9 1      33 110
11  48  40  44 -12  21   0 0.03    M    M 10.9 18  90   M    M  10 1      23  80
12  52  44  48  -8  17   0 0.15    M    M  7.5 16  60   M    M  10 1      20  60
13  59  49  54  -2  11   0 0.01    M    M  1.9 10  40   M    M  10 1      12  40
14  76  49  63   7   2   0 0.00    M    M  8.3 17 340   M    M   2        22 340
15  79  48  64   7   1   0 0.00    M    M  6.2 13 150   M    M   1        16 140
16  86  49  68  11   0   3 0.00    M    M  5.7 16 310   M    M   1        27 150
17  91  55  73  15   0   8 0.86    M    M 14.5 38 320   M    M   2 13     53 320
18  74  48  61   3   4   0 0.00    M    M 10.2 25  20   M    M   6        32  20
19  62  42  52  -6  13   0    T    M    M 13.9 25  40   M    M   5 1      31  60
================================================================================
SM 1358  870       133  15  1.31    M    177.0          M       86
================================================================================
AV 71.5 45.8                               9.3 FASTST   M    M   5    MAX(MPH)
                                 MISC ---->  # 38 290               # 53  320
================================================================================
NOTES:
# LAST OF SEVERAL OCCURRENCES

COLUMN 17 PEAK WIND IN M.P.H.

PRELIMINARY LOCAL CLIMATOLOGICAL DATA (WS FORM: F-6) , PAGE 2

                                          STATION:  PHILIP SD
                                          MONTH:    MAY
                                          YEAR:     2018
                                          LATITUDE:   44  3 N
                                          LONGITUDE: 101 36 W

[TEMPERATURE DATA]      [PRECIPITATION DATA]       SYMBOLS USED IN COLUMN 16

AVERAGE MONTHLY: 58.6   TOTAL FOR MONTH:   1.31    1 = FOG OR MIST
DPTR FM NORMAL:   3.5   DPTR FM NORMAL:   -0.55    2 = FOG REDUCING VISIBILITY
HIGHEST:    91 ON 17    GRTST 24HR  0.86 ON 17-17      TO 1/4 MILE OR LESS
LOWEST:     38 ON  2                               3 = THUNDER
                        SNOW, ICE PELLETS, HAIL    4 = ICE PELLETS
                        TOTAL MONTH:    M          5 = HAIL
                        GRTST 24HR    M  ON   M    6 = FREEZING RAIN OR DRIZZLE
                        GRTST DEPTH:  M  ON   M    7 = DUSTSTORM OR SANDSTORM:
                                                       VSBY 1/2 MILE OR LESS
                                                   8 = SMOKE OR HAZE
[NO. OF DAYS WITH]      [WEATHER - DAYS WITH]      9 = BLOWING SNOW
                                                   X = TORNADO
MAX 32 OR BELOW:   0    0.01 INCH OR MORE:   9
MAX 90 OR ABOVE:   1    0.10 INCH OR MORE:   3
MIN 32 OR BELOW:   0    0.50 INCH OR MORE:   1
MIN  0 OR BELOW:   0    1.00 INCH OR MORE:   0

[HDD (BASE 65) ]
TOTAL THIS MO.   133    CLEAR  (SCALE 0-3)  10
DPTR FM NORMAL   -66    PTCLDY (SCALE 4-7)   4
TOTAL FM JUL 1  7452    CLOUDY (SCALE 8-10)  5
DPTR FM NORMAL   386

[CDD (BASE 65) ]
TOTAL THIS MO.    15
DPTR FM NORMAL     1    [PRESSURE DATA]
TOTAL FM JAN 1    15    HIGHEST SLP M ON M
DPTR FM NORMAL    -2    LOWEST  SLP 29.36 ON 17

[REMARKS]
