000
CXUS53 KAPX 260631
CF6PLN
PRELIMINARY LOCAL CLIMATOLOGICAL DATA (WS FORM: F-6)

                                          STATION:   PELLSTON
                                          MONTH:     APRIL
                                          YEAR:      2018
                                          LATITUDE:   45 34 N
                                          LONGITUDE:  84 48 W

  TEMPERATURE IN F:       :PCPN:    SNOW:  WIND      :SUNSHINE: SKY     :PK WND
================================================================================
1   2   3   4   5  6A  6B    7    8   9   10  11  12  13   14  15   16   17  18
                                     12Z  AVG MX 2MIN
DY MAX MIN AVG DEP HDD CDD  WTR  SNW DPTH SPD SPD DIR MIN PSBL S-S WX    SPD DR
================================================================================

 1  25  12  19 -14  46   0    T    M    M  9.2 21 250   M    M   5        29 280
 2  34   6  20 -14  45   0    T    M    M  4.8 17 240   M    M   3        26 230
 3  32  27  30  -4  35   0 0.10    M    M 10.1 20  50   M    M  10 12     27  60
 4  29   4  17 -18  48   0 0.03    M    M 16.6 31 310   M    M   7 189    37 300
 5  33  -6  14 -21  51   0    T    M    M  8.0 20 230   M    M   4 1      26 240
 6  30  20  25 -11  40   0 0.02    M    M 12.6 35 310   M    M   8 1289   47 330
 7  28  10  19 -17  46   0    T    M    M 11.4 20 280   M    M   9 18     24 290
 8  33   3  18 -19  47   0 0.00    M    M  3.8 14 310   M    M   5        20 310
 9  38  15  27 -10  38   0 0.00    M    M  2.0 15 300   M    M   2 1      19 300
10  40  13  27 -11  38   0 0.00    M    M  6.1 18 230   M    M   0        25 230
11  43  23  33  -5  32   0 0.02    M    M  8.0 21 320   M    M   5 18     27 320
12  36  22  29 -10  36   0 0.16    M    M  5.1 18  60   M    M   9 1      24  70
13  39  31  35  -4  30   0    T    M    M  5.9 17  20   M    M   7 1      22  20
14  33  24  29 -11  36   0 0.09    M    M 20.2 31  80   M    M   9 18     44  70
15  29  21  25 -15  40   0 0.81    M    M 20.2 33  90   M    M  10 169    44  80
16  29  25  27 -13  38   0 0.32    M    M 12.7 22 290   M    M  10 16     30 300
17  33  25  29 -12  36   0 0.04    M    M 15.0 24 320   M    M  10 1      31 310
18  40  26  33  -8  32   0 0.00    M    M  8.9 20  30   M    M   7        27  20
19  42  27  35  -7  30   0 0.00    M    M 13.8 26 320   M    M   0        30 310
20  51  19  35  -7  30   0 0.00    M    M  2.5 13 310   M    M   0        17 310
21  56  25  41  -1  24   0 0.00    M    M  2.3 10 240   M    M   0        14 250
22  62  21  42  -1  23   0 0.00    M    M  2.4 14 360   M    M   0        16  80
23  64  24  44   1  21   0 0.00    M    M  3.4 15 360   M    M   0        18  10
24  67  29  48   4  17   0 0.00    M    M  5.1 18 300   M    M   2        21 310
25  50  26  38  -6  27   0 0.03    M    M  8.7 16 310   M    M   7 1      21 300
================================================================================
SM  996  472       886   0  1.62    M    218.8          M      129
================================================================================
AV 39.8 18.9                               8.8 FASTST   M    M   5    MAX(MPH)
                                 MISC ---->  # 35 310               # 47  330
================================================================================
NOTES:
# LAST OF SEVERAL OCCURRENCES

COLUMN 17 PEAK WIND IN M.P.H.

PRELIMINARY LOCAL CLIMATOLOGICAL DATA (WS FORM: F-6) , PAGE 2

                                          STATION:  PELLSTON
                                          MONTH:    APRIL
                                          YEAR:     2018
                                          LATITUDE:   45 34 N
                                          LONGITUDE:  84 48 W

[TEMPERATURE DATA]      [PRECIPITATION DATA]       SYMBOLS USED IN COLUMN 16

AVERAGE MONTHLY: 29.4   TOTAL FOR MONTH:   1.62    1 = FOG OR MIST
DPTR FM NORMAL:  -9.6   DPTR FM NORMAL:   -0.34    2 = FOG REDUCING VISIBILITY
HIGHEST:    67 ON 24    GRTST 24HR  0.81 ON 15-15      TO 1/4 MILE OR LESS
LOWEST:     -6 ON  5                               3 = THUNDER
                        SNOW, ICE PELLETS, HAIL    4 = ICE PELLETS
                        TOTAL MONTH:    M          5 = HAIL
                        GRTST 24HR    M  ON   M    6 = FREEZING RAIN OR DRIZZLE
                        GRTST DEPTH:  M  ON   M    7 = DUSTSTORM OR SANDSTORM:
                                                       VSBY 1/2 MILE OR LESS
                                                   8 = SMOKE OR HAZE
[NO. OF DAYS WITH]      [WEATHER - DAYS WITH]      9 = BLOWING SNOW
                                                   X = TORNADO
MAX 32 OR BELOW:   7    0.01 INCH OR MORE:  10
MAX 90 OR ABOVE:   0    0.10 INCH OR MORE:   4
MIN 32 OR BELOW:  25    0.50 INCH OR MORE:   1
MIN  0 OR BELOW:   1    1.00 INCH OR MORE:   0

[HDD (BASE 65) ]
TOTAL THIS MO.   886    CLEAR  (SCALE 0-3)   9
DPTR FM NORMAL   233    PTCLDY (SCALE 4-7)   9
TOTAL FM JUL 1  7919    CLOUDY (SCALE 8-10)  7
DPTR FM NORMAL   -41

[CDD (BASE 65) ]
TOTAL THIS MO.     0
DPTR FM NORMAL     0    [PRESSURE DATA]
TOTAL FM JAN 1     0    HIGHEST SLP M ON M
DPTR FM NORMAL     0    LOWEST  SLP 29.47 ON  4

[REMARKS]
