000
CXUS55 KLOX 221655
CF6PRB
PRELIMINARY LOCAL CLIMATOLOGICAL DATA (WS FORM: F-6)

                                          STATION:   PASO ROBLES AIRPORT CA
                                          MONTH:     APRIL
                                          YEAR:      2018
                                          LATITUDE:   35 40 N
                                          LONGITUDE: 120 38 W

  TEMPERATURE IN F:       :PCPN:    SNOW:  WIND      :SUNSHINE: SKY     :PK WND
================================================================================
1   2   3   4   5  6A  6B    7    8   9   10  11  12  13   14  15   16   17  18
                                     12Z  AVG MX 2MIN
DY MAX MIN AVG DEP HDD CDD  WTR  SNW DPTH SPD SPD DIR MIN PSBL S-S WX    SPD DR
================================================================================

 1  80  41  61   7   4   0 0.00  0.0    0  6.5 16 300   M    M   0 12     20 310
 2  74  46  60   6   5   0 0.00  0.0    0  8.8 17 320   M    M   2        22 310
 3  79  42  61   6   4   0 0.00  0.0    0  4.0 14 300   M    M   0        18 300
 4  79  46  63   8   2   0 0.00  0.0    0  5.3 17 210   M    M   0        21 210
 5  75  40  58   3   7   0    T    M    0  5.4 16 310   M    M   0        20 310
 6  68  49  59   4   6   0    T    M    0  4.9 16 230   M    M   9        22 230
 7  73  51  62   7   3   0 0.14  0.0    0  8.2 20 330   M    M   5 1      23 320
 8  73  45  59   4   6   0 0.00  0.0    0  5.7 17 340   M    M   2 12     21 340
 9  83  40  62   7   3   0 0.00  0.0    0  5.3 15  70   M    M   0        19  80
10  83  48  66  10   0   1 0.00  0.0    0  7.5 21 310   M    M   0        26 330
11  72  48  60   4   5   0    T    M    0  7.7 22 240   M    M   5        26 230
12  63  44  54  -2  11   0 0.01    M    0 16.0 26 340   M    M   1 1      31 350
13  73  34  54  -2  11   0 0.00  0.0    0  4.3 14 310   M    M   0        17 310
14  83  38  61   5   4   0 0.00  0.0    0  4.3 15 300   M    M   0        18 310
15  74  49  62   6   3   0 0.01    M    0  7.6 22 240   M    M   1 1      26 260
16  59  38  49  -8  16   0 0.04    M    0  7.2 23 270   M    M   3 1      30 240
17  65  31  48  -9  17   0 0.00  0.0    0  5.5  M   M   M    M   0         M  M
18  66  35  51  -6  14   0 0.00  0.0    0  5.3 18 230   M    M   0        23 210
19  68  38  53  -4  12   0    T    M    0 10.3 25 340   M    M   2        32 350
20  79  38  59   1   6   0 0.00  0.0    0  6.2 16 320   M    M   1        21 310
21  87  40  64   6   1   0 0.00  0.0    0  3.8 12 310   M    M   0        24 290
================================================================================
SM 1556  881       140   1  0.20     0.0 139.8          M       31
================================================================================
AV 74.1 42.0                               6.7 FASTST   M    M   1    MAX(MPH)
                                 MISC ---->  # 26 340               # 32  350
================================================================================
NOTES:
# LAST OF SEVERAL OCCURRENCES

COLUMN 17 PEAK WIND IN M.P.H.

PRELIMINARY LOCAL CLIMATOLOGICAL DATA (WS FORM: F-6) , PAGE 2

                                          STATION:  PASO ROBLES AIRPORT CA
                                          MONTH:    APRIL
                                          YEAR:     2018
                                          LATITUDE:   35 40 N
                                          LONGITUDE: 120 38 W

[TEMPERATURE DATA]      [PRECIPITATION DATA]       SYMBOLS USED IN COLUMN 16

AVERAGE MONTHLY: 58.0   TOTAL FOR MONTH:   0.20    1 = FOG OR MIST
DPTR FM NORMAL:   2.2   DPTR FM NORMAL:   -0.34    2 = FOG REDUCING VISIBILITY
HIGHEST:    87 ON 21    GRTST 24HR  0.14 ON  7- 7      TO 1/4 MILE OR LESS
LOWEST:     31 ON 17                               3 = THUNDER
                        SNOW, ICE PELLETS, HAIL    4 = ICE PELLETS
                        TOTAL MONTH:   0.0 INCH    5 = HAIL
                        GRTST 24HR     0.0         6 = FREEZING RAIN OR DRIZZLE
                        GRTST DEPTH:   0           7 = DUSTSTORM OR SANDSTORM:
                                                       VSBY 1/2 MILE OR LESS
                                                   8 = SMOKE OR HAZE
[NO. OF DAYS WITH]      [WEATHER - DAYS WITH]      9 = BLOWING SNOW
                                                   X = TORNADO
MAX 32 OR BELOW:   0    0.01 INCH OR MORE:   4
MAX 90 OR ABOVE:   0    0.10 INCH OR MORE:   1
MIN 32 OR BELOW:   1    0.50 INCH OR MORE:   0
MIN  0 OR BELOW:   0    1.00 INCH OR MORE:   0

[HDD (BASE 65) ]
TOTAL THIS MO.   140    CLEAR  (SCALE 0-3)  17
DPTR FM NORMAL   -55    PTCLDY (SCALE 4-7)   3
TOTAL FM JUL 1  2197    CLOUDY (SCALE 8-10)  1
DPTR FM NORMAL  -457

[CDD (BASE 65) ]
TOTAL THIS MO.     1
DPTR FM NORMAL     1    [PRESSURE DATA]
TOTAL FM JAN 1     1    HIGHEST SLP M ON M
DPTR FM NORMAL     1    LOWEST  SLP 29.79 ON  2

[REMARKS]
