000
CXUS54 KFWD 250730
CF6PRX
PRELIMINARY LOCAL CLIMATOLOGICAL DATA (WS FORM: F-6)

                                          STATION:   PARIS
                                          MONTH:     MAY
                                          YEAR:      2018
                                          LATITUDE:   33 37 N
                                          LONGITUDE:  95 27 W

  TEMPERATURE IN F:       :PCPN:    SNOW:  WIND      :SUNSHINE: SKY     :PK WND
================================================================================
1   2   3   4   5  6A  6B    7    8   9   10  11  12  13   14  15   16   17  18
                                     12Z  AVG MX 2MIN
DY MAX MIN AVG DEP HDD CDD  WTR  SNW DPTH SPD SPD DIR MIN PSBL S-S WX    SPD DR
================================================================================

 1  78  63  71   3   0   6 0.00  0.0    0 13.0 20 170   M    M   8        25 170
 2  82  67  75   7   0  10 0.00  0.0    0 12.9 18 160   M    M   9        22 150
 3  74  65  70   1   0   5 0.94  0.0    0 12.0 21 160   M    M  10 13     31 150
 4  70  60  65  -4   0   0 0.21  0.0    0  6.2 13 290   M    M   6 1       M  M
 5  79  53  66  -3   0   1 0.00  0.0    0  6.3 13 340   M    M   2 12     17 330
 6  85  55  70   0   0   5 0.00  0.0    0  4.2  9 250   M    M   0         M  M
 7  90  58  74   4   0   9 0.00  0.0    0  5.8 10 230   M    M   0         M  M
 8  88  61  75   5   0  10 0.00  0.0    0  9.9 18 170   M    M   0        22 170
 9  86  65  76   6   0  11 0.00  0.0    0 11.8 20 230   M    M   0        25 210
10  84  61  73   2   0   8 0.00  0.0    0  9.7 21 160   M    M   0        25 160
11  87  62  75   4   0  10 0.00  0.0    0 13.4 21 200   M    M   2        30 180
12  87  67  77   6   0  12 0.00  0.0    0 11.2 18 180   M    M   4        21 200
13  88  67  78   6   0  13 0.00  0.0    0  9.4 17 160   M    M   3 1      21 160
14  88  67  78   6   0  13 0.00  0.0    0  8.3 15 200   M    M   1 8      24 200
15  85  64  75   3   0  10 1.36  0.0    0  6.6 13 320   M    M   4 13     30 330
16  85  62  74   2   0   9 0.00  0.0    0  4.3 13 350   M    M   1         M  M
17  87  60  74   1   0   9 0.00  0.0    0  4.2  9  10   M    M   0         M  M
18  91  68  80   7   0  15 0.00  0.0    0  7.7 13 170   M    M   0         M  M
19  89  68  79   6   0  14 0.00  0.0    0  9.9 17 190   M    M   2        23 190
20  84  69  77   3   0  12 0.00  0.0    0  7.2 10 250   M    M   2         M  M
21  88  66  77   3   0  12 0.00  0.0    0  2.8  6 130   M    M   1 18      M  M
22  88  67  78   4   0  13    T  0.0    0  5.6 12 150   M    M   1 18      M  M
23  91  67  79   5   0  14 0.00  0.0    0  4.5 10 110   M    M   1 3       M  M
24  91  66  79   4   0  14 0.00  0.0    0  5.0  8 130   M    M   0         M  M
================================================================================
SM 2045 1528         0 235  2.51     0.0 191.9          M       57
================================================================================
AV 85.2 63.7                               8.0 FASTST   M    M   2    MAX(MPH)
                                 MISC ---->  # 21 160               # 31  150
================================================================================
NOTES:
# LAST OF SEVERAL OCCURRENCES

COLUMN 17 PEAK WIND IN M.P.H.

PRELIMINARY LOCAL CLIMATOLOGICAL DATA (WS FORM: F-6) , PAGE 2

                                          STATION:  PARIS
                                          MONTH:    MAY
                                          YEAR:     2018
                                          LATITUDE:   33 37 N
                                          LONGITUDE:  95 27 W

[TEMPERATURE DATA]      [PRECIPITATION DATA]       SYMBOLS USED IN COLUMN 16

AVERAGE MONTHLY: 74.4   TOTAL FOR MONTH:   2.51    1 = FOG OR MIST
DPTR FM NORMAL:   3.0   DPTR FM NORMAL:   -1.72    2 = FOG REDUCING VISIBILITY
HIGHEST:    91 ON 24,23 GRTST 24HR  1.36 ON 15-15      TO 1/4 MILE OR LESS
LOWEST:     53 ON  5                               3 = THUNDER
                        SNOW, ICE PELLETS, HAIL    4 = ICE PELLETS
                        TOTAL MONTH:   0.0 INCH    5 = HAIL
                        GRTST 24HR     0.0         6 = FREEZING RAIN OR DRIZZLE
                        GRTST DEPTH:   0           7 = DUSTSTORM OR SANDSTORM:
                                                       VSBY 1/2 MILE OR LESS
                                                   8 = SMOKE OR HAZE
[NO. OF DAYS WITH]      [WEATHER - DAYS WITH]      9 = BLOWING SNOW
                                                   X = TORNADO
MAX 32 OR BELOW:   0    0.01 INCH OR MORE:   3
MAX 90 OR ABOVE:   4    0.10 INCH OR MORE:   3
MIN 32 OR BELOW:   0    0.50 INCH OR MORE:   2
MIN  0 OR BELOW:   0    1.00 INCH OR MORE:   1

[HDD (BASE 65) ]
TOTAL THIS MO.     0    CLEAR  (SCALE 0-3)  17
DPTR FM NORMAL   -15    PTCLDY (SCALE 4-7)   4
TOTAL FM JUL 1  2680    CLOUDY (SCALE 8-10)  3
DPTR FM NORMAL    -7

[CDD (BASE 65) ]
TOTAL THIS MO.   235
DPTR FM NORMAL    64    [PRESSURE DATA]
TOTAL FM JAN 1   287    HIGHEST SLP M ON M
DPTR FM NORMAL     5    LOWEST  SLP M ON M

[REMARKS]
