000
CXUS56 KSGX 261445
CF6PSP
PRELIMINARY LOCAL CLIMATOLOGICAL DATA (WS FORM: F-6)

                                          STATION:   PALM SPRINGS INTL AIRPORT CA
                                          MONTH:     MAY
                                          YEAR:      2018
                                          LATITUDE:   33 49 N
                                          LONGITUDE: 116 30 W

  TEMPERATURE IN F:       :PCPN:    SNOW:  WIND      :SUNSHINE: SKY     :PK WND
================================================================================
1   2   3   4   5  6A  6B    7    8   9   10  11  12  13   14  15   16   17  18
                                     12Z  AVG MX 2MIN
DY MAX MIN AVG DEP HDD CDD  WTR  SNW DPTH SPD SPD DIR MIN PSBL S-S WX    SPD DR
================================================================================

 1  74  60  67  -8   0   2 0.00  0.0    0 14.0 26 330   M    M   0        36 280
 2  74  58  66  -9   0   1    T  0.0    0 11.2 25 320   M    M   4        35 290
 3  90  57  74  -2   0   9 0.00  0.0    0  3.5 13 320   M    M   1        19 310
 4  98  68  83   7   0  18 0.00  0.0    0  5.2 16 160   M    M   0        25 170
 5 103  73  88  12   0  23 0.00  0.0    0  5.1 16 320   M    M   0        18 330
 6 107  70  89  13   0  24 0.00  0.0    0  8.4 25 320   M    M   0        31 320
 7 104  74  89  12   0  24 0.00  0.0    0  7.3 22 320   M    M   0        28 320
 8 108  69  89  12   0  24 0.00  0.0    0  6.4 18 320   M    M   0        25 360
 9 106  72  89  12   0  24 0.00  0.0    0  4.8 13 110   M    M   0        16 120
10 104  73  89  11   0  24 0.00  0.0    0  7.8 29 330   M    M   0        39 330
11  84  66  75  -3   0  10 0.00  0.0    0 14.1 35 330   M    M   0        42 330
12  82  64  73  -5   0   8 0.00  0.0    0 17.6 29 320   M    M   0        34 320
13  84  63  74  -4   0   9 0.00  0.0    0 13.0 24 330   M    M   0        30 340
14  91  61  76  -3   0  11 0.00  0.0    0  9.8 24 330   M    M   0        30 340
15  94  64  79   0   0  14 0.00  0.0    0  9.7 21 330   M    M   0        29 340
16  99  64  82   3   0  17 0.00  0.0    0 11.5 26 320   M    M   0        33 330
17  92  63  78  -2   0  13 0.00  0.0    0 10.6 26 320   M    M   0        46 300
18  92  62  77  -3   0  12 0.00  0.0    0 10.9 26 330   M    M   0        30 330
19  94  65  80   0   0  15 0.00  0.0    0  9.7 23 320   M    M   0        30 320
20  94  65  80   0   0  15 0.00  0.0    0  8.3 25 320   M    M   0        31 320
21  86  69  78  -2   0  13 0.00  0.0    0 17.1 28 320   M    M   0        35 320
22  87  63  75  -6   0  10 0.00  0.0    0 11.1 22 330   M    M   0        26 310
23  93  65  79  -2   0  14 0.00  0.0    0  7.1 16 310   M    M   0        24 310
24  92  67  80  -1   0  15 0.00  0.0    0 10.5 24 320   M    M   0        35 290
25  90  66  78  -3   0  13 0.00  0.0    0 12.7 26 320   M    M   0        33 320
================================================================================
SM 2322 1641         0 362    T      0.0 247.4          M        5
================================================================================
AV 92.9 65.6                               9.9 FASTST   M    M   0    MAX(MPH)
                                 MISC ---->  # 35 330               # 46  300
================================================================================
NOTES:
# LAST OF SEVERAL OCCURRENCES

COLUMN 17 PEAK WIND IN M.P.H.

PRELIMINARY LOCAL CLIMATOLOGICAL DATA (WS FORM: F-6) , PAGE 2

                                          STATION:  PALM SPRINGS INTL AIRPORT CA
                                          MONTH:    MAY
                                          YEAR:     2018
                                          LATITUDE:   33 49 N
                                          LONGITUDE: 116 30 W

[TEMPERATURE DATA]      [PRECIPITATION DATA]       SYMBOLS USED IN COLUMN 16

AVERAGE MONTHLY: 79.3   TOTAL FOR MONTH:      T    1 = FOG OR MIST
DPTR FM NORMAL:   0.9   DPTR FM NORMAL:   -0.12    2 = FOG REDUCING VISIBILITY
HIGHEST:   108 ON  8    GRTST 24HR    T  ON  2- 2      TO 1/4 MILE OR LESS
LOWEST:     57 ON  3                               3 = THUNDER
                        SNOW, ICE PELLETS, HAIL    4 = ICE PELLETS
                        TOTAL MONTH:   0.0 INCH    5 = HAIL
                        GRTST 24HR     0.0         6 = FREEZING RAIN OR DRIZZLE
                        GRTST DEPTH:   0           7 = DUSTSTORM OR SANDSTORM:
                                                       VSBY 1/2 MILE OR LESS
                                                   8 = SMOKE OR HAZE
[NO. OF DAYS WITH]      [WEATHER - DAYS WITH]      9 = BLOWING SNOW
                                                   X = TORNADO
MAX 32 OR BELOW:   0    0.01 INCH OR MORE:   0
MAX 90 OR ABOVE:  18    0.10 INCH OR MORE:   0
MIN 32 OR BELOW:   0    0.50 INCH OR MORE:   0
MIN  0 OR BELOW:   0    1.00 INCH OR MORE:   0

[HDD (BASE 65) ]
TOTAL THIS MO.     0    CLEAR  (SCALE 0-3)  24
DPTR FM NORMAL     0    PTCLDY (SCALE 4-7)   1
TOTAL FM JUL 1   335    CLOUDY (SCALE 8-10)  0
DPTR FM NORMAL  -537

[CDD (BASE 65) ]
TOTAL THIS MO.   362
DPTR FM NORMAL    27    [PRESSURE DATA]
TOTAL FM JAN 1   962    HIGHEST SLP M ON M
DPTR FM NORMAL   307    LOWEST  SLP 29.74 ON M

[REMARKS]
