000
CXUS51 KGYX 260900
CF6PWM
PRELIMINARY LOCAL CLIMATOLOGICAL DATA (WS FORM: F-6)

                                          STATION:   PORTLAND ME
                                          MONTH:     MAY
                                          YEAR:      2018
                                          LATITUDE:   43 39 N
                                          LONGITUDE:  70 19 W

  TEMPERATURE IN F:       :PCPN:    SNOW:  WIND      :SUNSHINE: SKY     :PK WND
================================================================================
1   2   3   4   5  6A  6B    7    8   9   10  11  12  13   14  15   16   17  18
                                     12Z  AVG MX 2MIN
DY MAX MIN AVG DEP HDD CDD  WTR  SNW DPTH SPD SPD DIR MIN PSBL S-S WX    SPD DR
================================================================================

 1  60  33  47  -2  18   0 0.00  0.0    0  6.1 18 170   M    M   4        23 340
 2  90  49  70  20   0   5 0.00  0.0    0  8.3 22 270   M    M   4        35 280
 3  80  50  65  15   0   0 0.30  0.0    0  5.6 17  80   M    M   7 13     21  90
 4  66  50  58   8   7   0 0.01  0.0    0  5.5 17  90   M    M   9 12     21  90
 5  73  51  62  12   3   0 0.00  0.0    0 10.6 33 270   M    M   3        48 290
 6  67  49  58   7   7   0 0.05  0.0    0  3.8 18 190   M    M   8        29 200
 7  64  43  54   3  11   0 0.00  0.0    0  7.0 17 180   M    M   6 1      23 170
 8  62  40  51   0  14   0 0.00  0.0    0  6.6 18 170   M    M   3 12     24 170
 9  60  45  53   1  12   0 0.00  0.0    0  5.5 14  80   M    M   8 12     18 160
10  61  43  52   0  13   0 0.00  0.0    0  7.5 16 190   M    M   8 12     26 170
11  65  45  55   3  10   0 0.00  0.0    0  8.1 18 320   M    M   4        27 330
12  55  35  45  -8  20   0 0.00  0.0    0  4.7 15 180   M    M   5 1      21 180
13  57  37  47  -6  18   0 0.00  0.0    0  7.2 17 180   M    M   5 12     22 180
14  61  49  55   2  10   0 0.00  0.0    0  9.2 22 170   M    M   6        29 170
15  76  50  63   9   2   0 0.09  0.0    0  7.4 22  50   M    M   5 1      30 350
16  56  48  52  -2  13   0 0.00  0.0    0  8.6 16  50   M    M   7 1      26  60
17  71  47  59   5   6   0 0.00  0.0    0  5.5 17  20   M    M   7        24  50
18  61  43  52  -2  13   0 0.00  0.0    0  8.6 18  30   M    M   4        27  50
19  57  37  47  -8  18   0 0.27  0.0    0  6.1 14  90   M    M   6 1      21 130
20  79  49  64   9   1   0 0.00  0.0    0  8.2 23 340   M    M   7 1      30 330
21  78  44  61   6   4   0 0.00  0.0    0  6.2 22 290   M    M   1        28 170
22  62  50  56   0   9   0 0.03  0.0    0  5.1 16  80   M    M   8        20  90
23  78  52  65   9   0   0    T  0.0    0  8.5 28 360   M    M   5        39 340
24  59  49  54  -2  11   0 0.00  0.0    0  9.2 23 180   M    M   4        29 180
25  88  50  69  12   0   4 0.00  0.0    0  8.6 21 280   M    M   5        31 290
================================================================================
SM 1686 1138       220   9  0.75     0.0 177.7          M      139
================================================================================
AV 67.4 45.5                               7.1 FASTST   M    M   6    MAX(MPH)
                                 MISC ---->  # 33 270               # 48  290
================================================================================
NOTES:
# LAST OF SEVERAL OCCURRENCES

COLUMN 17 PEAK WIND IN M.P.H.

PRELIMINARY LOCAL CLIMATOLOGICAL DATA (WS FORM: F-6) , PAGE 2

                                          STATION:  PORTLAND ME
                                          MONTH:    MAY
                                          YEAR:     2018
                                          LATITUDE:   43 39 N
                                          LONGITUDE:  70 19 W

[TEMPERATURE DATA]      [PRECIPITATION DATA]       SYMBOLS USED IN COLUMN 16

AVERAGE MONTHLY: 56.5   TOTAL FOR MONTH:   0.75    1 = FOG OR MIST
DPTR FM NORMAL:   3.6   DPTR FM NORMAL:   -2.49    2 = FOG REDUCING VISIBILITY
HIGHEST:    90 ON  2    GRTST 24HR  0.30 ON  3- 3      TO 1/4 MILE OR LESS
LOWEST:     33 ON  1                               3 = THUNDER
                        SNOW, ICE PELLETS, HAIL    4 = ICE PELLETS
                        TOTAL MONTH:   0.0 INCH    5 = HAIL
                        GRTST 24HR     0.0         6 = FREEZING RAIN OR DRIZZLE
                        GRTST DEPTH:   0           7 = DUSTSTORM OR SANDSTORM:
                                                       VSBY 1/2 MILE OR LESS
                                                   8 = SMOKE OR HAZE
[NO. OF DAYS WITH]      [WEATHER - DAYS WITH]      9 = BLOWING SNOW
                                                   X = TORNADO
MAX 32 OR BELOW:   0    0.01 INCH OR MORE:   6
MAX 90 OR ABOVE:   1    0.10 INCH OR MORE:   2
MIN 32 OR BELOW:   0    0.50 INCH OR MORE:   0
MIN  0 OR BELOW:   0    1.00 INCH OR MORE:   0

[HDD (BASE 65) ]
TOTAL THIS MO.   220    CLEAR  (SCALE 0-3)   2
DPTR FM NORMAL   -86    PTCLDY (SCALE 4-7)  21
TOTAL FM JUL 1  6570    CLOUDY (SCALE 8-10)  2
DPTR FM NORMAL  -384

[CDD (BASE 65) ]
TOTAL THIS MO.     9
DPTR FM NORMAL     9    [PRESSURE DATA]
TOTAL FM JAN 1     9    HIGHEST SLP M ON M
DPTR FM NORMAL     9    LOWEST  SLP 29.56 ON  4

[REMARKS]
