000
CXUS51 KAKQ 261010
CF6SBY
PRELIMINARY LOCAL CLIMATOLOGICAL DATA (WS FORM: F-6)

                                          STATION:   SALISBURY MD
                                          MONTH:     APRIL
                                          YEAR:      2018
                                          LATITUDE:   38 20 N
                                          LONGITUDE:  75 30 W

  TEMPERATURE IN F:       :PCPN:    SNOW:  WIND      :SUNSHINE: SKY     :PK WND
================================================================================
1   2   3   4   5  6A  6B    7    8   9   10  11  12  13   14  15   16   17  18
                                     12Z  AVG MX 2MIN
DY MAX MIN AVG DEP HDD CDD  WTR  SNW DPTH SPD SPD DIR MIN PSBL S-S WX    SPD DR
================================================================================

 1  65  39  52   2  13   0 0.00  0.0    0  7.2 17 220   M    M   2        25 220
 2  50  39  45  -5  20   0 0.04  0.0    0  8.1 17  20   M    M   9 1      22  40
 3  60  40  50   0  15   0 0.01  0.0    0  6.1 15 110   M    M   9        19 160
 4  76  42  59   8   6   0    T  0.0    0 20.7 35 310   M    M   2        45 210
 5  51  30  41 -10  24   0 0.00  0.0    0  9.1 22 310   M    M   0        31 310
 6  69  30  50  -1  15   0 0.00  0.0    0 13.4 31 200   M    M   2        41 200
 7  64  38  51  -1  14   0 0.22  0.0    0 10.1 29 230   M    M  10 1      41 230
 8  48  31  40 -12  25   0 0.00  0.0    0  9.9 21 290   M    M   2        29 320
 9  46  31  39 -13  26   0    T    T    0  4.9 14 120   M    M   8 8      19 120
10  54  32  43  -9  22   0 0.03  0.0    0  6.9 18 330   M    M   5 18     26 350
11  57  28  43 -10  22   0 0.00  0.0    0  4.1 18 260   M    M   2        22 260
12  72  38  55   2  10   0 0.00  0.0    0 13.7 35 200   M    M   0        46 210
13  80  55  68  15   0   3 0.00  0.0    0 15.1 26 200   M    M   0        36 210
14  81  59  70  16   0   5 0.00  0.0    0 14.3 25 200   M    M   0        32 220
15  66  48  57   3   8   0 0.32  0.0    0 11.6 22  60   M    M   8 1      26  50
16  67  48  58   4   7   0 0.86  0.0    0 14.6 31 210   M    M   9 18     47 200
17  49  42  46  -8  19   0 0.01    M    0 11.0 22 270   M    M  10        31 280
18  59  32  46  -9  19   0 0.00  0.0    0  6.8 17 260   M    M   2        25 260
19  60  39  50  -5  15   0 0.04  0.0    0  9.7 30 320   M    M   5        37 310
20  56  35  46  -9  19   0 0.00  0.0    0  9.2 20 330   M    M   0        27 340
21  60  31  46 -10  19   0 0.00  0.0    0  3.5 13 330   M    M   0        21 290
22  66  37  52  -4  13   0 0.00  0.0    0  3.8 18 120   M    M   2        22 110
23  67  41  54  -2  11   0 0.00  0.0    0  6.7 21 110   M    M   2        33 130
24  64  44  54  -2  11   0 0.12  0.0    0 11.9 24 120   M    M   3 1      31 120
25  76  57  67  10   0   2 0.49  0.0    0  8.1 16 110   M    M   9 1      24 210
================================================================================
SM 1563  986       353  10  2.14    T    240.5          M      101
================================================================================
AV 62.5 39.4                               9.6 FASTST   M    M   4    MAX(MPH)
                                 MISC ---->  # 35 310               # 47  200
================================================================================
NOTES:
# LAST OF SEVERAL OCCURRENCES

COLUMN 17 PEAK WIND IN M.P.H.

PRELIMINARY LOCAL CLIMATOLOGICAL DATA (WS FORM: F-6) , PAGE 2

                                          STATION:  SALISBURY MD
                                          MONTH:    APRIL
                                          YEAR:     2018
                                          LATITUDE:   38 20 N
                                          LONGITUDE:  75 30 W

[TEMPERATURE DATA]      [PRECIPITATION DATA]       SYMBOLS USED IN COLUMN 16

AVERAGE MONTHLY: 51.0   TOTAL FOR MONTH:   2.14    1 = FOG OR MIST
DPTR FM NORMAL:  -2.3   DPTR FM NORMAL:   -0.90    2 = FOG REDUCING VISIBILITY
HIGHEST:    81 ON 14    GRTST 24HR  0.86 ON 16-16      TO 1/4 MILE OR LESS
LOWEST:     28 ON 11                               3 = THUNDER
                        SNOW, ICE PELLETS, HAIL    4 = ICE PELLETS
                        TOTAL MONTH:    T          5 = HAIL
                        GRTST 24HR    T  ON  9- 9  6 = FREEZING RAIN OR DRIZZLE
                        GRTST DEPTH:   0           7 = DUSTSTORM OR SANDSTORM:
                                                       VSBY 1/2 MILE OR LESS
                                                   8 = SMOKE OR HAZE
[NO. OF DAYS WITH]      [WEATHER - DAYS WITH]      9 = BLOWING SNOW
                                                   X = TORNADO
MAX 32 OR BELOW:   0    0.01 INCH OR MORE:  10
MAX 90 OR ABOVE:   0    0.10 INCH OR MORE:   5
MIN 32 OR BELOW:   8    0.50 INCH OR MORE:   1
MIN  0 OR BELOW:   0    1.00 INCH OR MORE:   0

[HDD (BASE 65) ]
TOTAL THIS MO.   353    CLEAR  (SCALE 0-3)  14
DPTR FM NORMAL    48    PTCLDY (SCALE 4-7)   5
TOTAL FM JUL 1  4132    CLOUDY (SCALE 8-10)  6
DPTR FM NORMAL  -108

[CDD (BASE 65) ]
TOTAL THIS MO.    10
DPTR FM NORMAL    -2    [PRESSURE DATA]
TOTAL FM JAN 1    14    HIGHEST SLP M ON M
DPTR FM NORMAL     0    LOWEST  SLP 29.50 ON 16

[REMARKS]
