000
CXUS56 KSGX 201445
CF6SDM
PRELIMINARY LOCAL CLIMATOLOGICAL DATA (WS FORM: F-6)

                                          STATION:   SAN DIEGO/BROWN
                                          MONTH:     APRIL
                                          YEAR:      2018
                                          LATITUDE:   32 34 N
                                          LONGITUDE: 116 59 W

  TEMPERATURE IN F:       :PCPN:    SNOW:  WIND      :SUNSHINE: SKY     :PK WND
================================================================================
1   2   3   4   5  6A  6B    7    8   9   10  11  12  13   14  15   16   17  18
                                     12Z  AVG MX 2MIN
DY MAX MIN AVG DEP HDD CDD  WTR  SNW DPTH SPD SPD DIR MIN PSBL S-S WX    SPD DR
================================================================================

 1  65  55  60   3   5   0 0.00  0.0    0  3.5 13 240   M    M   6 18      M  M
 2  66  56  61   4   4   0 0.00  0.0    0  6.1 15 260   M    M  10        19 250
 3  69  54  62   4   3   0 0.00  0.0    0  4.3 14 280   M    M   4 1      20 270
 4  68  51  60   2   5   0 0.00  0.0    0  3.7 14 280   M    M   7 18     20 280
 5  69  54  62   4   3   0 0.00  0.0    0  3.2 14 270   M    M   4 18     18 270
 6  70  51  61   3   4   0 0.00  0.0    0  4.9 14 280   M    M   1 1      20 270
 7  74  56  65   7   0   0 0.00  0.0    0  4.0 14 270   M    M   6 12     18 290
 8  74  56  65   7   0   0 0.00  0.0    0  4.5 17 280   M    M   3        20 270
 9  80  49  65   7   0   0 0.00  0.0    0  3.6 13 270   M    M   0 18     16 260
10  88  51  70  12   0   5 0.00  0.0    0  4.6 14 270   M    M   1 128    17 270
11  78  54  66   8   0   1 0.00  0.0    0  5.8 20 260   M    M   4 1      24 280
12  66  48  57  -2   8   0    T    M    0  7.3 17 250   M    M   4        24 290
13  77  44  61   2   4   0 0.00  0.0    0  6.2 16 270   M    M   0 8      20 280
14  86  49  68   9   0   3 0.00  0.0    0  5.6 17 280   M    M   0        22 290
15  78  49  64   5   1   0 0.00  0.0    0  6.1 15 270   M    M   1 18     19 270
16  66  54  60   1   5   0 0.00  0.0    0  7.3 17 280   M    M   5 1      25 270
17  65  45  55  -4  10   0 0.00  0.0    0  5.8 18 270   M    M   1        24 270
18  70  41  56  -4   9   0 0.00  0.0    0  5.7 17 260   M    M   1 8      21 260
19  62  47  55  -5  10   0 0.06    M    0  7.2 17 270   M    M   6 1      22 280
================================================================================
SM 1371  964        71   9  0.06     0.0  99.4          M       64
================================================================================
AV 72.2 50.7                               5.2 FASTST   M    M   3    MAX(MPH)
                                 MISC ---->  # 20 260               # 25  270
================================================================================
NOTES:
# LAST OF SEVERAL OCCURRENCES

COLUMN 17 PEAK WIND IN M.P.H.

PRELIMINARY LOCAL CLIMATOLOGICAL DATA (WS FORM: F-6) , PAGE 2

                                          STATION:  SAN DIEGO/BROWN
                                          MONTH:    APRIL
                                          YEAR:     2018
                                          LATITUDE:   32 34 N
                                          LONGITUDE: 116 59 W

[TEMPERATURE DATA]      [PRECIPITATION DATA]       SYMBOLS USED IN COLUMN 16

AVERAGE MONTHLY: 61.5   TOTAL FOR MONTH:   0.06    1 = FOG OR MIST
DPTR FM NORMAL:   3.0   DPTR FM NORMAL:   -0.58    2 = FOG REDUCING VISIBILITY
HIGHEST:    88 ON 10    GRTST 24HR  0.06 ON 19-19      TO 1/4 MILE OR LESS
LOWEST:     41 ON 18                               3 = THUNDER
                        SNOW, ICE PELLETS, HAIL    4 = ICE PELLETS
                        TOTAL MONTH:   0.0 INCH    5 = HAIL
                        GRTST 24HR     0.0         6 = FREEZING RAIN OR DRIZZLE
                        GRTST DEPTH:   0           7 = DUSTSTORM OR SANDSTORM:
                                                       VSBY 1/2 MILE OR LESS
                                                   8 = SMOKE OR HAZE
[NO. OF DAYS WITH]      [WEATHER - DAYS WITH]      9 = BLOWING SNOW
                                                   X = TORNADO
MAX 32 OR BELOW:   0    0.01 INCH OR MORE:   1
MAX 90 OR ABOVE:   0    0.10 INCH OR MORE:   0
MIN 32 OR BELOW:   0    0.50 INCH OR MORE:   0
MIN  0 OR BELOW:   0    1.00 INCH OR MORE:   0

[HDD (BASE 65) ]
TOTAL THIS MO.    71    CLEAR  (SCALE 0-3)   9
DPTR FM NORMAL   -60    PTCLDY (SCALE 4-7)   9
TOTAL FM JUL 1   942    CLOUDY (SCALE 8-10)  1
DPTR FM NORMAL  -620

[CDD (BASE 65) ]
TOTAL THIS MO.     9
DPTR FM NORMAL     9    [PRESSURE DATA]
TOTAL FM JAN 1    39    HIGHEST SLP M ON M
DPTR FM NORMAL    28    LOWEST  SLP 29.79 ON M

[REMARKS]
