000
CXUS51 KBTV 220700
CF6SLK
PRELIMINARY LOCAL CLIMATOLOGICAL DATA (WS FORM: F-6)

                                          STATION:   SARANAC LAKE NY
                                          MONTH:     APRIL
                                          YEAR:      2018
                                          LATITUDE:   44 23 N
                                          LONGITUDE:  74 12 W

  TEMPERATURE IN F:       :PCPN:    SNOW:  WIND      :SUNSHINE: SKY     :PK WND
================================================================================
1   2   3   4   5  6A  6B    7    8   9   10  11  12  13   14  15   16   17  18
                                     12Z  AVG MX 2MIN
DY MAX MIN AVG DEP HDD CDD  WTR  SNW DPTH SPD SPD DIR MIN PSBL S-S WX    SPD DR
================================================================================

 1  38  19  29  -3  36   0    T    M    0  9.6 24 210   M    M   8 1      35 210
 2  38  17  28  -4  37   0 0.00  0.0    0  5.4 17 220   M    M   3        23 220
 3  43  20  32   0  33   0 0.03    M    0  4.6 18 220   M    M   8 18     22 210
 4  46  15  31  -2  34   0 0.47    M    0 11.8 33 240   M    M  10 1      54 240
 5  26  11  19 -14  46   0    T    M    0 10.2 24 270   M    M   3 8      39 270
 6  33   7  20 -14  45   0 0.08    M    0  8.1 22 200   M    M   6 128    28 230
 7  31  17  24 -10  41   0    T    M    0 10.1 23 240   M    M   8        33 250
 8  29   6  18 -17  47   0 0.01    M    0  4.2 13 280   M    M   7 128    22 270
 9  34   8  21 -14  44   0 0.00  0.0    0  3.1 12 270   M    M   4        17 250
10  35  15  25 -11  40   0 0.03    M    0  3.2 14 220   M    M   7 18     22 260
11  41  10  26 -10  39   0 0.04    M    0  6.6 22 210   M    M   6 18     28 220
12  47  30  39   2  26   0 0.36    M    0  6.8 18 190   M    M   9 1      24 190
13  45  35  40   3  25   0 0.67    M    0  3.5 12 240   M    M  10 12     18 230
14  37  18  28 -10  37   0 0.36    M    0 11.5 23  50   M    M  10 16     29  70
15  30  18  24 -14  41   0 0.38    M    0 13.9 23  60   M    M  10 16     31  60
16  45  30  38   0  27   0 0.09    M    0 10.3 23 120   M    M  10 16     32 120
17  33  26  30  -9  35   0 0.04    M    0  9.1 17 240   M    M  10 1      26 250
18  37  26  32  -7  33   0 0.01    M    0  9.7 16 240   M    M  10 1      26 240
19  34  26  30 -10  35   0 0.11    M    0  5.2 12 310   M    M  10 12     20 330
20  37  25  31  -9  34   0 0.01    M    0  5.7 12 290   M    M   9 1      19 280
21  48  18  33  -7  32   0 0.00  0.0    0  4.8 16 280   M    M   1 1      27 280
================================================================================
SM  787  397       767   0  2.69     0.0 157.4          M      159
================================================================================
AV 37.5 18.9                               7.5 FASTST   M    M   8    MAX(MPH)
                                 MISC ---->  # 33 240               # 54  240
================================================================================
NOTES:
# LAST OF SEVERAL OCCURRENCES

COLUMN 17 PEAK WIND IN M.P.H.

PRELIMINARY LOCAL CLIMATOLOGICAL DATA (WS FORM: F-6) , PAGE 2

                                          STATION:  SARANAC LAKE NY
                                          MONTH:    APRIL
                                          YEAR:     2018
                                          LATITUDE:   44 23 N
                                          LONGITUDE:  74 12 W

[TEMPERATURE DATA]      [PRECIPITATION DATA]       SYMBOLS USED IN COLUMN 16

AVERAGE MONTHLY: 28.2   TOTAL FOR MONTH:   2.69    1 = FOG OR MIST
DPTR FM NORMAL:  -7.9   DPTR FM NORMAL:    0.71    2 = FOG REDUCING VISIBILITY
HIGHEST:    48 ON 21    GRTST 24HR  0.67 ON 13-13      TO 1/4 MILE OR LESS
LOWEST:      6 ON  8                               3 = THUNDER
                        SNOW, ICE PELLETS, HAIL    4 = ICE PELLETS
                        TOTAL MONTH:   0.0 INCH    5 = HAIL
                        GRTST 24HR     0.0         6 = FREEZING RAIN OR DRIZZLE
                        GRTST DEPTH:   0           7 = DUSTSTORM OR SANDSTORM:
                                                       VSBY 1/2 MILE OR LESS
                                                   8 = SMOKE OR HAZE
[NO. OF DAYS WITH]      [WEATHER - DAYS WITH]      9 = BLOWING SNOW
                                                   X = TORNADO
MAX 32 OR BELOW:   4    0.01 INCH OR MORE:  15
MAX 90 OR ABOVE:   0    0.10 INCH OR MORE:   6
MIN 32 OR BELOW:  20    0.50 INCH OR MORE:   1
MIN  0 OR BELOW:   0    1.00 INCH OR MORE:   0

[HDD (BASE 65) ]
TOTAL THIS MO.   767    CLEAR  (SCALE 0-3)   3
DPTR FM NORMAL   159    PTCLDY (SCALE 4-7)   6
TOTAL FM JUL 1  8419    CLOUDY (SCALE 8-10) 12
DPTR FM NORMAL  -151

[CDD (BASE 65) ]
TOTAL THIS MO.     0
DPTR FM NORMAL     0    [PRESSURE DATA]
TOTAL FM JAN 1     0    HIGHEST SLP M ON M
DPTR FM NORMAL     0    LOWEST  SLP 29.32 ON  4

[REMARKS]
