000
CXUS54 KEPZ 241200
CF6SVC
PRELIMINARY LOCAL CLIMATOLOGICAL DATA (WS FORM: F-6)

                                          STATION:   SILVER CITY
                                          MONTH:     MAY
                                          YEAR:      2018
                                          LATITUDE:   32 37 N
                                          LONGITUDE: 108 10 W

  TEMPERATURE IN F:       :PCPN:    SNOW:  WIND      :SUNSHINE: SKY     :PK WND
================================================================================
1   2   3   4   5  6A  6B    7    8   9   10  11  12  13   14  15   16   17  18
                                     12Z  AVG MX 2MIN
DY MAX MIN AVG DEP HDD CDD  WTR  SNW DPTH SPD SPD DIR MIN PSBL S-S WX    SPD DR
================================================================================

 1  73  39  56   M   9   0 0.00  0.0    0 11.8 23 220   M    M   2        35 220
 2  67  41  54   M  11   0 0.00  0.0    0 13.2 29 220   M    M   5        37 220
 3  69  33  51   M  14   0 0.00  0.0    0 10.1 16 280   M    M   0        22 280
 4  76  39  58   M   7   0 0.00  0.0    0  6.2 12 320   M    M   3         9 120
 5  79  46  63   M   2   0 0.00  0.0    0  7.5 15 150   M    M   7        23 150
 6  85  44  65   M   0   0 0.00  0.0    0  6.5 12 160   M    M   4        25 170
 7  89  51  70   M   0   5 0.00  0.0    0  7.5 14 270   M    M   2        22 250
 8  89  52  71   M   0   6 0.00  0.0    0 11.6 18 280   M    M   0        28 270
 9  92  56  74   M   0   9 0.00  0.0    0 10.3 16 250   M    M   0        25 250
10  91  56  74   M   0   9 0.00  0.0    0 11.0 17 290   M    M   0        27 230
11  87  54  71   M   0   6 0.00  0.0    0 12.5 24 240   M    M   0        33 240
12  83  48  66   M   0   1 0.00  0.0    0 12.4 24 230   M    M   1        30 230
13  79  49  64   M   1   0 0.00  0.0    0 11.4 24 250   M    M   0        31 250
14  84  48  66   M   0   1 0.00  0.0    0 11.7 27 280   M    M   2        33 240
15  85  44  65   M   0   0 0.00  0.0    0 10.7 24 270   M    M   1        33 270
16  87  49  68   M   0   3 0.00  0.0    0  9.6 15 230   M    M   2        28 210
17  87  49  68   M   0   3 0.00  0.0    0 11.9 20 240   M    M   1        31 240
18  80  46  63   M   2   0 0.00  0.0    0 11.9 23 290   M    M   1        32 290
19  82  44  63   M   2   0 0.00  0.0    0  9.0 13 300   M    M   2        24 230
20  83  48  66   M   0   1 0.00  0.0    0  8.6 17 170   M    M   4        28 170
21  86  51  69   M   0   4 0.00  0.0    0 10.5 20 170   M    M   4        35 190
22  82  40  61   M   4   0 0.00  0.0    0  9.7 20 190   M    M   3        28 220
23  83  45  64   M   1   0 0.00  0.0    0  8.6 16 220   M    M   0        24 210
================================================================================
SM 1898 1072        53  48  0.00     0.0 234.2          M       44
================================================================================
AV 82.5 46.6                              10.2 FASTST   M    M   2    MAX(MPH)
                                 MISC ---->  # 29 220               # 37  220
================================================================================
NOTES:
# LAST OF SEVERAL OCCURRENCES

COLUMN 17 PEAK WIND IN M.P.H.

PRELIMINARY LOCAL CLIMATOLOGICAL DATA (WS FORM: F-6) , PAGE 2

                                          STATION:  SILVER CITY
                                          MONTH:    MAY
                                          YEAR:     2018
                                          LATITUDE:   32 37 N
                                          LONGITUDE: 108 10 W

[TEMPERATURE DATA]      [PRECIPITATION DATA]       SYMBOLS USED IN COLUMN 16

AVERAGE MONTHLY: 64.6   TOTAL FOR MONTH:   0.00    1 = FOG OR MIST
DPTR FM NORMAL:     M   DPTR FM NORMAL:       M    2 = FOG REDUCING VISIBILITY
HIGHEST:    92 ON  9    GRTST 24HR  0.00 ON 23-23      TO 1/4 MILE OR LESS
LOWEST:     33 ON  3                               3 = THUNDER
                        SNOW, ICE PELLETS, HAIL    4 = ICE PELLETS
                        TOTAL MONTH:   0.0 INCH    5 = HAIL
                        GRTST 24HR     0.0         6 = FREEZING RAIN OR DRIZZLE
                        GRTST DEPTH:   0           7 = DUSTSTORM OR SANDSTORM:
                                                       VSBY 1/2 MILE OR LESS
                                                   8 = SMOKE OR HAZE
[NO. OF DAYS WITH]      [WEATHER - DAYS WITH]      9 = BLOWING SNOW
                                                   X = TORNADO
MAX 32 OR BELOW:   0    0.01 INCH OR MORE:   0
MAX 90 OR ABOVE:   2    0.10 INCH OR MORE:   0
MIN 32 OR BELOW:   0    0.50 INCH OR MORE:   0
MIN  0 OR BELOW:   0    1.00 INCH OR MORE:   0

[HDD (BASE 65) ]
TOTAL THIS MO.    53    CLEAR  (SCALE 0-3)  18
DPTR FM NORMAL     M    PTCLDY (SCALE 4-7)   5
TOTAL FM JUL 1  3262    CLOUDY (SCALE 8-10)  0
DPTR FM NORMAL     M

[CDD (BASE 65) ]
TOTAL THIS MO.    48
DPTR FM NORMAL     M    [PRESSURE DATA]
TOTAL FM JAN 1    50    HIGHEST SLP M ON M
DPTR FM NORMAL     M    LOWEST  SLP M ON M

[REMARKS]
