206
CXUS54 KTSA 240840
CF6TUL
PRELIMINARY LOCAL CLIMATOLOGICAL DATA (WS FORM: F-6)

                                          STATION:   TULSA OKLAHOMA
                                          MONTH:     MAY
                                          YEAR:      2018
                                          LATITUDE:   36 12 N
                                          LONGITUDE:  95 54 W

  TEMPERATURE IN F:       :PCPN:    SNOW:  WIND      :SUNSHINE: SKY     :PK WND
================================================================================
1   2   3   4   5  6A  6B    7    8   9   10  11  12  13   14  15   16   17  18
                                     12Z  AVG MX 2MIN
DY MAX MIN AVG DEP HDD CDD  WTR  SNW DPTH SPD SPD DIR MIN PSBL S-S WX    SPD DR
================================================================================

 1  79  67  73   8   0   8 0.00  0.0    0 17.6 29 170   M    M  10        38 180
 2  82  65  74   8   0   9 0.12  0.0    0 16.0 30 210   M    M  10 3      44 210
 3  77  66  72   6   0   7 0.45  0.0    0 16.4 29 190   M    M   8 13     36 190
 4  74  58  66   0   0   1 0.00  0.0    0  5.9 21 280   M    M   6        26 260
 5  85  51  68   2   0   3 0.00  0.0    0  3.8 13 270   M    M   2 1      15 300
 6  90  58  74   7   0   9 0.00  0.0    0  6.3 18 240   M    M   4        25 210
 7  90  59  75   8   0  10 0.00  0.0    0  4.9 13 120   M    M   4        19 140
 8  92  70  81  14   0  16 0.00  0.0    0 14.9 23 200   M    M   9        41 170
 9  92  70  81  14   0  16 0.00  0.0    0  9.4 22 190   M    M   3        30 180
10  87  70  79  11   0  14    T  0.0    0 14.0 25 180   M    M   6        31 180
11  87  68  78  10   0  13 0.00  0.0    0 19.1 35 170   M    M   5        44 180
12  87  74  81  13   0  16 0.00  0.0    0 16.7 29 170   M    M   8        36 180
13  90  71  81  13   0  16 0.00  0.0    0 13.8 25 170   M    M   6        32 180
14  91  67  79  10   0  14 0.00  0.0    0 14.2 29  10   M    M   8 13     38 350
15  81  65  73   4   0   8 0.78  0.0    0  6.2 25  50   M    M   8 13     33  50
16  82  67  75   6   0  10    T  0.0    0  4.9 15 280   M    M   8 3      19 280
17  88  62  75   5   0  10 0.00  0.0    0  3.5  9  80   M    M   4 1      13 360
18  88  65  77   7   0  12 0.00  0.0    0  7.5 16 140   M    M   6        20 140
19  92  71  82  12   0  17 0.05  0.0    0  7.5 21 180   M    M   8 3      29 170
20  79  66  73   3   0   8 0.30  0.0    0  7.6 32 240   M    M  10 13     42 190
21  85  60  73   2   0   8 0.00  0.0    0  3.4 10 340   M    M   4        13 350
22  90  64  77   6   0  12 0.00  0.0    0  5.7 17 120   M    M   4 1      21 120
23  89  67  78   7   0  13 0.63  0.0    0  6.2 36  20   M    M   7 138    52  30
================================================================================
SM 1977 1501         0 250  2.33     0.0 225.5          M      148
================================================================================
AV 86.0 65.3                               9.8 FASTST   M    M   6    MAX(MPH)
                                 MISC ---->  # 36  20               # 52   30
================================================================================
NOTES:
# LAST OF SEVERAL OCCURRENCES

COLUMN 17 PEAK WIND IN M.P.H.

PRELIMINARY LOCAL CLIMATOLOGICAL DATA (WS FORM: F-6) , PAGE 2

                                          STATION:  TULSA OKLAHOMA
                                          MONTH:    MAY
                                          YEAR:     2018
                                          LATITUDE:   36 12 N
                                          LONGITUDE:  95 54 W

[TEMPERATURE DATA]      [PRECIPITATION DATA]       SYMBOLS USED IN COLUMN 16

AVERAGE MONTHLY: 75.6   TOTAL FOR MONTH:   2.33    1 = FOG OR MIST
DPTR FM NORMAL:   7.4   DPTR FM NORMAL:   -2.07    2 = FOG REDUCING VISIBILITY
HIGHEST:    92 ON 19, 9 GRTST 24HR  0.78 ON 15-15      TO 1/4 MILE OR LESS
LOWEST:     51 ON  5                               3 = THUNDER
                        SNOW, ICE PELLETS, HAIL    4 = ICE PELLETS
                        TOTAL MONTH:   0.0 INCH    5 = HAIL
                        GRTST 24HR     0.0         6 = FREEZING RAIN OR DRIZZLE
                        GRTST DEPTH:   0           7 = DUSTSTORM OR SANDSTORM:
                                                       VSBY 1/2 MILE OR LESS
                                                   8 = SMOKE OR HAZE
[NO. OF DAYS WITH]      [WEATHER - DAYS WITH]      9 = BLOWING SNOW
                                                   X = TORNADO
MAX 32 OR BELOW:   0    0.01 INCH OR MORE:   6
MAX 90 OR ABOVE:   8    0.10 INCH OR MORE:   5
MIN 32 OR BELOW:   0    0.50 INCH OR MORE:   2
MIN  0 OR BELOW:   0    1.00 INCH OR MORE:   0

[HDD (BASE 65) ]
TOTAL THIS MO.     0    CLEAR  (SCALE 0-3)   2
DPTR FM NORMAL   -35    PTCLDY (SCALE 4-7)  15
TOTAL FM JUL 1  3416    CLOUDY (SCALE 8-10)  6
DPTR FM NORMAL  -154

[CDD (BASE 65) ]
TOTAL THIS MO.   250
DPTR FM NORMAL   143    [PRESSURE DATA]
TOTAL FM JAN 1   279    HIGHEST SLP M ON M
DPTR FM NORMAL   107    LOWEST  SLP 29.70 ON M

[REMARKS]
