000
CDUS46 KMFR 250836
CLIAAT


CLIMATE REPORT
NATIONAL WEATHER SERVICE MEDFORD, OR
136 AM PDT WED APR 25 2018


...................................

...THE ALTURAS CA CLIMATE SUMMARY FOR APRIL 24 2018...

CLIMATE NORMAL PERIOD 1981 TO 2010
CLIMATE RECORD PERIOD 1905 TO 2018


WEATHER ITEM   OBSERVED TIME   RECORD YEAR NORMAL DEPARTURE LAST
                VALUE   (LST)  VALUE       VALUE  FROM      YEAR
                                                  NORMAL
..................................................................
TEMPERATURE (F)
 YESTERDAY
  MAXIMUM         72    346 PM  87    1910  60     12       51
  MINIMUM         27    531 AM  14    1985  31     -4       37
  AVERAGE         50                        45      5       44

PRECIPITATION (IN)
  YESTERDAY        0.00          0.48 1990   0.05  -0.05     0.20
  MONTH TO DATE    2.18                      1.23   0.95     1.16
  SINCE OCT 1      8.49                     10.36  -1.87    12.58
  SINCE JAN 1      5.49                      5.85  -0.36     8.83

SNOWFALL (IN)
  YESTERDAY       MM                        MM     MM       MM
  MONTH TO DATE   MM                        MM     MM       MM
  SINCE JUL 1     MM                        MM     MM       MM
  SNOW DEPTH      MM

DEGREE DAYS
 HEATING
  YESTERDAY       15                        20     -5       21
  MONTH TO DATE  496                       541    -45      477
  SINCE MAR 1   1355                      1366    -11     1171
  SINCE JUL 1   5752                      6233   -481     5833

 COOLING
  YESTERDAY        0                         0      0        0
  MONTH TO DATE    0                         0      0        0
  SINCE MAR 1      0                         0      0        0
  SINCE JAN 1      0                         0      0        0
..................................................................


WIND (MPH)
  HIGHEST WIND SPEED    15   HIGHEST WIND DIRECTION     S (190)
  HIGHEST GUST SPEED    19   HIGHEST GUST DIRECTION    SE (140)
  AVERAGE WIND SPEED     2.9


SKY COVER
  POSSIBLE SUNSHINE  MM
  AVERAGE SKY COVER 0.0


WEATHER CONDITIONS
 THE FOLLOWING WEATHER WAS RECORDED YESTERDAY.
  NO SIGNIFICANT WEATHER WAS OBSERVED.


RELATIVE HUMIDITY (PERCENT)
 HIGHEST    78           400 AM
 LOWEST     16           200 PM
 AVERAGE    47

..........................................................


THE ALTURAS CA CLIMATE NORMALS FOR TODAY
                         NORMAL    RECORD    YEAR
 MAXIMUM TEMPERATURE (F)   61        84      1946
 MINIMUM TEMPERATURE (F)   31        15      1960


SUNRISE AND SUNSET
APRIL 25 2018.........SUNRISE   607 AM PDT   SUNSET   754 PM PDT
APRIL 26 2018.........SUNRISE   606 AM PDT   SUNSET   755 PM PDT


-  INDICATES NEGATIVE NUMBERS.
R  INDICATES RECORD WAS SET OR TIED.
MM INDICATES DATA IS MISSING.
T  INDICATES TRACE AMOUNT.




$$
