000
CDUS44 KSJT 280726
CLIABI


CLIMATE REPORT
NATIONAL WEATHER SERVICE SAN ANGELO TX
226 AM CDT MON MAY 28 2018


...................................

...THE ABILENE CLIMATE SUMMARY FOR MAY 27 2018...

CLIMATE NORMAL PERIOD 1981 TO 2010
CLIMATE RECORD PERIOD 1886 TO 2018


WEATHER ITEM   OBSERVED TIME   RECORD YEAR NORMAL DEPARTURE LAST
                VALUE   (LST)  VALUE       VALUE  FROM      YEAR
                                                  NORMAL
..................................................................
TEMPERATURE (F)
 YESTERDAY
  MAXIMUM         99    456 PM 107    2011  87     12       99
  MINIMUM         72    615 AM  47    1901  65      7       75
  AVERAGE         86                        76     10       87

PRECIPITATION (IN)
  YESTERDAY        0.00          1.75 1980   0.12  -0.12     0.00
  MONTH TO DATE    1.93                      2.67  -0.74     2.73
  SINCE MAR 1      3.70                      6.05  -2.35     4.49
  SINCE JAN 1      6.11                      8.43  -2.32     7.87

DEGREE DAYS
 HEATING
  YESTERDAY        0                         0      0        0
  MONTH TO DATE    0                        13    -13       16
  SINCE MAR 1    382                       422    -40      245
  SINCE JUL 1   2583                      2555     28     1826

 COOLING
  YESTERDAY       21                        11     10       22
  MONTH TO DATE  329                       220    109      168
  SINCE MAR 1    434                       348     86      356
  SINCE JAN 1    446                       353     93      387
..................................................................


WIND (MPH)
  HIGHEST WIND SPEED    21   HIGHEST WIND DIRECTION    SE (120)
  HIGHEST GUST SPEED    26   HIGHEST GUST DIRECTION     S (160)
  AVERAGE WIND SPEED    13.9


SKY COVER
  POSSIBLE SUNSHINE  MM
  AVERAGE SKY COVER 0.0


WEATHER CONDITIONS
 THE FOLLOWING WEATHER WAS RECORDED YESTERDAY.
  NO SIGNIFICANT WEATHER WAS OBSERVED.


RELATIVE HUMIDITY (PERCENT)
 HIGHEST    79           600 AM
 LOWEST     26           400 PM
 AVERAGE    53

..........................................................


THE ABILENE CLIMATE NORMALS FOR TODAY
                         NORMAL    RECORD    YEAR
 MAXIMUM TEMPERATURE (F)   87       109      2011
 MINIMUM TEMPERATURE (F)   65        49      1976


SUNRISE AND SUNSET
MAY 28 2018...........SUNRISE   634 AM CDT   SUNSET   839 PM CDT
MAY 29 2018...........SUNRISE   633 AM CDT   SUNSET   839 PM CDT


-  INDICATES NEGATIVE NUMBERS.
R  INDICATES RECORD WAS SET OR TIED.
MM INDICATES DATA IS MISSING.
T  INDICATES TRACE AMOUNT.




$$
