000
CDAK48 PAFC 271253
CLIADQ


CLIMATE REPORT
NATIONAL WEATHER SERVICE ANCHORAGE, AK
453 AM AKDT SUN MAY 27 2018


...................................

...THE KODIAK CLIMATE SUMMARY FOR MAY 26 2018...

CLIMATE NORMAL PERIOD 1981 TO 2010
CLIMATE RECORD PERIOD 1913 TO 2018


WEATHER ITEM   OBSERVED TIME   RECORD YEAR NORMAL DEPARTURE LAST
                VALUE   (LST)  VALUE       VALUE  FROM      YEAR
                                                  NORMAL
..................................................................
TEMPERATURE (F)
 YESTERDAY
  MAXIMUM         51    402 PM  74    2006  52     -1       49
  MINIMUM         43    653 AM  32    2017  41      2       32
  AVERAGE         47                        46      1       41

PRECIPITATION (IN)
  YESTERDAY        0.05          1.24 1982   0.19  -0.14     0.01
  MONTH TO DATE    8.46                      4.61   3.85     6.37
  SINCE MAR 1     16.23                     15.95   0.28    14.42
  SINCE JAN 1     27.16                     30.38  -3.22    19.96

SNOWFALL (IN)
  YESTERDAY        0.0          MM      MM   0.0    0.0      0.0
  MONTH TO DATE    0.0                       0.2   -0.2      0.0
  SINCE MAR 1      1.1                      19.5  -18.4      2.6
  SINCE JUL 1     17.9                      68.9  -51.0     28.4
  SNOW DEPTH       0

DEGREE DAYS
 HEATING
  YESTERDAY       18                        19     -1       24
  MONTH TO DATE  549                       550     -1      503
  SINCE MAR 1   2151                      2370   -219     2363
  SINCE JUL 1   7452                      8242   -790     7704

 COOLING
  YESTERDAY        0                         0      0        0
  MONTH TO DATE    0                         0      0        0
  SINCE MAR 1      0                         0      0        0
  SINCE JAN 1      0                         0      0        0
..................................................................


WIND (MPH)
  RESULTANT WIND SPEED   4   RESULTANT WIND DIRECTION  NE (30)
  HIGHEST WIND SPEED    20   HIGHEST WIND DIRECTION    NE (30)
  HIGHEST GUST SPEED    25   HIGHEST GUST DIRECTION    NE (30)
  AVERAGE WIND SPEED     7.6



WEATHER CONDITIONS
 THE FOLLOWING WEATHER WAS RECORDED YESTERDAY.
  LIGHT RAIN
  FOG


RELATIVE HUMIDITY (PERCENT)
 HIGHEST    89
 LOWEST     63
 AVERAGE    76

..........................................................


THE KODIAK CLIMATE NORMALS FOR TODAY
                         NORMAL    RECORD    YEAR
 MAXIMUM TEMPERATURE (F)   52        75      2006
 MINIMUM TEMPERATURE (F)   41        29      1914


SUNRISE AND SUNSET
MAY 27 2018...........SUNRISE   526 AM AKDT  SUNSET  1050 PM AKDT
MAY 28 2018...........SUNRISE   524 AM AKDT  SUNSET  1052 PM AKDT


-  INDICATES NEGATIVE NUMBERS.
R  INDICATES RECORD WAS SET OR TIED.
MM INDICATES DATA IS MISSING.
T  INDICATES TRACE AMOUNT.




$$
