015
CDAK48 PAFC 210044
CLIAKN


CLIMATE REPORT
NATIONAL WEATHER SERVICE ANCHORAGE, AK
444 PM AKDT FRI APR 20 2018


...................................

...THE KING SALMON CLIMATE SUMMARY FOR APRIL 20 2018...
VALID TODAY AS OF 0400 PM LOCAL TIME.

CLIMATE NORMAL PERIOD 1981 TO 2010
CLIMATE RECORD PERIOD 1917 TO 2018


WEATHER ITEM   OBSERVED TIME   RECORD YEAR NORMAL DEPARTURE LAST
                VALUE   (LST)  VALUE       VALUE  FROM      YEAR
                                                  NORMAL
..................................................................
TEMPERATURE (F)
 TODAY
  MAXIMUM         51        MM  59    2014  44      7       53
  MINIMUM         32        MM   3    1972  27      5       30
                                      1922
  AVERAGE         42                        36      6       42

PRECIPITATION (IN)
  TODAY            T             1.21 1963   0.04  -0.04     0.00
  MONTH TO DATE    0.91                      0.62   0.29     0.49
  SINCE MAR 1      4.35                      1.32   3.03     0.54
  SINCE JAN 1      8.05                      3.10   4.95     1.74

SNOWFALL (IN)
  TODAY            0.0          MM      MM   0.1   -0.1      0.0
  MONTH TO DATE   10.5                       3.1    7.4      2.9
  SINCE MAR 1     32.3                       9.5   22.8      3.3
  SINCE JUL 1     56.2                      45.0   11.2     26.0
  SNOW DEPTH       0

DEGREE DAYS
 HEATING
  TODAY           23                        30     -7       23
  MONTH TO DATE  589                       666    -77      547
  SINCE MAR 1   1724                      1932   -208     2171
  SINCE JUL 1   8210                      9552  -1342     9304

 COOLING
  TODAY            0                         0      0        0
  MONTH TO DATE    0                         0      0        0
  SINCE MAR 1      0                         0      0        0
  SINCE JAN 1      0                         0      0        0
..................................................................


WIND (MPH)
  RESULTANT WIND SPEED   5   RESULTANT WIND DIRECTION   S (190)
  HIGHEST WIND SPEED    12   HIGHEST WIND DIRECTION     S (180)
  HIGHEST GUST SPEED    MM   HIGHEST GUST DIRECTION    MM
  AVERAGE WIND SPEED     5.7



WEATHER CONDITIONS
 THE FOLLOWING WEATHER WAS RECORDED TODAY.
  NO SIGNIFICANT WEATHER WAS OBSERVED.


RELATIVE HUMIDITY (PERCENT)
 HIGHEST    92
 LOWEST     50
 AVERAGE    71

..........................................................


THE KING SALMON CLIMATE NORMALS FOR TOMORROW
                         NORMAL    RECORD    YEAR
 MAXIMUM TEMPERATURE (F)   45        61      2016
 MINIMUM TEMPERATURE (F)   27        -1      1972


SUNRISE AND SUNSET
APRIL 20 2018.........SUNRISE   659 AM AKDT  SUNSET   953 PM AKDT
APRIL 21 2018.........SUNRISE   657 AM AKDT  SUNSET   955 PM AKDT


-  INDICATES NEGATIVE NUMBERS.
R  INDICATES RECORD WAS SET OR TIED.
MM INDICATES DATA IS MISSING.
T  INDICATES TRACE AMOUNT.




$$
