000
CDUS45 KPUB 261039
CLIALS


CLIMATE REPORT
NATIONAL WEATHER SERVICE PUEBLO
439 AM MDT THU APR 26 2018


...................................

...THE ALAMOSA CO CLIMATE SUMMARY FOR APRIL 25 2018...

CLIMATE NORMAL PERIOD 1981 TO 2010
CLIMATE RECORD PERIOD 1932 TO 2018


WEATHER ITEM   OBSERVED TIME   RECORD YEAR NORMAL DEPARTURE LAST
                VALUE   (LST)  VALUE       VALUE  FROM      YEAR
                                                  NORMAL
..................................................................
TEMPERATURE (F)
 YESTERDAY
  MAXIMUM         65    434 PM  77    2012  62      3       51
                                      1949
  MINIMUM         20    540 AM  11    1950  27     -7       32
  AVERAGE         43                        45     -2       42

PRECIPITATION (IN)
  YESTERDAY        0.00          0.30 1986   0.02  -0.02     0.15
  MONTH TO DATE    0.20                      0.49  -0.29     0.51
  SINCE MAR 1      0.35                      1.02  -0.67     1.24
  SINCE JAN 1      0.66                      1.54  -0.88     2.89

SNOWFALL (IN)
  YESTERDAY        0.0           1.4  1948   0.1   -0.1      0.5
  MONTH TO DATE    0.3                       3.2   -2.9      3.7
  SINCE MAR 1      2.1                       8.2   -6.1      4.4
  SINCE JUL 1      9.1                      26.3  -17.2     39.9
  SNOW DEPTH       0

DEGREE DAYS
 HEATING
  YESTERDAY       22                        20      2       23
  MONTH TO DATE  526                       598    -72      496
  SINCE MAR 1   1462                      1575   -113     1235
  SINCE JUL 1   6737                      7904  -1167     7024

 COOLING
  YESTERDAY        0                         0      0        0
  MONTH TO DATE    0                         0      0        0
  SINCE MAR 1      0                         0      0        0
  SINCE JAN 1      0                         0      0        0
..................................................................


WIND (MPH)
  HIGHEST WIND SPEED    13   HIGHEST WIND DIRECTION    SW (240)
  HIGHEST GUST SPEED    18   HIGHEST GUST DIRECTION     W (250)
  AVERAGE WIND SPEED     5.7


SKY COVER
  POSSIBLE SUNSHINE  MM
  AVERAGE SKY COVER 0.1


WEATHER CONDITIONS
 THE FOLLOWING WEATHER WAS RECORDED YESTERDAY.
  NO SIGNIFICANT WEATHER WAS OBSERVED.


RELATIVE HUMIDITY (PERCENT)
 HIGHEST    84           500 AM
 LOWEST      6           400 PM
 AVERAGE    45

..........................................................


THE ALAMOSA CO CLIMATE NORMALS FOR TODAY
                         NORMAL    RECORD    YEAR
 MAXIMUM TEMPERATURE (F)   63        76      2012
                                             2000
 MINIMUM TEMPERATURE (F)   28        13      1967


SUNRISE AND SUNSET
APRIL 26 2018.........SUNRISE   614 AM MDT   SUNSET   749 PM MDT
APRIL 27 2018.........SUNRISE   613 AM MDT   SUNSET   750 PM MDT


-  INDICATES NEGATIVE NUMBERS.
R  INDICATES RECORD WAS SET OR TIED.
MM INDICATES DATA IS MISSING.
T  INDICATES TRACE AMOUNT.




$$
