196
CDAK48 PAFC 221248
CLIANC


CLIMATE REPORT
NATIONAL WEATHER SERVICE ANCHORAGE, AK
447 AM AKDT SUN APR 22 2018


...................................

...THE ANCHORAGE AK CLIMATE SUMMARY FOR APRIL 21 2018...

CLIMATE NORMAL PERIOD 1981 TO 2010
CLIMATE RECORD PERIOD 1952 TO 2018


WEATHER ITEM   OBSERVED TIME   RECORD YEAR NORMAL DEPARTURE LAST
                VALUE   (LST)  VALUE       VALUE  FROM      YEAR
                                                  NORMAL
..................................................................
TEMPERATURE (F)
 YESTERDAY
  MAXIMUM         47        MM  58    2016  47      0       54
  MINIMUM         35        MM  17    1972  31      4       30
  AVERAGE         41                        39      2       42

PRECIPITATION (IN)
  YESTERDAY        0.00          0.24 1955   0.02  -0.02
  MONTH TO DATE    0.08                      0.32  -0.24
  SINCE MAR 1      0.90                      0.92  -0.02
  SINCE JAN 1      4.04                      2.37   1.67

SNOWFALL (IN)
  YESTERDAY        0.0           2.3  1955   0.1   -0.1      0.0
  MONTH TO DATE    T                         3.3   -3.3       T
  SINCE MAR 1     10.8                      13.2   -2.4     10.3
  SINCE JUL 1     59.1                      73.5  -14.4     82.4
  SNOW DEPTH       0

DEGREE DAYS
 HEATING
  YESTERDAY       24                               -2
  MONTH TO DATE  557                              -72
  SINCE MAR 1   1705                             -116
  SINCE JUL 1   8429                             -721

 COOLING
  YESTERDAY        0                                0
  MONTH TO DATE    0                                0
  SINCE MAR 1      0                                0
  SINCE JAN 1      0                                0
..................................................................


WIND (MPH)
  HIGHEST WIND SPEED    16   HIGHEST WIND DIRECTION    SE (150)
  HIGHEST GUST SPEED    32   HIGHEST GUST DIRECTION    SE (150)
  AVERAGE WIND SPEED     8.9




RELATIVE HUMIDITY (PERCENT)
 HIGHEST    92
 LOWEST     58
 AVERAGE    75

..........................................................


THE ANCHORAGE AK CLIMATE NORMALS FOR TODAY
                         NORMAL    RECORD    YEAR
 MAXIMUM TEMPERATURE (F)   47        56      2017
                                             2016
                                             2014
 MINIMUM TEMPERATURE (F)   32        18      1972


SUNRISE AND SUNSET
APRIL 22 2018.........SUNRISE   617 AM AKDT  SUNSET   941 PM AKDT
APRIL 23 2018.........SUNRISE   614 AM AKDT  SUNSET   944 PM AKDT


-  INDICATES NEGATIVE NUMBERS.
R  INDICATES RECORD WAS SET OR TIED.
MM INDICATES DATA IS MISSING.
T  INDICATES TRACE AMOUNT.




$$
