000
CDUS41 KCTP 242126
CLIAOO


CLIMATE REPORT
NATIONAL WEATHER SERVICE STATE COLLEGE PA
526 PM EDT THU MAY 24 2018


...................................

...THE ALTOONA CLIMATE SUMMARY FOR MAY 24 2018...
VALID TODAY AS OF 0500 PM LOCAL TIME.

CLIMATE NORMAL PERIOD 1981 TO 2010
CLIMATE RECORD PERIOD 1948 TO 2018


WEATHER ITEM   OBSERVED TIME   RECORD YEAR NORMAL DEPARTURE LAST
                VALUE   (LST)  VALUE       VALUE  FROM      YEAR
                                                  NORMAL
..................................................................
TEMPERATURE (F)
 TODAY
  MAXIMUM         83    329 PM  86    1962  71     12       67
  MINIMUM         54    438 AM  30    1963  50      4       55
  AVERAGE         69                        60      9       61

PRECIPITATION (IN)
  TODAY            0.00          1.09 1978   0.13  -0.13     0.12
  MONTH TO DATE    4.37                      2.87   1.50     3.78
  SINCE MAR 1     10.32                      9.13   1.19    10.39
  SINCE JAN 1     16.55                     13.34   3.21    15.02

DEGREE DAYS
 HEATING
  TODAY            0                         6     -6        4
  MONTH TO DATE   45                       206   -161      195
  SINCE MAR 1   1622                      1554     68     1285
  SINCE JUL 1   5708                      6124   -416     4952

 COOLING
  TODAY            4                         1      3        0
  MONTH TO DATE   80                        14     66       41
  SINCE MAR 1     92                        20     72       61
  SINCE JAN 1     92                        20     72       61
..................................................................


WIND (MPH)
  HIGHEST WIND SPEED     9   HIGHEST WIND DIRECTION     S (190)
  HIGHEST GUST SPEED    12   HIGHEST GUST DIRECTION     E (80)
  AVERAGE WIND SPEED     3.5


SKY COVER
  POSSIBLE SUNSHINE  MM
  AVERAGE SKY COVER 0.0


WEATHER CONDITIONS
 THE FOLLOWING WEATHER WAS RECORDED TODAY.
  NO SIGNIFICANT WEATHER WAS OBSERVED.


RELATIVE HUMIDITY (PERCENT)
 HIGHEST    83           400 AM
 LOWEST     28           200 PM
 AVERAGE    56

..........................................................


THE ALTOONA CLIMATE NORMALS FOR TOMORROW
                         NORMAL    RECORD    YEAR
 MAXIMUM TEMPERATURE (F)   71        86      2015
                                             1991
 MINIMUM TEMPERATURE (F)   50        35      1956


SUNRISE AND SUNSET
MAY 24 2018...........SUNRISE   550 AM EDT   SUNSET   831 PM EDT
MAY 25 2018...........SUNRISE   549 AM EDT   SUNSET   832 PM EDT


-  INDICATES NEGATIVE NUMBERS.
R  INDICATES RECORD WAS SET OR TIED.
MM INDICATES DATA IS MISSING.
T  INDICATES TRACE AMOUNT.




$$
