252
CDUS43 KABR 220623
CLIATY


CLIMATE REPORT
NATIONAL WEATHER SERVICE ABERDEEN SD
122 AM CDT SUN APR 22 2018


...................................

...THE WATERTOWN SD CLIMATE SUMMARY FOR APRIL 21 2018...

CLIMATE NORMAL PERIOD 1981 TO 2010
CLIMATE RECORD PERIOD 1898 TO 2018


WEATHER ITEM   OBSERVED TIME   RECORD YEAR NORMAL DEPARTURE LAST
                VALUE   (LST)  VALUE       VALUE  FROM      YEAR
                                                  NORMAL
..................................................................
TEMPERATURE (F)
 YESTERDAY
  MAXIMUM         55    212 PM  95    1980  59     -4       62
  MINIMUM         35    455 AM  10    1927  34      1       27
  AVERAGE         45                        47     -2       45

PRECIPITATION (IN)
  YESTERDAY        0.00          2.32 2007   0.08  -0.08     0.00
  MONTH TO DATE    0.82                      1.30  -0.48     1.70
  SINCE MAR 1      2.23                      2.41  -0.18     2.03
  SINCE JAN 1      3.08                      3.49  -0.41     2.81

SNOWFALL (IN)
  YESTERDAY        0.0
  MONTH TO DATE   17.5
  SINCE OCT 1     53.1
  SINCE JUL 1     53.1
  SNOW DEPTH       0

DEGREE DAYS
 HEATING
  YESTERDAY       20                        18      2       20
  MONTH TO DATE  779                       488    291      410
  SINCE MAR 1   1933                      1592    341     1487
  SINCE JUL 1   8300                      8003    297     7088

 COOLING
  YESTERDAY        0                         0      0        0
  MONTH TO DATE    0                         0      0        0
  SINCE MAR 1      0                         0      0        0
  SINCE JAN 1      0                         0      0        0
..................................................................


WIND (MPH)
  HIGHEST WIND SPEED    15   HIGHEST WIND DIRECTION     S (170)
  HIGHEST GUST SPEED    19   HIGHEST GUST DIRECTION     S (170)
  AVERAGE WIND SPEED     7.1


SKY COVER
  POSSIBLE SUNSHINE  MM
  AVERAGE SKY COVER 0.5


WEATHER CONDITIONS
 THE FOLLOWING WEATHER WAS RECORDED YESTERDAY.
  NO SIGNIFICANT WEATHER WAS OBSERVED.


RELATIVE HUMIDITY (PERCENT)
 HIGHEST    89           200 AM
 LOWEST     50           100 PM
 AVERAGE    70

..........................................................


THE WATERTOWN SD CLIMATE NORMALS FOR TODAY
                         NORMAL    RECORD    YEAR
 MAXIMUM TEMPERATURE (F)   59        87      1990
 MINIMUM TEMPERATURE (F)   35        18      1956


SUNRISE AND SUNSET
APRIL 22 2018.........SUNRISE   632 AM CDT   SUNSET   823 PM CDT
APRIL 23 2018.........SUNRISE   630 AM CDT   SUNSET   824 PM CDT


-  INDICATES NEGATIVE NUMBERS.
R  INDICATES RECORD WAS SET OR TIED.
MM INDICATES DATA IS MISSING.
T  INDICATES TRACE AMOUNT.




$$
