000
CDUS43 KGRB 230632
CLIAUW


CLIMATE REPORT
NATIONAL WEATHER SERVICE GREEN BAY
131 AM CDT WED MAY 23 2018


...................................

...THE WAUSAU WI CLIMATE SUMMARY FOR MAY 22 2018...

CLIMATE NORMAL PERIOD 1981 TO 2010
CLIMATE RECORD PERIOD 1896 TO 2018


WEATHER ITEM   OBSERVED TIME   RECORD YEAR NORMAL DEPARTURE LAST
                VALUE   (LST)  VALUE       VALUE  FROM      YEAR
                                                  NORMAL
..................................................................
TEMPERATURE (F)
 YESTERDAY
  MAXIMUM         74    418 PM  88    1925  69      5       65
  MINIMUM         50    449 AM  30    1967  46      4       43
                                      1963
  AVERAGE         62                        57      5

PRECIPITATION (IN)
  YESTERDAY        0.00          2.28 1914   0.11  -0.11     0.03
  MONTH TO DATE    2.09                      2.38  -0.29     3.16
  SINCE MAR 1      6.95                      6.87   0.08    11.13
  SINCE JAN 1      9.42                      8.81   0.61    15.07

SNOWFALL (IN)
  YESTERDAY        0.0           0.0    MM   0.0    0.0      0.0
  MONTH TO DATE    0.0                       0.2   -0.2      0.0
  SINCE JUL 1     89.2                      59.6   29.6     60.5
  SNOW DEPTH       0

DEGREE DAYS
 HEATING
  YESTERDAY        3                         8     -5       11
  MONTH TO DATE  131                       246   -115      283
  SINCE MAR 1   2205                      1962    243     1928
  SINCE JUL 1   8293                      8098    195     7154

 COOLING
  YESTERDAY        0                         1     -1        0
  MONTH TO DATE    4                         5     -1        1
  SINCE MAR 1      4                         7     -3        1
  SINCE JAN 1      4                         7     -3        1
..................................................................


WIND (MPH)
  HIGHEST WIND SPEED    13   HIGHEST WIND DIRECTION     W (260)
  HIGHEST GUST SPEED    16   HIGHEST GUST DIRECTION     W (260)
  AVERAGE WIND SPEED     4.6


SKY COVER
  POSSIBLE SUNSHINE  MM
  AVERAGE SKY COVER 0.6


WEATHER CONDITIONS
 THE FOLLOWING WEATHER WAS RECORDED YESTERDAY.
  FOG


RELATIVE HUMIDITY (PERCENT)
 HIGHEST    96           500 AM
 LOWEST     57           400 PM
 AVERAGE    77

..........................................................


THE WAUSAU WI CLIMATE NORMALS FOR TODAY
                         NORMAL    RECORD    YEAR
 MAXIMUM TEMPERATURE (F)   69        88      1975
 MINIMUM TEMPERATURE (F)   46        28      1963
                                             1931


SUNRISE AND SUNSET
MAY 23 2018...........SUNRISE   522 AM CDT   SUNSET   829 PM CDT
MAY 24 2018...........SUNRISE   521 AM CDT   SUNSET   830 PM CDT


-  INDICATES NEGATIVE NUMBERS.
R  INDICATES RECORD WAS SET OR TIED.
MM INDICATES DATA IS MISSING.
T  INDICATES TRACE AMOUNT.




$$
