000
CDUS42 KGSP 262037 RRA
CLIAVL

CLIMATE REPORT
NATIONAL WEATHER SERVICE GREENVILLE-SPARTANBURG SC
435 PM EDT SAT MAY 26 2018


...................................

...THE ASHEVILLE NC CLIMATE SUMMARY FOR MAY 26 2018...
VALID TODAY AS OF 0430 PM LOCAL TIME.

CLIMATE NORMAL PERIOD 1981 TO 2010
CLIMATE RECORD PERIOD 1869 TO 2018


WEATHER ITEM   OBSERVED TIME   RECORD YEAR NORMAL DEPARTURE LAST
                VALUE   (LST)  VALUE       VALUE  FROM      YEAR
                                                  NORMAL
..................................................................
TEMPERATURE (F)
 TODAY
  MAXIMUM         80    220 PM  88    1989  77      3       78
                                      1916
  MINIMUM         67    641 AM  34    1925  54     13       50
  AVERAGE         74                        66      8       64

PRECIPITATION (IN)
  TODAY            0.05          1.15 1906   0.12  -0.07     0.00
  MONTH TO DATE    9.88                      3.02   6.86     6.86
  SINCE MAR 1     17.63                     10.18   7.45    18.43
  SINCE JAN 1     27.24                     17.61   9.63    22.85

SNOWFALL (IN)
  TODAY            0.0           0.0    MM   0.0    0.0      0.0
  MONTH TO DATE    0.0                       0.0    0.0      0.0
  SINCE MAR 1      1.2                       2.6   -1.4      2.1
  SINCE JUL 1     12.0                       9.9    2.1      9.4
  SNOW DEPTH       0

DEGREE DAYS
 HEATING
  TODAY            0                         2     -2        1
  MONTH TO DATE   13                       101    -88       70
  SINCE MAR 1    928                       956    -28      729
  SINCE JUL 1   3778                      4173   -395     3123

 COOLING
  TODAY            9                         3      6        0
  MONTH TO DATE  121                        38     83       48
  SINCE MAR 1    125                        46     79       76
  SINCE JAN 1    129                        46     83       76
..................................................................


WIND (MPH)
  HIGHEST WIND SPEED    15   HIGHEST WIND DIRECTION     N (340)
  HIGHEST GUST SPEED    18   HIGHEST GUST DIRECTION     N (340)
  AVERAGE WIND SPEED     4.3


SKY COVER
  POSSIBLE SUNSHINE  MM
  AVERAGE SKY COVER 0.7


WEATHER CONDITIONS
 THE FOLLOWING WEATHER WAS RECORDED TODAY.
  THUNDERSTORM
  LIGHT RAIN
  FOG


RELATIVE HUMIDITY (PERCENT)
 HIGHEST   100           300 AM
 LOWEST     62           100 PM
 AVERAGE    81

..........................................................


THE ASHEVILLE NC CLIMATE NORMALS FOR TOMORROW
                         NORMAL    RECORD    YEAR
 MAXIMUM TEMPERATURE (F)   77        93      1890
 MINIMUM TEMPERATURE (F)   55        36      1961


SUNRISE AND SUNSET
MAY 26 2018...........SUNRISE   619 AM EDT   SUNSET   836 PM EDT
MAY 27 2018...........SUNRISE   618 AM EDT   SUNSET   837 PM EDT


-  INDICATES NEGATIVE NUMBERS.
R  INDICATES RECORD WAS SET OR TIED.
MM INDICATES DATA IS MISSING.
T  INDICATES TRACE AMOUNT.




$$
