000
CDUS41 KCTP 240630
CLIBFD


CLIMATE REPORT
NATIONAL WEATHER SERVICE STATE COLLEGE PA
230 AM EDT TUE APR 24 2018


...................................

...THE BRADFORD CLIMATE SUMMARY FOR APRIL 23 2018...

CLIMATE NORMAL PERIOD 1981 TO 2010
CLIMATE RECORD PERIOD 1957 TO 2018


WEATHER ITEM   OBSERVED TIME   RECORD YEAR NORMAL DEPARTURE LAST
                VALUE   (LST)  VALUE       VALUE  FROM      YEAR
                                                  NORMAL
..................................................................
TEMPERATURE (F)
 YESTERDAY
  MAXIMUM         69    232 PM  81    1985  58     11       69
  MINIMUM         30    535 AM  18    1989  35     -5       27
  AVERAGE         50                        46      4       48

PRECIPITATION (IN)
  YESTERDAY        0.00          1.19 1977   0.11  -0.11     0.00
  MONTH TO DATE    2.79                      2.72   0.07     4.14
  SINCE MAR 1      5.17                      6.09  -0.92     7.88
  SINCE JAN 1     12.18                     11.73   0.45    14.96

DEGREE DAYS
 HEATING
  YESTERDAY       15                        14      1       17
  MONTH TO DATE  658                       402    256      373
  SINCE MAR 1   1793                      1439    354     1440
  SINCE JUL 1   6889                      7009   -120     6023

 COOLING
  YESTERDAY        0                         0      0        0
  MONTH TO DATE    0                         0      0        1
  SINCE MAR 1      0                         0      0        1
  SINCE JAN 1      0                         0      0        1
..................................................................


WIND (MPH)
  HIGHEST WIND SPEED    18   HIGHEST WIND DIRECTION    SE (130)
  HIGHEST GUST SPEED    26   HIGHEST GUST DIRECTION    SE (130)
  AVERAGE WIND SPEED     7.7


SKY COVER
  POSSIBLE SUNSHINE  MM
  AVERAGE SKY COVER 0.0


WEATHER CONDITIONS
 THE FOLLOWING WEATHER WAS RECORDED YESTERDAY.
  NO SIGNIFICANT WEATHER WAS OBSERVED.


RELATIVE HUMIDITY (PERCENT)
 HIGHEST    63           600 AM
 LOWEST     21           300 PM
 AVERAGE    42

..........................................................


THE BRADFORD CLIMATE NORMALS FOR TODAY
                         NORMAL    RECORD    YEAR
 MAXIMUM TEMPERATURE (F)   59        82      1958
 MINIMUM TEMPERATURE (F)   35        21      2002


SUNRISE AND SUNSET
APRIL 24 2018.........SUNRISE   621 AM EDT   SUNSET   805 PM EDT
APRIL 25 2018.........SUNRISE   619 AM EDT   SUNSET   806 PM EDT


-  INDICATES NEGATIVE NUMBERS.
R  INDICATES RECORD WAS SET OR TIED.
MM INDICATES DATA IS MISSING.
T  INDICATES TRACE AMOUNT.




$$
