000
CDUS46 KHNX 260042
CLIBFL


CLIMATE REPORT
NATIONAL WEATHER SERVICE SAN JOAQUIN VALLEY, CA
525 PM PDT FRI MAY 25 2018


...................................

...THE BAKERSFIELD CLIMATE SUMMARY FOR MAY 25 2018...
VALID AS OF 0400 PM LOCAL TIME.

CLIMATE NORMAL PERIOD 1981 TO 2010
CLIMATE RECORD PERIOD 1889 TO 2018


WEATHER ITEM   OBSERVED TIME   RECORD YEAR NORMAL DEPARTURE LAST
                VALUE   (LST)  VALUE       VALUE  FROM      YEAR
                                                  NORMAL
..................................................................
TEMPERATURE (F)
 TODAY
  MAXIMUM         76    354 PM 106    1982  86    -10       81
  MINIMUM         59    712 AM  39    1893  59      0       60
  AVERAGE         68                        73     -5       71

PRECIPITATION (IN)
  TODAY            0.00          0.60 1902   0.01  -0.01     0.00
  MONTH TO DATE    T                         0.16  -0.16     0.05
  SINCE OCT 1      3.93                      6.25  -2.32     7.81
  SINCE JAN 1      3.86                      4.29  -0.43     4.78

SNOWFALL (IN)
  TODAY            0.0
  MONTH TO DATE    0.0
  SINCE MAR 1      0.0
  SINCE JUL 1      0.0
  SNOW DEPTH       0

DEGREE DAYS
 HEATING
  TODAY            0                         0      0        0
  MONTH TO DATE    2                        30    -28       23
  SINCE MAR 1    257                       398   -141      247
  SINCE JUL 1   1535                      2172   -637     1615

 COOLING
  TODAY            3                         8     -5        6
  MONTH TO DATE  176                       150     26      213
  SINCE MAR 1    303                       216     87      290
  SINCE JAN 1    303                       216     87      292
..................................................................


WIND (MPH)
  HIGHEST WIND SPEED    18   HIGHEST WIND DIRECTION    NW (330)
  HIGHEST GUST SPEED    24   HIGHEST GUST DIRECTION     N (350)
  AVERAGE WIND SPEED    11.7




RELATIVE HUMIDITY (PERCENT)
 HIGHEST    64
 LOWEST     33
 AVERAGE    49

..........................................................


THE BAKERSFIELD CLIMATE NORMALS FOR TOMORROW
                         NORMAL    RECORD    YEAR
 MAXIMUM TEMPERATURE (F)   86       107      1951
 MINIMUM TEMPERATURE (F)   60        40      1918


SUNRISE AND SUNSET
MAY 25 2018...........SUNRISE   545 AM PDT   SUNSET   801 PM PDT
MAY 26 2018...........SUNRISE   545 AM PDT   SUNSET   802 PM PDT


-  INDICATES NEGATIVE NUMBERS.
R  INDICATES RECORD WAS SET OR TIED.
MM INDICATES DATA IS MISSING.
T  INDICATES TRACE AMOUNT.




$$
