000
CDUS44 KAMA 230633
CLIBGD


CLIMATE REPORT
NATIONAL WEATHER SERVICE AMARILLO TX
132 AM CDT WED MAY 23 2018


...................................

...THE BORGER CLIMATE SUMMARY FOR MAY 22 2018...

CLIMATE NORMAL PERIOD 1981 TO 2010
CLIMATE RECORD PERIOD 1949 TO 2018


WEATHER ITEM   OBSERVED TIME   RECORD YEAR NORMAL DEPARTURE LAST
                VALUE   (LST)  VALUE       VALUE  FROM      YEAR
                                                  NORMAL
..................................................................
TEMPERATURE (F)
 YESTERDAY
  MAXIMUM         88    306 PM 100    1996  83      5       68
  MINIMUM         64    631 AM  39    1967  57      7       53
  AVERAGE         76                        70      6       61

PRECIPITATION (IN)
  YESTERDAY        0.00          1.14 1975   0.12  -0.12     0.41
  MONTH TO DATE    0.95                      1.74  -0.79     1.13
  SINCE MAR 1      2.02                      4.69  -2.67     7.64
  SINCE JAN 1      2.03                      5.90  -3.87    11.12

SNOWFALL (IN)
  YESTERDAY        0.0           T    1950                   0.0
  MONTH TO DATE    0.0                                       0.0
  SINCE MAR 1      0.0                                       1.1
  SINCE JUL 1      2.0                                       4.7
  SNOW DEPTH       0

DEGREE DAYS
 HEATING
  YESTERDAY        0                         1     -1        4
  MONTH TO DATE    3                        55    -52       62
  SINCE MAR 1    609                       765   -156      569
  SINCE JUL 1   3270                      3758   -488     2904

 COOLING
  YESTERDAY       11                         6      5        0
  MONTH TO DATE  236                        90    146       79
  SINCE MAR 1    293                       134    159      180
  SINCE JAN 1    293                       134    159      194
..................................................................


WIND (MPH)
  RESULTANT WIND SPEED  10   RESULTANT WIND DIRECTION   S (170)
  HIGHEST WIND SPEED    21   HIGHEST WIND DIRECTION    SE (140)
  HIGHEST GUST SPEED    28   HIGHEST GUST DIRECTION    SE (140)
  AVERAGE WIND SPEED    11.6


SKY COVER
  AVERAGE SKY COVER 0.2


WEATHER CONDITIONS
 THE FOLLOWING WEATHER WAS RECORDED YESTERDAY.
  NO SIGNIFICANT WEATHER WAS OBSERVED.


RELATIVE HUMIDITY (PERCENT)
 HIGHEST    78           200 AM
 LOWEST     26           200 PM
 AVERAGE    52

..........................................................


THE BORGER CLIMATE NORMALS FOR TODAY
                         NORMAL    RECORD    YEAR
 MAXIMUM TEMPERATURE (F)   83       103      2000
 MINIMUM TEMPERATURE (F)   58        44      1967


SUNRISE AND SUNSET
MAY 23 2018...........SUNRISE   635 AM CDT   SUNSET   850 PM CDT
MAY 24 2018...........SUNRISE   635 AM CDT   SUNSET   851 PM CDT


-  INDICATES NEGATIVE NUMBERS.
R  INDICATES RECORD WAS SET OR TIED.
MM INDICATES DATA IS MISSING.
T  INDICATES TRACE AMOUNT.




$$
