662
CDUS44 KOHX 230030
CLIBNA


CLIMATE REPORT
NATIONAL WEATHER SERVICE NASHVILLE TN
730 PM CDT TUE MAY 22 2018


...................................

...THE NASHVILLE CLIMATE SUMMARY FOR MAY 22 2018...
VALID TODAY AS OF 0700 PM LOCAL TIME.

CLIMATE NORMAL PERIOD 1981 TO 2010
CLIMATE RECORD PERIOD 1871 TO 2018


WEATHER ITEM   OBSERVED TIME   RECORD YEAR NORMAL DEPARTURE
                VALUE   (LST)  VALUE       VALUE  FROM
                                                  NORMAL
...............................................................
TEMPERATURE (F)
 TODAY
  MAXIMUM         87   1146 AM  95    1941  80      7
  MINIMUM         66    502 AM  41    2002  59      7
  AVERAGE         77                        69      8

PRECIPITATION (IN)
  TODAY            0.39          2.56 1974   0.16   0.23
  MONTH TO DATE    4.65                      4.04   0.61
  SINCE JAN 1     27.58                     19.84   7.74

SNOWFALL (IN)
  TODAY            0.0           0.0  2002
                                      2001
  MONTH TO DATE    0.0
  SINCE MAR 1      0.6
  SINCE JUL 1      3.0

DEGREE DAYS
 HEATING
  TODAY            0                               -1
  MONTH TO DATE    1                              -48
  SINCE MAR 1    740                                1
  SINCE JUL 1   3387                             -290

 COOLING
  TODAY           12                                7
  MONTH TO DATE  213                              136
  SINCE MAR 1    226                              104
  SINCE JAN 1    247                              125
...............................................................


WIND (MPH)
  HIGHEST WIND SPEED    26   HIGHEST WIND DIRECTION     N (360)
  HIGHEST GUST SPEED    33   HIGHEST GUST DIRECTION     N (350)
  AVERAGE WIND SPEED     5.5




RELATIVE HUMIDITY (PERCENT)
 HIGHEST    87
 LOWEST     58
 AVERAGE    73

..........................................................


THE NASHVILLE CLIMATE NORMALS FOR TOMORROW
                         NORMAL    RECORD    YEAR
 MAXIMUM TEMPERATURE (F)   80        91      2010
                                             1970
                                             1921
 MINIMUM TEMPERATURE (F)   59        42      1917


SUNRISE AND SUNSET
MAY 22 2018...........SUNRISE   536 AM CDT   SUNSET   751 PM CDT
MAY 23 2018...........SUNRISE   535 AM CDT   SUNSET   752 PM CDT


-  INDICATES NEGATIVE NUMBERS.
R  INDICATES RECORD WAS SET OR TIED.
MM INDICATES DATA IS MISSING.
T  INDICATES TRACE AMOUNT.




$$
