017
CDAK49 PAFG 230941
CLIBRW

CLIMATE REPORT
NATIONAL WEATHER SERVICE FAIRBANKS AK
141 AM AKDT WED MAY 23 2018


...................................

...THE BARROW AK CLIMATE SUMMARY FOR MAY 22 2018...

CLIMATE NORMAL PERIOD 1981 TO 2010
CLIMATE RECORD PERIOD 1920 TO 2018


WEATHER ITEM   OBSERVED TIME   RECORD YEAR NORMAL DEPARTURE LAST
                VALUE   (LST)  VALUE       VALUE  FROM      YEAR
                                                  NORMAL
..................................................................
TEMPERATURE (F)
 YESTERDAY
  MAXIMUM         26    518 PM  42    1965  29     -3       27
  MINIMUM         21    800 AM   2    1924  21      0       21
  AVERAGE         24                        25     -1       24

PRECIPITATION (IN)
  YESTERDAY        0.00          0.03 2004   0.00   0.00      T
                                      1960
                                      1925
  MONTH TO DATE    0.08                      0.11  -0.03     0.19
  SINCE MAR 1      0.68                      0.36   0.32     0.49
  SINCE JAN 1      1.08                      0.63   0.45     1.36

SNOWFALL (IN)
  YESTERDAY        0.0           0.4  2003   0.1   -0.1       T
                                      1925
  MONTH TO DATE    1.0                       2.0   -1.0      3.2
  SINCE MAR 1      7.7                       7.3    0.4      6.2
  SINCE JUL 1     34.9                      36.3   -1.4     33.1
  SNOW DEPTH       7

DEGREE DAYS
 HEATING
  YESTERDAY       41                        40      1       41
  MONTH TO DATE  981                      1020    -39      936
  SINCE MAR 1   4765                      5323   -558     4915
  SINCE JUL 1  15368                     18180  -2812    15877

 COOLING
  YESTERDAY        0                         0      0        0
  MONTH TO DATE    0                         0      0        0
  SINCE MAR 1      0                         0      0        0
  SINCE JAN 1      0                         0      0        0
..................................................................


WIND (MPH)
  HIGHEST GUST SPEED    27   HIGHEST GUST DIRECTION     E (70)


SKY COVER
  AVERAGE SKY COVER 0.8


WEATHER CONDITIONS
 THE FOLLOWING WEATHER WAS RECORDED YESTERDAY.
  NO SIGNIFICANT WEATHER WAS OBSERVED.


RELATIVE HUMIDITY (PERCENT)
 HIGHEST    96
 LOWEST     81
 AVERAGE    89

..........................................................


THE BARROW AK CLIMATE NORMALS FOR TODAY
                         NORMAL    RECORD    YEAR
 MAXIMUM TEMPERATURE (F)   29        47      1996
 MINIMUM TEMPERATURE (F)   21        -1      1954


SUNRISE AND SUNSET
MAY 23 2018...........SUN ABOVE VISIBLE HORIZON.
MAY 24 2018...........SUN ABOVE VISIBLE HORIZON.

-  INDICATES NEGATIVE NUMBERS.
R  INDICATES RECORD WAS SET OR TIED.
MM INDICATES DATA IS MISSING.
T  INDICATES TRACE AMOUNT.

&&

SNOW DEPTH IS MEASURED AT 3AM AKST/4AM AKDT.

----------------------------
AVAILABLE DAYLIGHT

AMOUNT OF DAYLIGHT TODAY  (HOUR:MIN)........24:00
GAIN/LOSS SINCE YESTERDAY (HOUR:MIN:SEC)....+0:00:00

$$
THR MAY 18
