000
CDUS46 KLOX 251245
CLIBUR


CLIMATE REPORT
NATIONAL WEATHER SERVICE LOS ANGELES/OXNARD CA
545 AM PDT WED APR 25 2018


...................................

...THE BOB HOPE AIRPORT (BURBANK) CA CLIMATE SUMMARY FOR APRIL 24 2018...

CLIMATE NORMAL PERIOD 1981 TO 2010
CLIMATE RECORD PERIOD 1939 TO 2018


WEATHER ITEM   OBSERVED TIME   RECORD YEAR NORMAL DEPARTURE LAST
                VALUE   (LST)  VALUE       VALUE  FROM      YEAR
                                                  NORMAL
..................................................................
TEMPERATURE (F)
 YESTERDAY
  MAXIMUM         78    138 PM  93    1965  74      4       72
  MINIMUM         54    624 AM  39    1978  51      3       56
  AVERAGE         66                        63      3       64

PRECIPITATION (IN)
  YESTERDAY        0.00          0.33 1967   0.03  -0.03     0.00
  MONTH TO DATE    T                         0.95  -0.95     0.09
  SINCE OCT 1      6.23                     16.37 -10.14    13.70
  SINCE JAN 1      6.15                     11.93  -5.78     9.44

SNOWFALL (IN)
  YESTERDAY        0.0
  MONTH TO DATE    0.0
  SINCE MAR 1      0.0
  SINCE JUL 1      0.0

DEGREE DAYS
 HEATING
  YESTERDAY        0                         4     -4        1
  MONTH TO DATE   47                       119    -72       38
  SINCE MAR 1    245                       337    -92      126
  SINCE JUL 1    751                      1478   -727     1119

 COOLING
  YESTERDAY        1                         2     -1        0
  MONTH TO DATE   53                        27     26       41
  SINCE MAR 1     60                        37     23      107
  SINCE JAN 1     94                        43     51      108
..................................................................


WIND (MPH)
  HIGHEST WIND SPEED    14   HIGHEST WIND DIRECTION     S (180)
  HIGHEST GUST SPEED    18   HIGHEST GUST DIRECTION     E (110)
  AVERAGE WIND SPEED     6.5


SKY COVER
  POSSIBLE SUNSHINE  MM
  AVERAGE SKY COVER 0.0


WEATHER CONDITIONS
 THE FOLLOWING WEATHER WAS RECORDED YESTERDAY.
  FOG
  HAZE


RELATIVE HUMIDITY (PERCENT)
 HIGHEST    93           200 AM
 LOWEST     27           400 PM
 AVERAGE    60

..........................................................


THE BOB HOPE AIRPORT (BURBANK) CA CLIMATE NORMALS FOR TODAY
                         NORMAL    RECORD    YEAR
 MAXIMUM TEMPERATURE (F)   74        94      2004
 MINIMUM TEMPERATURE (F)   52        37      1974


SUNRISE AND SUNSET
APRIL 25 2018.........SUNRISE   610 AM PDT   SUNSET   733 PM PDT
APRIL 26 2018.........SUNRISE   609 AM PDT   SUNSET   734 PM PDT


-  INDICATES NEGATIVE NUMBERS.
R  INDICATES RECORD WAS SET OR TIED.
MM INDICATES DATA IS MISSING.
T  INDICATES TRACE AMOUNT.




$$
