000
CDUS45 KABQ 260828
CLICAO


CLIMATE REPORT
NATIONAL WEATHER SERVICE ALBUQUERQUE NM
228 AM MDT THU APR 26 2018


...................................

...THE CLAYTON  NM CLIMATE SUMMARY FOR APRIL 25 2018...

CLIMATE NORMAL PERIOD 1981 TO 2010
CLIMATE RECORD PERIOD 1896 TO 2018


WEATHER ITEM   OBSERVED TIME   RECORD YEAR NORMAL DEPARTURE
                VALUE   (LST)  VALUE       VALUE  FROM
                                                  NORMAL
...............................................................
TEMPERATURE (F)
 YESTERDAY
  MAXIMUM         66    421 PM  90    2012  70     -4
  MINIMUM         34    244 AM  22    1950  41     -7
  AVERAGE         50                        55     -5

PRECIPITATION (IN)
  YESTERDAY        0.01          0.39 2004   0.04  -0.03
  MONTH TO DATE    1.01                      0.76   0.25
  SINCE MAR 1      1.08                      1.71  -0.63
  SINCE JAN 1      1.11                      2.33  -1.22

SNOWFALL (IN)
  YESTERDAY       MM
  MONTH TO DATE    T
  SINCE MAR 1      T
  SINCE JUL 1      0.8

DEGREE DAYS
 HEATING
  YESTERDAY       15                        10      5
  MONTH TO DATE  418                       338     80
  SINCE MAR 1    985                       982      3
  SINCE JUL 1   4365                      4659   -294

 COOLING
  YESTERDAY        0                         0      0
  MONTH TO DATE    6                         0      6
  SINCE MAR 1      6                         1      5
  SINCE JAN 1      6                         1      5
...............................................................


WIND (MPH)
  HIGHEST WIND SPEED    22   HIGHEST WIND DIRECTION     N (10)
  HIGHEST GUST SPEED    27   HIGHEST GUST DIRECTION     N (10)
  AVERAGE WIND SPEED    11.5


SKY COVER
  AVERAGE SKY COVER 0.3


WEATHER CONDITIONS
 THE FOLLOWING WEATHER WAS RECORDED YESTERDAY.
  LIGHT SNOW
  FOG


RELATIVE HUMIDITY (PERCENT)
 HIGHEST   100           200 AM
 LOWEST     18           400 PM
 AVERAGE    59

..........................................................


THE CLAYTON  NM CLIMATE NORMALS FOR TODAY
                         NORMAL    RECORD    YEAR
 MAXIMUM TEMPERATURE (F)   70        90      1927
 MINIMUM TEMPERATURE (F)   41        21      1924


SUNRISE AND SUNSET
APRIL 26 2018.........SUNRISE   605 AM MDT   SUNSET   736 PM MDT
APRIL 27 2018.........SUNRISE   604 AM MDT   SUNSET   737 PM MDT


-  INDICATES NEGATIVE NUMBERS.
R  INDICATES RECORD WAS SET OR TIED.
MM INDICATES DATA IS MISSING.
T  INDICATES TRACE AMOUNT.




$$
