000
CDUS43 KDVN 262121
CLICID


CLIMATE REPORT
NATIONAL WEATHER SERVICE QUAD CITIES IA IL
420 PM CDT THU APR 26 2018


...................................

...THE CEDAR RAPIDS IA CLIMATE SUMMARY FOR APRIL 26 2018...
VALID TODAY AS OF 0400 PM LOCAL TIME.

CLIMATE NORMAL PERIOD 1981 TO 2010
CLIMATE RECORD PERIOD 1891 TO 2018


WEATHER ITEM   OBSERVED TIME   RECORD YEAR NORMAL DEPARTURE LAST
                VALUE   (LST)  VALUE       VALUE  FROM      YEAR
                                                  NORMAL
..................................................................
TEMPERATURE (F)
 TODAY
  MAXIMUM         73    223 PM  86    1986  65      8       60
  MINIMUM         36    452 AM  24    1907  42     -6       40
  AVERAGE         55                        53      2       50

PRECIPITATION (IN)
  TODAY            0.00         MM      MM   0.11  -0.11     0.32
  MONTH TO DATE    0.43                      2.56  -2.13     2.83
  SINCE MAR 1      2.33                      4.66  -2.33     5.08
  SINCE JAN 1      4.36                      6.80  -2.44     7.25

DEGREE DAYS
 HEATING
  TODAY           10                        12     -2       15
  MONTH TO DATE  653                       437    216      284
  SINCE MAR 1   1566                      1318    248     1140
  SINCE JUL 1   6621                      6601     20     5416

 COOLING
  TODAY            0                         0      0        0
  MONTH TO DATE    0                         0      0        9
  SINCE MAR 1      0                         0      0        9
  SINCE JAN 1      0                         0      0        9
..................................................................


WIND (MPH)
  HIGHEST WIND SPEED    18   HIGHEST WIND DIRECTION     W (260)
  HIGHEST GUST SPEED    26   HIGHEST GUST DIRECTION     W (260)
  AVERAGE WIND SPEED     6.2


SKY COVER
  POSSIBLE SUNSHINE  MM
  AVERAGE SKY COVER 0.0


WEATHER CONDITIONS
 THE FOLLOWING WEATHER WAS RECORDED TODAY.
  HAZE


RELATIVE HUMIDITY (PERCENT)
 HIGHEST    82           500 AM
 LOWEST     20           200 PM
 AVERAGE    51

..........................................................


THE CEDAR RAPIDS IA CLIMATE NORMALS FOR TOMORROW
                         NORMAL    RECORD    YEAR
 MAXIMUM TEMPERATURE (F)   65        90      1981
 MINIMUM TEMPERATURE (F)   42        24      1933


SUNRISE AND SUNSET
APRIL 26 2018.........SUNRISE   610 AM CDT   SUNSET   800 PM CDT
APRIL 27 2018.........SUNRISE   608 AM CDT   SUNSET   801 PM CDT


-  INDICATES NEGATIVE NUMBERS.
R  INDICATES RECORD WAS SET OR TIED.
MM INDICATES DATA IS MISSING.
T  INDICATES TRACE AMOUNT.




$$
