000
CDUS41 KILN 222104
CLICMH


CLIMATE REPORT
NATIONAL WEATHER SERVICE WILMINGTON OH
502 PM EDT TUE MAY 22 2018


...................................

...THE COLUMBUS OH CLIMATE SUMMARY FOR MAY 22 2018...
VALID TODAY AS OF 0500 PM LOCAL TIME.

CLIMATE NORMAL PERIOD 1981 TO 2010
CLIMATE RECORD PERIOD 1869 TO 2018


WEATHER ITEM   OBSERVED TIME   RECORD YEAR NORMAL DEPARTURE LAST
                VALUE   (LST)  VALUE       VALUE  FROM      YEAR
                                                  NORMAL
..................................................................
TEMPERATURE (F)
 TODAY
  MAXIMUM         82    405 PM  93    1941  75      7       68
  MINIMUM         66    436 AM  33    2002  54     12       52
  AVERAGE         74                        64     10       60

PRECIPITATION (IN)
  TODAY            0.18          1.48 1960   0.14   0.04     0.00
  MONTH TO DATE    2.24                      2.87  -0.63     4.34
  SINCE MAR 1     10.43                      9.29   1.14    12.32
  SINCE JAN 1     18.07                     14.27   3.80    17.78

SNOWFALL (IN)
  TODAY            0.0           0.0    MM   0.0    0.0      0.0
  MONTH TO DATE    0.0                       0.0    0.0      0.0
  SINCE MAR 1      6.1                       5.3    0.8      1.7
  SINCE JUL 1     30.7                      26.7    4.0      9.3
  SNOW DEPTH       0

DEGREE DAYS
 HEATING
  TODAY            0                         4     -4        5
  MONTH TO DATE   10                       121   -111      132
  SINCE MAR 1   1345                      1208    137      999
  SINCE JUL 1   5192                      5203    -11     4268

 COOLING
  TODAY            9                         3      6        0
  MONTH TO DATE  128                        38     90       47
  SINCE MAR 1    137                        50     87       91
  SINCE JAN 1    141                        50     91       95
..................................................................


WIND (MPH)
  HIGHEST WIND SPEED    15   HIGHEST WIND DIRECTION    SW (220)
  HIGHEST GUST SPEED    22   HIGHEST GUST DIRECTION    SW (220)
  AVERAGE WIND SPEED     8.1


SKY COVER
  POSSIBLE SUNSHINE  MM
  AVERAGE SKY COVER 0.9


WEATHER CONDITIONS
 THE FOLLOWING WEATHER WAS RECORDED TODAY.
  HEAVY RAIN
  LIGHT RAIN
  FOG


RELATIVE HUMIDITY (PERCENT)
 HIGHEST    93          1200 AM
 LOWEST     62           200 PM
 AVERAGE    78

..........................................................


THE COLUMBUS OH CLIMATE NORMALS FOR TOMORROW
                         NORMAL    RECORD    YEAR
 MAXIMUM TEMPERATURE (F)   75        90      1939
 MINIMUM TEMPERATURE (F)   54        34      1963


SUNRISE AND SUNSET
MAY 22 2018...........SUNRISE   611 AM EDT   SUNSET   846 PM EDT
MAY 23 2018...........SUNRISE   610 AM EDT   SUNSET   847 PM EDT


-  INDICATES NEGATIVE NUMBERS.
R  INDICATES RECORD WAS SET OR TIED.
MM INDICATES DATA IS MISSING.
T  INDICATES TRACE AMOUNT.




$$
