000
CDUS43 KICT 260625
CLICNU

CLIMATE REPORT
NATIONAL WEATHER SERVICE WICHITA KS
124 AM CDT SAT MAY 26 2018


...................................

...THE CHANUTE KS CLIMATE SUMMARY FOR MAY 25 2018...

CLIMATE NORMAL PERIOD 1981 TO 2010
CLIMATE RECORD PERIOD 1894 TO 2018


WEATHER ITEM   OBSERVED TIME   RECORD YEAR NORMAL DEPARTURE LAST
                VALUE   (LST)  VALUE       VALUE  FROM      YEAR
                                                  NORMAL
..................................................................
TEMPERATURE (F)
 YESTERDAY
  MAXIMUM         86    328 PM  92    1964  78      8       79
  MINIMUM         68   1159 PM  38    1925  59      9       45
  AVERAGE         77                        68      9       62

PRECIPITATION (IN)
  YESTERDAY        0.02          2.88 1982   0.20  -0.18     0.00
  MONTH TO DATE    7.43                      4.49   2.94     5.87
  SINCE MAR 1     10.02                     11.93  -1.91    18.91
  SINCE JAN 1     12.63                     15.09  -2.46    21.06

DEGREE DAYS
 HEATING
  YESTERDAY        0                         1     -1        3
  MONTH TO DATE    0                        70    -70       65
  SINCE MAR 1    941                       900     41      684
  SINCE JUL 1   4287                      4472   -185     3452

 COOLING
  YESTERDAY       12                         5      7        0
  MONTH TO DATE  199                        70    129       69
  SINCE MAR 1    208                       101    107      124
  SINCE JAN 1    208                       101    107      127
..................................................................


WIND (MPH)
  HIGHEST WIND SPEED    14   HIGHEST WIND DIRECTION     W (290)
  HIGHEST GUST SPEED    18   HIGHEST GUST DIRECTION    NW (300)
  AVERAGE WIND SPEED     6.0


SKY COVER
  POSSIBLE SUNSHINE  MM
  AVERAGE SKY COVER 0.3


WEATHER CONDITIONS
 THE FOLLOWING WEATHER WAS RECORDED YESTERDAY.
  NO SIGNIFICANT WEATHER WAS OBSERVED.


RELATIVE HUMIDITY (PERCENT)
 HIGHEST    97           500 AM
 LOWEST     59           200 PM
 AVERAGE    78

..........................................................


THE CHANUTE KS CLIMATE NORMALS FOR TODAY
                         NORMAL    RECORD    YEAR
 MAXIMUM TEMPERATURE (F)   78        94      1953
 MINIMUM TEMPERATURE (F)   59        40      1901


SUNRISE AND SUNSET
MAY 26 2018...........SUNRISE   605 AM CDT   SUNSET   834 PM CDT
MAY 27 2018...........SUNRISE   604 AM CDT   SUNSET   834 PM CDT


-  INDICATES NEGATIVE NUMBERS.
R  INDICATES RECORD WAS SET OR TIED.
MM INDICATES DATA IS MISSING.
T  INDICATES TRACE AMOUNT.




$$
